{"id":26,"date":"2014-09-18T12:24:32","date_gmt":"2014-09-18T10:24:32","guid":{"rendered":"http:\/\/agora.xtec.cat\/ceip-santjordi-lleida\/?page_id=26"},"modified":"2017-07-06T09:40:10","modified_gmt":"2017-07-06T07:40:10","slug":"historia","status":"publish","type":"page","link":"https:\/\/agora.xtec.cat\/ceip-santjordi-lleida\/lescola\/historia\/","title":{"rendered":"Hist\u00f2ria"},"content":{"rendered":"<p><span style=\"font-weight: 400;\">El col\u00b7legi va sorgir com una possible soluci\u00f3 a la manca de centres escolars que hi havia pels comen\u00e7aments dels anys cinquanta a Lleida. Es va constituir en un centre de prim\u00e0ria i de batxillerat.<\/span><\/p>\n<p>&nbsp;<\/p>\n<p><span style=\"font-weight: 400;\">El col\u00b7legi ha passat per diferents situacions i els nois i les noies s&#8217;han passejat per diferents indrets i edificis.<\/span><\/p>\n<p><span style=\"font-weight: 400;\">El primer lloc estava ubicat al Carrer Canonge Gonz\u00e0lez cantonada amb Carrer Germanetes (aquest edifici havia estat la resid\u00e8ncia de la fam\u00edlia del President Maci\u00e0 a Lleida, fins a l&#8217;entrada dels Nacionals a la nostra ciutat).<\/span><\/p>\n<p><span style=\"font-weight: 400;\">Despr\u00e9s d&#8217;uns anys es va traslladar a Gualda, on avui hi ha un magatzem de flor natural.Des de finals dels anys setanta fins el curs 1985-86 es va transformar en Cooperativa de Pares i Professors, i despr\u00e9s va integrar-se a la Xarxa d&#8217;Escoles P\u00fabliques de Catalunya.<\/span><\/p>\n<p><span style=\"font-weight: 400;\">Des dels seus or\u00edgens, el Col\u00b7legi Sant Jordi ha basat la seva tasca en una educaci\u00f3 integral, en la defensa de la catalanitat i la recerca educativa.Avui podem trobar gent que digui que el col\u00b7legi ha canviat molt, i segurament \u00e9s cert.<\/span><\/p>\n<p>&nbsp;<\/p>\n<p><span style=\"font-weight: 400;\">Ha canviat l&#8217;aspecte f\u00edsic &#8211; un edifici molt funcional i nou &#8211; , ara \u00e9s una escola d&#8217;infantil i de prim\u00e0ria, \u00e9s una escola p\u00fablica,&#8230; i hi ha pares i mares que van estudiar al <\/span><a href=\"http:\/\/www.xtec.cat\/centres\/c5006276\/imatges\/004primaria.jpg\"><span style=\"font-weight: 400;\">&#8220;Sant Jordi&#8221;<\/span><\/a><span style=\"font-weight: 400;\"> i que han volgut, tamb\u00e9 ara, portar-hi els seus fills i filles<\/span><\/p>\n","protected":false},"excerpt":{"rendered":"<p>El col\u00b7legi va sorgir com una possible soluci\u00f3 a la manca de centres escolars que hi havia pels comen\u00e7aments dels anys cinquanta a Lleida. Es va constituir en un centre de prim\u00e0ria i de batxillerat.<br \/>\n&nbsp;<br \/>\nEl col\u00b7legi ha passat per diferents situacions i els nois i&hellip;  <a href=\"https:\/\/agora.xtec.cat\/ceip-santjordi-lleida\/lescola\/historia\/\" title=\"Read Hist\u00f2ria\">Llegeix m\u00e9s\u00bb<\/a><\/p>\n","protected":false},"author":1,"featured_media":0,"parent":22,"menu_order":2,"comment_status":"closed","ping_status":"closed","template":"page-templates\/side-menu.php","meta":{"_bbp_topic_count":0,"_bbp_reply_count":0,"_bbp_total_topic_count":0,"_bbp_total_reply_count":0,"_bbp_voice_count":0,"_bbp_anonymous_reply_count":0,"_bbp_topic_count_hidden":0,"_bbp_reply_count_hidden":0,"_bbp_forum_subforum_count":0,"footnotes":""},"class_list":["post-26","page","type-page","status-publish","hentry"],"post_mailing_queue_ids":[],"_links":{"self":[{"href":"https:\/\/agora.xtec.cat\/ceip-santjordi-lleida\/wp-json\/wp\/v2\/pages\/26","targetHints":{"allow":["GET"]}}],"collection":[{"href":"https:\/\/agora.xtec.cat\/ceip-santjordi-lleida\/wp-json\/wp\/v2\/pages"}],"about":[{"href":"https:\/\/agora.xtec.cat\/ceip-santjordi-lleida\/wp-json\/wp\/v2\/types\/page"}],"author":[{"embeddable":true,"href":"https:\/\/agora.xtec.cat\/ceip-santjordi-lleida\/wp-json\/wp\/v2\/users\/1"}],"replies":[{"embeddable":true,"href":"https:\/\/agora.xtec.cat\/ceip-santjordi-lleida\/wp-json\/wp\/v2\/comments?post=26"}],"version-history":[{"count":2,"href":"https:\/\/agora.xtec.cat\/ceip-santjordi-lleida\/wp-json\/wp\/v2\/pages\/26\/revisions"}],"predecessor-version":[{"id":18267,"href":"https:\/\/agora.xtec.cat\/ceip-santjordi-lleida\/wp-json\/wp\/v2\/pages\/26\/revisions\/18267"}],"up":[{"embeddable":true,"href":"https:\/\/agora.xtec.cat\/ceip-santjordi-lleida\/wp-json\/wp\/v2\/pages\/22"}],"wp:attachment":[{"href":"https:\/\/agora.xtec.cat\/ceip-santjordi-lleida\/wp-json\/wp\/v2\/media?parent=26"}],"curies":[{"name":"wp","href":"https:\/\/api.w.org\/{rel}","templated":true}]}}