{"id":21516,"date":"2017-09-14T13:42:59","date_gmt":"2017-09-14T11:42:59","guid":{"rendered":"http:\/\/agora.xtec.cat\/ceip-santjordi-lleida\/?page_id=21516"},"modified":"2025-09-01T11:43:23","modified_gmt":"2025-09-01T09:43:23","slug":"qui-som","status":"publish","type":"page","link":"https:\/\/agora.xtec.cat\/ceip-santjordi-lleida\/lescola\/qui-som\/","title":{"rendered":"Qui som"},"content":{"rendered":"<h4><strong>El nostre claustre<\/strong><\/h4>\n<p>Treballem per l\u2019educaci\u00f3 dels infants de 3 a 12 anys amb la il\u00b7lusi\u00f3 que esdevinguin\u00a0 persones responsables, compromeses amb la societat i el medi ambient, cr\u00edtics i h\u00e0bils en l\u2019\u00fas de valors democr\u00e0tics. Treballem perqu\u00e8 l\u2019aprenentatge estigui vinculat a l\u2019entorn. Ens preocupa la sostenibilitat del planeta, especialment la del nostre centre. Ens agradaria \u00a0que la nostra escola an\u00e9s consolidant l\u2019estructura democr\u00e0tica i participativa que ha anat construint al llarg del temps.<\/p>\n<p>El m\u00e9s important per nosaltres s\u00f3n les persones, per aix\u00f2 ens proposem atendre la diversitat del nostre alumnat, la formaci\u00f3 integral de cada una o cada un d\u2019ells, el respecte a la seva idiosincr\u00e0sia i la de les fam\u00edlies. Ens proposem que visquin un model de gesti\u00f3 democr\u00e0tica, que puguin expressar les seves opinions i trobin espais per fer-ho.<\/p>\n<p>Ens agrada crear una l\u00ednia d\u2019escola i un bon clima de treball, incorporant a l\u2019equip els i les professionals que arriben de nou.<\/p>\n<p>Obrim les portes del centre a les persones de tots els sectors de la comunitat que hi vulguin participar.<\/p>\n<p>Tamb\u00e9 vetllem perqu\u00e8 l\u2019escola, catalana des de fa 60 anys mantingui la llengua que li \u00e9s pr\u00f2pia en tots els \u00e0mbits.<\/p>\n<p>Treballem per tal d\u2019aconseguir que l\u2019alumnat vagi assolint les capacitats i compet\u00e8ncies b\u00e0siques per tal de millorar el seu rendiment en l\u2019aprenentatge, partint sempre de la seva diversitat i acompanyant el seu desenvolupament personal.<\/p>\n<p><strong>Consell de direcci\u00f3<\/strong><\/p>\n<table style=\"height: 155px;\">\n<tbody>\n<tr style=\"height: 31px;\">\n<td style=\"height: 31px; width: 213px;\">Marta Casamiquela<\/td>\n<td style=\"height: 31px; width: 208px;\">Directora<\/td>\n<\/tr>\n<tr style=\"height: 31px;\">\n<td style=\"height: 31px; width: 213px;\">Irene Sol\u00e9<\/td>\n<td style=\"height: 31px; width: 208px;\">Cap d\u2019Estudis<\/td>\n<\/tr>\n<tr style=\"height: 31px;\">\n<td style=\"height: 31px; width: 213px;\">Jennyfer Fortu\u00f1o<\/td>\n<td style=\"height: 31px; width: 208px;\">Secret\u00e0ria<\/td>\n<\/tr>\n<tr style=\"height: 31px;\">\n<td style=\"height: 31px; width: 213px;\">Carme Rubi\u00f3<\/td>\n<td style=\"height: 31px; width: 208px;\">Coordinadora d\u2019Infantil<\/td>\n<\/tr>\n<tr style=\"height: 31px;\">\n<td style=\"height: 31px; width: 213px;\">Gerard Calder\u00f3<\/td>\n<td style=\"height: 31px; width: 208px;\">Coordinador Prim\u00e0ria<\/td>\n<\/tr>\n<\/tbody>\n<\/table>\n<p><strong>Coordinacions<\/strong><\/p>\n<table style=\"width: 44.3981%; height: 224px;\">\n<tbody>\n<tr style=\"height: 32px;\">\n<td style=\"height: 32px;\"><span style=\"font-weight: 400;\">Pla catal\u00e0 de l\u2019esport<\/span><\/td>\n<td style=\"height: 32px;\"><span style=\"font-weight: 400;\">Albert Dom\u00e8nech<\/span><\/td>\n<\/tr>\n<tr style=\"height: 32px;\">\n<td style=\"height: 32px;\"><span style=\"font-weight: 400;\">Pla Educatiu d\u2019Entorn<\/span><\/td>\n<td style=\"height: 32px;\"><span style=\"font-weight: 400;\">Marta Casamiquela<br \/>\n<\/span><\/td>\n<\/tr>\n<tr style=\"height: 32px;\">\n<td style=\"height: 32px;\"><span style=\"font-weight: 400;\">Biblioteca<\/span><\/td>\n<td style=\"height: 32px;\"><span style=\"font-weight: 400;\">S\u00edlvia P\u00e9rez<\/span><\/td>\n<\/tr>\n<tr style=\"height: 32px;\">\n<td style=\"height: 32px;\"><span style=\"font-weight: 400;\">Cultura digital<\/span><\/td>\n<td style=\"height: 32px;\"><span style=\"font-weight: 400;\">Albert Dom\u00e8nech<\/span><\/td>\n<\/tr>\n<tr style=\"height: 32px;\">\n<td style=\"height: 32px;\"><span style=\"font-weight: 400;\">Riscos laborals<\/span><\/td>\n<td style=\"height: 32px;\"><span style=\"font-weight: 400;\">Irene Molina<br \/>\n<\/span><\/td>\n<\/tr>\n<tr style=\"height: 32px;\">\n<td style=\"height: 32px;\"><span style=\"font-weight: 400;\">Projecte Ling\u00fc\u00edstic i Cohesi\u00f3 Social<\/span><\/td>\n<td style=\"height: 32px;\"><span style=\"font-weight: 400;\">Sandra Zago<\/span><\/td>\n<\/tr>\n<tr style=\"height: 32px;\">\n<td style=\"height: 32px;\"><span style=\"font-weight: 400;\">Pr\u00e0ctiques<\/span><\/td>\n<td style=\"height: 32px;\"><span style=\"font-weight: 400;\">Irene Sol\u00e9<\/span><\/td>\n<\/tr>\n<tr>\n<td><span style=\"font-weight: 400;\">Conviv\u00e8ncia, cohesi\u00f3 i benestar<\/span><\/td>\n<td><span style=\"font-weight: 400;\">Alba Exp\u00f3sito<\/span><\/td>\n<\/tr>\n<\/tbody>\n<\/table>\n<p><strong>Tutories<\/strong><\/p>\n<table>\n<tbody>\n<tr>\n<td colspan=\"2\" rowspan=\"3\"><span style=\"font-weight: 400;\">EDUCACI\u00d3 INFANTIL<\/span><\/td>\n<td><span style=\"font-weight: 400;\">BLAVA<\/span><\/td>\n<td><span style=\"font-weight: 400;\">Carme Rubi\u00f3<\/span><\/td>\n<\/tr>\n<tr>\n<td><span style=\"font-weight: 400;\">GROGA<\/span><\/td>\n<td>Imma Arest\u00e9<\/td>\n<\/tr>\n<tr>\n<td><span style=\"font-weight: 400;\">VERDA<\/span><\/td>\n<td>Irene Molina<\/td>\n<\/tr>\n<tr>\n<td rowspan=\"6\"><span style=\"font-weight: 400;\">EDUCACI\u00d3 PRIM\u00c0RIA<\/span><\/td>\n<td rowspan=\"2\"><span style=\"font-weight: 400;\">CICLE INICIAL<\/span><\/td>\n<td><span style=\"font-weight: 400;\">PRIMER<\/span><\/td>\n<td><span style=\"font-weight: 400;\">S\u00edlvia P\u00e9rez<\/span><\/td>\n<\/tr>\n<tr>\n<td><span style=\"font-weight: 400;\">SEGON<\/span><\/td>\n<td><span style=\"font-weight: 400;\">Alba Exp\u00f3sito<\/span><\/td>\n<\/tr>\n<tr>\n<td rowspan=\"2\"><span style=\"font-weight: 400;\">CICLE MITJ\u00c0<\/span><\/td>\n<td><span style=\"font-weight: 400;\">TERCER<\/span><\/td>\n<td>Anna Andorr\u00e0<\/td>\n<\/tr>\n<tr>\n<td><span style=\"font-weight: 400;\">QUART<\/span><\/td>\n<td>Aroha Calv\u00eds<\/td>\n<\/tr>\n<tr>\n<td rowspan=\"2\"><span style=\"font-weight: 400;\">CICLE SUPERIOR<\/span><\/td>\n<td><span style=\"font-weight: 400;\">CINQU\u00c8<\/span><\/td>\n<td>Marina Barber\u00e0<\/td>\n<\/tr>\n<tr>\n<td><span style=\"font-weight: 400;\">SIS\u00c8<\/span><\/td>\n<td>Jennyfer Fortu\u00f1o<\/td>\n<\/tr>\n<\/tbody>\n<\/table>\n<p><b style=\"font-family: inherit; font-size: 1em;\">Especialistes i mestres de suport\u00a0<\/b><\/p>\n<table style=\"border-collapse: collapse; width: 84.1762%; height: 37px;\">\n<tbody>\n<tr>\n<td style=\"width: 44.186%;\">Suport a Infantil<\/td>\n<td style=\"width: 55.814%;\">Carme Rubi\u00f3<\/td>\n<\/tr>\n<\/tbody>\n<\/table>\n<table style=\"width: 84.5484%; height: 176px;\">\n<tbody>\n<tr style=\"height: 32px;\">\n<td style=\"width: 224.1px; height: 32px;\"><span style=\"font-weight: 400;\">Suport a Prim\u00e0ria\u00a0<\/span><\/td>\n<td style=\"width: 292.533px; height: 32px;\"><span style=\"font-weight: 400;\">Marta Casamiquela<br \/>\n<\/span><\/td>\n<\/tr>\n<tr style=\"height: 48px;\">\n<td style=\"width: 224.1px; height: 48px;\"><span style=\"font-weight: 400;\">Especialistes d\u2019Atenci\u00f3 Diversitat<\/span><\/td>\n<td style=\"width: 292.533px; height: 48px;\">Irene Sol\u00e9<\/td>\n<\/tr>\n<tr>\n<td style=\"width: 224.1px;\"><span style=\"font-weight: 400;\">Mestra d&#8217;Audici\u00f3 i Llenguatge<\/span><\/td>\n<td style=\"width: 292.533px;\">Elisabeth Ensenyat<\/td>\n<\/tr>\n<tr>\n<td style=\"width: 224.1px;\"><span style=\"font-weight: 400;\">Referent Florence<\/span><\/td>\n<td style=\"width: 292.533px;\">Lorena Garc\u00e9s<\/td>\n<\/tr>\n<tr style=\"height: 32px;\">\n<td style=\"width: 224.1px; height: 32px;\"><span style=\"font-weight: 400;\">Especialista M\u00fasica<\/span><\/td>\n<td style=\"width: 292.533px; height: 32px;\"><span style=\"font-weight: 400;\">Gerard Calder\u00f3<\/span><\/td>\n<\/tr>\n<tr style=\"height: 32px;\">\n<td style=\"width: 224.1px; height: 32px;\"><span style=\"font-weight: 400;\">Especialista Angl\u00e8s<\/span><\/td>\n<td style=\"width: 292.533px; height: 32px;\"><span style=\"font-weight: 400;\">Anna Cabal \/ Arnau Mart\u00ed<br \/>\n<\/span><\/td>\n<\/tr>\n<tr style=\"height: 32px;\">\n<td style=\"width: 224.1px; height: 32px;\"><span style=\"font-weight: 400;\">Especialista Educaci\u00f3 F\u00edsica<\/span><\/td>\n<td style=\"width: 292.533px; height: 32px;\"><span style=\"font-weight: 400;\">Albert Dom\u00e8nech<\/span><\/td>\n<\/tr>\n<\/tbody>\n<\/table>\n<p><span style=\"font-weight: 400;\">Els\/les mestres especialistes i de suport estan adscrits als diferents cicles:<\/span><\/p>\n<table style=\"border-collapse: collapse; width: 91.354%;\">\n<tbody>\n<tr>\n<td style=\"width: 15.1786%;\">Infantil<\/td>\n<td style=\"width: 76.1754%;\">Sandra Zago<\/td>\n<\/tr>\n<\/tbody>\n<\/table>\n<table style=\"width: 92.1935%; height: 96px;\">\n<tbody>\n<tr style=\"height: 32px;\">\n<td style=\"height: 32px;\"><span style=\"font-weight: 400;\">Cicle Inicial<\/span><\/td>\n<td style=\"height: 32px;\">Gerard Calder\u00f3 i Elisabeth Ensenyat<\/td>\n<\/tr>\n<tr style=\"height: 32px;\">\n<td style=\"height: 32px;\"><span style=\"font-weight: 400;\">Cicle Mitj\u00e0<\/span><\/td>\n<td style=\"height: 32px;\"><span style=\"font-weight: 400;\">Irene Sol\u00e9,\u00a0 i Albert Dom\u00e8nech<\/span><\/td>\n<\/tr>\n<tr style=\"height: 32px;\">\n<td style=\"height: 32px;\"><span style=\"font-weight: 400;\">Cicle Superior<\/span><\/td>\n<td style=\"height: 32px;\"><span style=\"font-weight: 400;\">Anna Cabal,\u00a0 i Marta Casamiquela<br \/>\n<\/span><\/td>\n<\/tr>\n<\/tbody>\n<\/table>\n<p><b>T\u00e8cniques i Auxiliars d\u2019Educaci\u00f3 Especial<\/b><\/p>\n<table>\n<tbody>\n<tr>\n<td><span style=\"font-weight: 400;\">T\u00e8cnica d\u2019educaci\u00f3 infantil<\/span><\/td>\n<td><span style=\"font-weight: 400;\">Anna Cris Ariza<\/span><\/td>\n<\/tr>\n<tr>\n<td><span style=\"font-weight: 400;\">Auxiliar d\u2019educaci\u00f3 especial<\/span><\/td>\n<td><span style=\"font-weight: 400;\">Isabel Hereter<br \/>\n<\/span><\/td>\n<\/tr>\n<\/tbody>\n<\/table>\n<p><b>Personal d\u2019administraci\u00f3 i serveis<\/b><\/p>\n<table>\n<tbody>\n<tr>\n<td><span style=\"font-weight: 400;\">Conserge<\/span><\/td>\n<td><span style=\"font-weight: 400;\">Imma\u00a0 Juanmart\u00ed\u00a0<\/span><\/td>\n<\/tr>\n<tr>\n<td><span style=\"font-weight: 400;\">Administrativa<\/span><\/td>\n<td><span style=\"font-weight: 400;\">Pilar Estruch<\/span><\/td>\n<\/tr>\n<tr>\n<td><span style=\"font-weight: 400;\">Secretaria AMPA<\/span><\/td>\n<td><span style=\"font-weight: 400;\">Brenda Sow Sow<br \/>\n<\/span><\/td>\n<\/tr>\n<\/tbody>\n<\/table>\n<p><b>Altres professionals\u00a0<\/b><\/p>\n<table>\n<tbody>\n<tr>\n<td><span style=\"font-weight: 400;\">Psicopedagoga\u00a0<\/span><\/td>\n<td><span style=\"font-weight: 400;\">Dolors Pa\u00fcl<\/span><\/td>\n<\/tr>\n<tr>\n<td><span style=\"font-weight: 400;\">Logopeda<\/span><\/td>\n<td><span style=\"font-weight: 400;\">Merc\u00e8 Farr\u00e9<\/span><\/td>\n<\/tr>\n<tr>\n<td><span style=\"font-weight: 400;\">Assistent Social\u00a0<\/span><\/td>\n<td><span style=\"font-weight: 400;\">Nat\u00e0lia Gim\u00e9nez<\/span><\/td>\n<\/tr>\n<tr>\n<td><span style=\"font-weight: 400;\">Fisioterapeuta<\/span><\/td>\n<td><span style=\"font-weight: 400;\">Maria Gl\u00f2ria Clotet<\/span><\/td>\n<\/tr>\n<\/tbody>\n<\/table>\n<p><b>Comissions\u00a0\u00a0\u00a0<\/b><\/p>\n<table style=\"width: 640px;\">\n<tbody>\n<tr>\n<td style=\"width: 87px;\"><span style=\"font-weight: 400;\">CCD<\/span><\/td>\n<td style=\"width: 553px;\">Gerard Calder\u00f3, Imma Arest\u00e9, Albert Dom\u00e8nech, Jennyfer Fortu\u00f1o i Lorena Garc\u00e9s<\/td>\n<\/tr>\n<tr>\n<td style=\"width: 87px;\"><span style=\"font-weight: 400;\">CAEI<\/span><\/td>\n<td style=\"width: 553px;\"><span style=\"font-weight: 400;\">Dolors Pa\u00fcl, Irene Sol\u00e9, Carme Rubi\u00f3, Elisabeth Ensenyat i Marta Casamiquela<\/span><\/td>\n<\/tr>\n<tr>\n<td style=\"width: 87px;\">CAEI Social<\/td>\n<td style=\"width: 553px;\"><span style=\"font-weight: 400;\">Montse Mateus i Marta Casamiquela<\/span><\/td>\n<\/tr>\n<tr>\n<td style=\"width: 87px;\"><span style=\"font-weight: 400;\">Biblioteca<\/span><\/td>\n<td style=\"width: 553px;\"><span style=\"font-weight: 400;\">Anna Cris Ariza, S\u00edlvia P\u00e9rez<br \/>\n<\/span><\/td>\n<\/tr>\n<tr>\n<td style=\"width: 87px;\"><span style=\"font-weight: 400;\">Llengua i comunicaci\u00f3\u00a0<\/span><\/td>\n<td style=\"width: 553px;\"><span style=\"font-weight: 400;\">Sandra Zago, S\u00edlvia P\u00e9rez, Anna Andorr\u00e0 i Aroha Calv\u00eds<\/span><\/td>\n<\/tr>\n<tr>\n<td style=\"width: 87px;\"><span style=\"font-weight: 400;\">Escoles Sostenibles<\/span><\/td>\n<td style=\"width: 553px;\">Jennyfer Fortu\u00f1o<\/td>\n<\/tr>\n<tr>\n<td style=\"width: 87px;\"><span style=\"font-weight: 400;\">Comissi\u00f3 de matem\u00e0tiques<\/span><\/td>\n<td style=\"width: 553px;\"><span style=\"font-weight: 400;\">Carme Rubi\u00f3, Alba Exp\u00f3sito, Anna Andorr\u00e0, Marta Casamiquela i <\/span><span style=\"font-weight: 400;\">referent Florence<\/span><\/td>\n<\/tr>\n<\/tbody>\n<\/table>\n<p>&nbsp;<\/p>\n","protected":false},"excerpt":{"rendered":"<p>El nostre claustre<br \/>\nTreballem per l\u2019educaci\u00f3 dels infants de 3 a 12 anys amb la il\u00b7lusi\u00f3 que esdevinguin\u00a0 persones responsables, compromeses amb la societat i el medi ambient, cr\u00edtics i h\u00e0bils en l\u2019\u00fas de valors democr\u00e0tics. Treballem perqu\u00e8 l\u2019aprenentatge estigui vinculat a l\u2019entorn. Ens preocupa la&hellip;  <a href=\"https:\/\/agora.xtec.cat\/ceip-santjordi-lleida\/lescola\/qui-som\/\" title=\"Read Qui som\">Llegeix m\u00e9s\u00bb<\/a><\/p>\n","protected":false},"author":9,"featured_media":0,"parent":22,"menu_order":0,"comment_status":"closed","ping_status":"closed","template":"","meta":{"_bbp_topic_count":0,"_bbp_reply_count":0,"_bbp_total_topic_count":0,"_bbp_total_reply_count":0,"_bbp_voice_count":0,"_bbp_anonymous_reply_count":0,"_bbp_topic_count_hidden":0,"_bbp_reply_count_hidden":0,"_bbp_forum_subforum_count":0,"footnotes":""},"class_list":["post-21516","page","type-page","status-publish","hentry"],"post_mailing_queue_ids":[],"_links":{"self":[{"href":"https:\/\/agora.xtec.cat\/ceip-santjordi-lleida\/wp-json\/wp\/v2\/pages\/21516","targetHints":{"allow":["GET"]}}],"collection":[{"href":"https:\/\/agora.xtec.cat\/ceip-santjordi-lleida\/wp-json\/wp\/v2\/pages"}],"about":[{"href":"https:\/\/agora.xtec.cat\/ceip-santjordi-lleida\/wp-json\/wp\/v2\/types\/page"}],"author":[{"embeddable":true,"href":"https:\/\/agora.xtec.cat\/ceip-santjordi-lleida\/wp-json\/wp\/v2\/users\/9"}],"replies":[{"embeddable":true,"href":"https:\/\/agora.xtec.cat\/ceip-santjordi-lleida\/wp-json\/wp\/v2\/comments?post=21516"}],"version-history":[{"count":6,"href":"https:\/\/agora.xtec.cat\/ceip-santjordi-lleida\/wp-json\/wp\/v2\/pages\/21516\/revisions"}],"predecessor-version":[{"id":32894,"href":"https:\/\/agora.xtec.cat\/ceip-santjordi-lleida\/wp-json\/wp\/v2\/pages\/21516\/revisions\/32894"}],"up":[{"embeddable":true,"href":"https:\/\/agora.xtec.cat\/ceip-santjordi-lleida\/wp-json\/wp\/v2\/pages\/22"}],"wp:attachment":[{"href":"https:\/\/agora.xtec.cat\/ceip-santjordi-lleida\/wp-json\/wp\/v2\/media?parent=21516"}],"curies":[{"name":"wp","href":"https:\/\/api.w.org\/{rel}","templated":true}]}}