{"id":272,"date":"2016-01-23T22:41:25","date_gmt":"2016-01-23T21:41:25","guid":{"rendered":"http:\/\/agora.xtec.cat\/ceip-santjordi-ametllademar\/?page_id=272"},"modified":"2022-07-19T10:18:10","modified_gmt":"2022-07-19T08:18:10","slug":"unitat-de-suport-a-leducacio-especial","status":"publish","type":"page","link":"https:\/\/agora.xtec.cat\/ceip-santjordi-ametllademar\/serveis\/unitat-de-suport-a-leducacio-especial\/","title":{"rendered":"Suport intensiu d&#8217;escolaritzaci\u00f3 inclusiva (SIEI)"},"content":{"rendered":"<p><script type=\"text\/javascript\">\/\/ <![CDATA[ function googleTranslateElementInit() { new google.translate.TranslateElement({pageLanguage: 'ca', includedLanguages: 'ar,ca,en,es,fr,ro,zh-CN', layout: google.translate.TranslateElement.InlineLayout.SIMPLE}, 'google_translate_element'); } \/\/ ]]><\/script><script src=\"\/\/translate.google.com\/translate_a\/element.js?cb=googleTranslateElementInit\" type=\"text\/javascript\"><\/script><\/p>\n<p>Des del curs 2015-2016 l&#8217;escola compta amb una Unitat de Suport Intensiu d&#8217;escolaritzaci\u00f3 inclusiva . La SIEI \u00e9s una unitat de recursos per afavorir la participaci\u00f3 de l&#8217;alumnat amb necessitats educatives especials en l&#8217;entorn escolarordinari amb el comprom\u00eds de la comunitat educativa de l&#8217;escola d&#8217;avan\u00e7ar com a escola inclusiva. Correspon a l\u2019equip directiu del centre dur a terme la dinamitzaci\u00f3 d&#8217;aquest proc\u00e9s.<\/p>\n<p>Els professionals assignats a aquesta unitat prioritzen l&#8217;elaboraci\u00f3, coordinadament amb el professorat del grup ordinari, de materials espec\u00edfics o adaptats que facilitin la participaci\u00f3 d&#8217;aquest alumnat en les activitats generals del grup i l&#8217;acompanyament, quan calgui, d&#8217;aquests alumnes en les activitats a l&#8217;aula ordin\u00e0ria, col\u00b7laborant en el proc\u00e9s educatiu de l&#8217;alumnat. Aix\u00ed mateix, desenvolupen activitats espec\u00edfiques, individuals o en grup redu\u00eft, quan els alumnes ho requereixen.<\/p>\n<p>Els alumnes amb necessitats educatives especials formen part d&#8217;un grup ordinari.<\/p>\n<p>En la presa de decisions referides a l&#8217;alumnat amb necessitats educatives especials participa el professorat i la comissi\u00f3 d&#8217;atenci\u00f3 a la diversitat. (CAD)<\/p>\n<p>L&#8217;alumnat at\u00e8s pels professionals de la SIEI t\u00e9 com a marc curricular de refer\u00e8ncia amb car\u00e0cter general el mateix que s&#8217;estipula per al conjunt de l&#8217;alumnat, reflectit en el projecte educatiu. Les adaptacions que es facin per a cada alumne es determinaran en el seu pla individual (PI). Ser\u00e0 l&#8217;equip docent qui establir\u00e0 els criteris treballant de manera coordinada amb la comissi\u00f3 d&#8217;atenci\u00f3 a la diversitat.<\/p>\n<p>El professorat de la SIEI col\u00b7labora amb el tutor\/a del grup ordinari en la tutoria individual dels alumnes que at\u00e9n i el seguiment del seu proc\u00e9s d&#8217;aprenentatge i aporta a la comissi\u00f3 d&#8217;avaluaci\u00f3 tota la informaci\u00f3 sobre l&#8217;evoluci\u00f3 de l&#8217;alumne\/a en aquelles \u00e0rees en qu\u00e8 t\u00e9 una intervenci\u00f3 directa, aportant elements per a la valoraci\u00f3 dels aprenentatges i el seu proc\u00e9s de maduresa. Aix\u00ed mateix, tot el professorat que imparteixi doc\u00e8ncia a l&#8217;alumne\/a aporta, tamb\u00e9, les valoracions corresponents. La junta d&#8217;avaluaci\u00f3 pot preveure la possibilitat de fer una sessi\u00f3 d&#8217;avaluaci\u00f3 complement\u00e0ria per a avaluar l&#8217;alumnat at\u00e8s amb professionals de la SIEI.<\/p>\n","protected":false},"excerpt":{"rendered":"<p>Des del curs 2015-2016 l&#8217;escola compta amb una Unitat de Suport Intensiu d&#8217;escolaritzaci\u00f3 inclusiva . La SIEI \u00e9s una unitat de recursos per afavorir la participaci\u00f3 de l&#8217;alumnat amb necessitats educatives especials en l&#8217;entorn escolarordinari amb el comprom\u00eds de la comunitat educativa de l&#8217;escola d&#8217;avan\u00e7ar com a escola inclusiva. Correspon a l\u2019equip directiu del centre [&hellip;]<\/p>\n","protected":false},"author":1,"featured_media":0,"parent":66,"menu_order":0,"comment_status":"closed","ping_status":"closed","template":"page-templates\/side-menu.php","meta":{"_bbp_topic_count":0,"_bbp_reply_count":0,"_bbp_total_topic_count":0,"_bbp_total_reply_count":0,"_bbp_voice_count":0,"_bbp_anonymous_reply_count":0,"_bbp_topic_count_hidden":0,"_bbp_reply_count_hidden":0,"_bbp_forum_subforum_count":0,"site-sidebar-layout":"default","site-content-layout":"","ast-site-content-layout":"","site-content-style":"default","site-sidebar-style":"default","ast-global-header-display":"","ast-banner-title-visibility":"","ast-main-header-display":"","ast-hfb-above-header-display":"","ast-hfb-below-header-display":"","ast-hfb-mobile-header-display":"","site-post-title":"","ast-breadcrumbs-content":"","ast-featured-img":"","footer-sml-layout":"","theme-transparent-header-meta":"","adv-header-id-meta":"","stick-header-meta":"","header-above-stick-meta":"","header-main-stick-meta":"","header-below-stick-meta":"","astra-migrate-meta-layouts":"default","ast-page-background-enabled":"default","ast-page-background-meta":{"desktop":{"background-color":"var(--ast-global-color-4)","background-image":"","background-repeat":"repeat","background-position":"center center","background-size":"auto","background-attachment":"scroll","background-type":"","background-media":"","overlay-type":"","overlay-color":"","overlay-opacity":"","overlay-gradient":""},"tablet":{"background-color":"","background-image":"","background-repeat":"repeat","background-position":"center center","background-size":"auto","background-attachment":"scroll","background-type":"","background-media":"","overlay-type":"","overlay-color":"","overlay-opacity":"","overlay-gradient":""},"mobile":{"background-color":"","background-image":"","background-repeat":"repeat","background-position":"center center","background-size":"auto","background-attachment":"scroll","background-type":"","background-media":"","overlay-type":"","overlay-color":"","overlay-opacity":"","overlay-gradient":""}},"ast-content-background-meta":{"desktop":{"background-color":"var(--ast-global-color-5)","background-image":"","background-repeat":"repeat","background-position":"center center","background-size":"auto","background-attachment":"scroll","background-type":"","background-media":"","overlay-type":"","overlay-color":"","overlay-opacity":"","overlay-gradient":""},"tablet":{"background-color":"var(--ast-global-color-5)","background-image":"","background-repeat":"repeat","background-position":"center center","background-size":"auto","background-attachment":"scroll","background-type":"","background-media":"","overlay-type":"","overlay-color":"","overlay-opacity":"","overlay-gradient":""},"mobile":{"background-color":"var(--ast-global-color-5)","background-image":"","background-repeat":"repeat","background-position":"center center","background-size":"auto","background-attachment":"scroll","background-type":"","background-media":"","overlay-type":"","overlay-color":"","overlay-opacity":"","overlay-gradient":""}},"footnotes":""},"class_list":["post-272","page","type-page","status-publish","hentry"],"post_mailing_queue_ids":[],"_links":{"self":[{"href":"https:\/\/agora.xtec.cat\/ceip-santjordi-ametllademar\/wp-json\/wp\/v2\/pages\/272","targetHints":{"allow":["GET"]}}],"collection":[{"href":"https:\/\/agora.xtec.cat\/ceip-santjordi-ametllademar\/wp-json\/wp\/v2\/pages"}],"about":[{"href":"https:\/\/agora.xtec.cat\/ceip-santjordi-ametllademar\/wp-json\/wp\/v2\/types\/page"}],"author":[{"embeddable":true,"href":"https:\/\/agora.xtec.cat\/ceip-santjordi-ametllademar\/wp-json\/wp\/v2\/users\/1"}],"replies":[{"embeddable":true,"href":"https:\/\/agora.xtec.cat\/ceip-santjordi-ametllademar\/wp-json\/wp\/v2\/comments?post=272"}],"version-history":[{"count":4,"href":"https:\/\/agora.xtec.cat\/ceip-santjordi-ametllademar\/wp-json\/wp\/v2\/pages\/272\/revisions"}],"predecessor-version":[{"id":15328,"href":"https:\/\/agora.xtec.cat\/ceip-santjordi-ametllademar\/wp-json\/wp\/v2\/pages\/272\/revisions\/15328"}],"up":[{"embeddable":true,"href":"https:\/\/agora.xtec.cat\/ceip-santjordi-ametllademar\/wp-json\/wp\/v2\/pages\/66"}],"wp:attachment":[{"href":"https:\/\/agora.xtec.cat\/ceip-santjordi-ametllademar\/wp-json\/wp\/v2\/media?parent=272"}],"curies":[{"name":"wp","href":"https:\/\/api.w.org\/{rel}","templated":true}]}}

Suport intensiu d&#8217;escolarització inclusiva (SIEI)

<p><script type="text/javascript">// <![CDATA[ function googleTranslateElementInit() { new google.translate.TranslateElement({pageLanguage: 'ca', includedLanguages: 'ar,ca,en,es,fr,ro,zh-CN', layout: google.translate.TranslateElement.InlineLayout.SIMPLE}, 'google_translate_element'); } // ]]></script><script src="//translate.google.com/translate_a/element.js?cb=googleTranslateElementInit" type="text/javascript"></script></p>
<p>Des del curs 2015-2016 l&#8217;escola compta amb una Unitat de Suport Intensiu d&#8217;escolarització inclusiva . La SIEI és una unitat de recursos per afavorir la participació de l&#8217;alumnat amb necessitats educatives especials en l&#8217;entorn escolarordinari amb el compromís de la comunitat educativa de l&#8217;escola d&#8217;avançar com a escola inclusiva. Correspon a l’equip directiu del centre dur a terme la dinamització d&#8217;aquest procés.</p>
<p>Els professionals assignats a aquesta unitat prioritzen l&#8217;elaboració, coordinadament amb el professorat del grup ordinari, de materials específics o adaptats que facilitin la participació d&#8217;aquest alumnat en les activitats generals del grup i l&#8217;acompanyament, quan calgui, d&#8217;aquests alumnes en les activitats a l&#8217;aula ordinària, col·laborant en el procés educatiu de l&#8217;alumnat. Així mateix, desenvolupen activitats específiques, individuals o en grup reduït, quan els alumnes ho requereixen.</p>
<p>Els alumnes amb necessitats educatives especials formen part d&#8217;un grup ordinari.</p>
<p>En la presa de decisions referides a l&#8217;alumnat amb necessitats educatives especials participa el professorat i la comissió d&#8217;atenció a la diversitat. (CAD)</p>
<p>L&#8217;alumnat atès pels professionals de la SIEI té com a marc curricular de referència amb caràcter general el mateix que s&#8217;estipula per al conjunt de l&#8217;alumnat, reflectit en el projecte educatiu. Les adaptacions que es facin per a cada alumne es determinaran en el seu pla individual (PI). Serà l&#8217;equip docent qui establirà els criteris treballant de manera coordinada amb la comissió d&#8217;atenció a la diversitat.</p>
<p>El professorat de la SIEI col·labora amb el tutor/a del grup ordinari en la tutoria individual dels alumnes que atén i el seguiment del seu procés d&#8217;aprenentatge i aporta a la comissió d&#8217;avaluació tota la informació sobre l&#8217;evolució de l&#8217;alumne/a en aquelles àrees en què té una intervenció directa, aportant elements per a la valoració dels aprenentatges i el seu procés de maduresa. Així mateix, tot el professorat que imparteixi docència a l&#8217;alumne/a aporta, també, les valoracions corresponents. La junta d&#8217;avaluació pot preveure la possibilitat de fer una sessió d&#8217;avaluació complementària per a avaluar l&#8217;alumnat atès amb professionals de la SIEI.</p>

<p>Des del curs 2015-2016 l&#8217;escola compta amb una Unitat de Suport Intensiu d&#8217;escolarització inclusiva . La SIEI és una unitat de recursos per afavorir la participació de l&#8217;alumnat amb necessitats educatives especials en l&#8217;entorn escolarordinari amb el compromís de la comunitat educativa de l&#8217;escola d&#8217;avançar com a escola inclusiva. Correspon a l’equip directiu del centre [&hellip;]</p>
