{"id":9,"date":"2014-09-17T15:08:18","date_gmt":"2014-09-17T13:08:18","guid":{"rendered":"http:\/\/agora.xtec.cat\/ceip-santjeroni\/?page_id=9"},"modified":"2026-04-29T13:23:33","modified_gmt":"2026-04-29T11:23:33","slug":"pagina-dinici-buida","status":"publish","type":"page","link":"https:\/\/agora.xtec.cat\/ceip-santjeroni\/","title":{"rendered":"Publicaci\u00f3 de la llista de sol\u00b7licituds que han demanat el centre i l&#8217;ensenyament en primera petici\u00f3 ordenada a 29\/04\/2026"},"content":{"rendered":"<div>\n<h1><span style=\"color: #339966;\"><strong>Publicaci\u00f3 de la llista de sol\u00b7licituds que han demanat el centre i l&#8217;ensenyament en primera petici\u00f3 ordenada a 29\/04\/2026<\/strong><\/span><\/h1>\n<h1><span style=\"color: #cc99ff;\"><a style=\"color: #cc99ff;\" href=\"https:\/\/drive.google.com\/file\/d\/1vd5i8Pp83qUjs4NccehYzXRfM5U6iXlw\/view?usp=sharing\">Llista<\/a><\/span><\/h1>\n<p>&nbsp;<\/p>\n<h1 class=\"gmail_default\"><span style=\"color: #ff6600;\"><b>AJUTS MENJADOR ESCOLAR CURS 26-27<\/b><\/span><\/h1>\n<\/div>\n<div><\/div>\n<div>\n<div><\/div>\n<\/div>\n<div style=\"text-align: justify;\">Ens plau informar-vos de la propera convocat\u00f2ria d\u2019ajuts individuals de menjador escolar de la<span class=\"gmail_default\">\u00a0<\/span>comarca de l&#8217;Alt Pened\u00e8s per al curs 2026\/2027.<\/div>\n<div style=\"text-align: justify;\"><\/div>\n<div style=\"text-align: justify;\"><\/div>\n<div style=\"text-align: justify;\">El termini ordinari de presentaci\u00f3 de sol\u00b7licituds ser\u00e0 del 22 d&#8217;abril a l\u201911 de maig de<span class=\"gmail_default\">\u00a0<\/span>2026, ambd\u00f3s dies inclosos.<\/div>\n<div style=\"text-align: justify;\"><\/div>\n<div style=\"text-align: justify;\"><\/div>\n<div style=\"text-align: justify;\">La tramitaci\u00f3 de l&#8217;ajut es realitzar\u00e0 de manera telem\u00e0tica a trav\u00e9s de la p\u00e0gina web<span class=\"gmail_default\">\u00a0<\/span>del Consell Comarcal de l&#8217;Alt Pened\u00e8s\u00a0<a href=\"http:\/\/www.ccapenedes.cat\/\" target=\"_blank\" rel=\"noopener\" data-saferedirecturl=\"https:\/\/www.google.com\/url?q=http:\/\/www.ccapenedes.cat&amp;source=gmail&amp;ust=1775817217082000&amp;usg=AOvVaw1FV1Nkhgf-UKtaHD-hXce3\">www.ccapenedes.cat<\/a>, dins l&#8217;apartat Serveis&gt;&gt;Ensenyament &gt;&gt; Ajuts Menjador.<\/div>\n<div style=\"text-align: justify;\"><\/div>\n<div style=\"text-align: justify;\"><\/div>\n<div style=\"text-align: justify;\">En cas d\u2019incid\u00e8ncia durant el proc\u00e9s online, els afectats poden enviar un correu\u00a0<a href=\"mailto:asuport@ccapenedes.cat\" target=\"_blank\" rel=\"noopener\">asuport@ccapenedes.cat<\/a>\u00a0adjuntant una captura de pantalla de l&#8217;error.<\/div>\n<div style=\"text-align: justify;\"><\/div>\n<div style=\"text-align: justify;\"><\/div>\n<div style=\"text-align: justify;\">Per a altres consultes relacionades amb els ajuts de menjador, poden utilitzar el\u00a0<a href=\"mailto:correu%3Abequesmenjador@ccapenedes.cat\" target=\"_blank\" rel=\"noopener\">correu:bequesmenjador@<wbr \/>ccapenedes.cat<\/a>\u00a0Podeu trobar tota la informaci\u00f3 d\u2019aquesta convocat\u00f2ria a la p\u00e0gina web del Consell Comarcal(<a href=\"http:\/\/www.ccapenedes.cat\/ensenyament\" target=\"_blank\" rel=\"noopener\" data-saferedirecturl=\"https:\/\/www.google.com\/url?q=http:\/\/www.ccapenedes.cat\/ensenyament&amp;source=gmail&amp;ust=1775817217082000&amp;usg=AOvVaw0VDIm7wByVpaBiUsVEbL1Z\">www.ccapenedes.cat\/<wbr \/>ensenyament<\/a>\u00a0)<\/div>\n<div style=\"text-align: justify;\"><\/div>\n<div style=\"text-align: justify;\"><a href=\"https:\/\/drive.google.com\/file\/d\/1iLJZh1huVg2WRl7f4X0DrH5TOXNQdSbI\/view?usp=sharing\">https:\/\/drive.google.com\/file\/d\/1iLJZh1huVg2WRl7f4X0DrH5TOXNQdSbI\/view?usp=sharing<\/a><\/div>\n","protected":false},"excerpt":{"rendered":"<p>Publicaci\u00f3 de la llista de sol\u00b7licituds que han demanat el centre i l&#8217;ensenyament en primera petici\u00f3 ordenada a 29\/04\/2026<br \/>\n<a style=\"color: #cc99ff;\" href=\"https:\/\/drive.google.com\/file\/d\/1vd5i8Pp83qUjs4NccehYzXRfM5U6iXlw\/view?usp=sharing\">Llista<\/a><br \/>\n&nbsp;<br \/>\nAJUTS MENJADOR ESCOLAR CURS 26-27<\/p>\n<p>Ens plau informar-vos de la propera convocat\u00f2ria d\u2019ajuts individuals de menjador escolar de la\u00a0comarca de l&#8217;Alt Pened\u00e8s per al curs&hellip;  <a href=\"https:\/\/agora.xtec.cat\/ceip-santjeroni\/\" title=\"Read Publicaci\u00f3 de la llista de sol\u00b7licituds que han demanat el centre i l&#8217;ensenyament en primera petici\u00f3 ordenada a 29\/04\/2026\">Llegeix m\u00e9s\u00bb<\/a><\/p>\n","protected":false},"author":1,"featured_media":0,"parent":0,"menu_order":0,"comment_status":"closed","ping_status":"closed","template":"page-templates\/front-page.php","meta":{"_bbp_topic_count":0,"_bbp_reply_count":0,"_bbp_total_topic_count":0,"_bbp_total_reply_count":0,"_bbp_voice_count":0,"_bbp_anonymous_reply_count":0,"_bbp_topic_count_hidden":0,"_bbp_reply_count_hidden":0,"_bbp_forum_subforum_count":0,"footnotes":""},"class_list":["post-9","page","type-page","status-publish","hentry"],"post_mailing_queue_ids":[],"_links":{"self":[{"href":"https:\/\/agora.xtec.cat\/ceip-santjeroni\/wp-json\/wp\/v2\/pages\/9","targetHints":{"allow":["GET"]}}],"collection":[{"href":"https:\/\/agora.xtec.cat\/ceip-santjeroni\/wp-json\/wp\/v2\/pages"}],"about":[{"href":"https:\/\/agora.xtec.cat\/ceip-santjeroni\/wp-json\/wp\/v2\/types\/page"}],"author":[{"embeddable":true,"href":"https:\/\/agora.xtec.cat\/ceip-santjeroni\/wp-json\/wp\/v2\/users\/1"}],"replies":[{"embeddable":true,"href":"https:\/\/agora.xtec.cat\/ceip-santjeroni\/wp-json\/wp\/v2\/comments?post=9"}],"version-history":[{"count":6,"href":"https:\/\/agora.xtec.cat\/ceip-santjeroni\/wp-json\/wp\/v2\/pages\/9\/revisions"}],"predecessor-version":[{"id":5807,"href":"https:\/\/agora.xtec.cat\/ceip-santjeroni\/wp-json\/wp\/v2\/pages\/9\/revisions\/5807"}],"wp:attachment":[{"href":"https:\/\/agora.xtec.cat\/ceip-santjeroni\/wp-json\/wp\/v2\/media?parent=9"}],"curies":[{"name":"wp","href":"https:\/\/api.w.org\/{rel}","templated":true}]}}

Publicació de la llista de sol·licituds que han demanat el centre i l&#8217;ensenyament en primera petició ordenada a 29/04/2026

<div>
<h1><span style="color: #339966;"><strong>Publicació de la llista de sol·licituds que han demanat el centre i l&#8217;ensenyament en primera petició ordenada a 29/04/2026</strong></span></h1>
<h1><span style="color: #cc99ff;"><a style="color: #cc99ff;" href="https://drive.google.com/file/d/1vd5i8Pp83qUjs4NccehYzXRfM5U6iXlw/view?usp=sharing">Llista</a></span></h1>
<p>&nbsp;</p>
<h1 class="gmail_default"><span style="color: #ff6600;"><b>AJUTS MENJADOR ESCOLAR CURS 26-27</b></span></h1>
</div>
<div></div>
<div>
<div></div>
</div>
<div style="text-align: justify;">Ens plau informar-vos de la propera convocatòria d’ajuts individuals de menjador escolar de la<span class="gmail_default"> </span>comarca de l&#8217;Alt Penedès per al curs 2026/2027.</div>
<div style="text-align: justify;"></div>
<div style="text-align: justify;"></div>
<div style="text-align: justify;">El termini ordinari de presentació de sol·licituds serà del 22 d&#8217;abril a l’11 de maig de<span class="gmail_default"> </span>2026, ambdós dies inclosos.</div>
<div style="text-align: justify;"></div>
<div style="text-align: justify;"></div>
<div style="text-align: justify;">La tramitació de l&#8217;ajut es realitzarà de manera telemàtica a través de la pàgina web<span class="gmail_default"> </span>del Consell Comarcal de l&#8217;Alt Penedès <a href="http://www.ccapenedes.cat/" target="_blank" rel="noopener" data-saferedirecturl="https://www.google.com/url?q=http://www.ccapenedes.cat&amp;source=gmail&amp;ust=1775817217082000&amp;usg=AOvVaw1FV1Nkhgf-UKtaHD-hXce3">www.ccapenedes.cat</a>, dins l&#8217;apartat Serveis&gt;&gt;Ensenyament &gt;&gt; Ajuts Menjador.</div>
<div style="text-align: justify;"></div>
<div style="text-align: justify;"></div>
<div style="text-align: justify;">En cas d’incidència durant el procés online, els afectats poden enviar un correu <a href="mailto:asuport@ccapenedes.cat" target="_blank" rel="noopener">asuport@ccapenedes.cat</a> adjuntant una captura de pantalla de l&#8217;error.</div>
<div style="text-align: justify;"></div>
<div style="text-align: justify;"></div>
<div style="text-align: justify;">Per a altres consultes relacionades amb els ajuts de menjador, poden utilitzar el <a href="mailto:correu%3Abequesmenjador@ccapenedes.cat" target="_blank" rel="noopener">correu:bequesmenjador@<wbr />ccapenedes.cat</a> Podeu trobar tota la informació d’aquesta convocatòria a la pàgina web del Consell Comarcal(<a href="http://www.ccapenedes.cat/ensenyament" target="_blank" rel="noopener" data-saferedirecturl="https://www.google.com/url?q=http://www.ccapenedes.cat/ensenyament&amp;source=gmail&amp;ust=1775817217082000&amp;usg=AOvVaw0VDIm7wByVpaBiUsVEbL1Z">www.ccapenedes.cat/<wbr />ensenyament</a> )</div>
<div style="text-align: justify;"></div>
<div style="text-align: justify;"><a href="https://drive.google.com/file/d/1iLJZh1huVg2WRl7f4X0DrH5TOXNQdSbI/view?usp=sharing">https://drive.google.com/file/d/1iLJZh1huVg2WRl7f4X0DrH5TOXNQdSbI/view?usp=sharing</a></div>

<p>Publicació de la llista de sol·licituds que han demanat el centre i l&#8217;ensenyament en primera petició ordenada a 29/04/2026<br />
<a style="color: #cc99ff;" href="https://drive.google.com/file/d/1vd5i8Pp83qUjs4NccehYzXRfM5U6iXlw/view?usp=sharing">Llista</a><br />
&nbsp;<br />
AJUTS MENJADOR ESCOLAR CURS 26-27</p>
<p>Ens plau informar-vos de la propera convocatòria d’ajuts individuals de menjador escolar de la comarca de l&#8217;Alt Penedès per al curs&hellip;  <a href="https://agora.xtec.cat/ceip-santjeroni/" title="Read Publicació de la llista de sol·licituds que han demanat el centre i l&#8217;ensenyament en primera petició ordenada a 29/04/2026">Llegeix més»</a></p>
