{"id":475,"date":"2016-11-02T12:26:15","date_gmt":"2016-11-02T11:26:15","guid":{"rendered":"http:\/\/agora.xtec.cat\/ceip-santjeroni\/?page_id=475"},"modified":"2016-11-02T12:26:15","modified_gmt":"2016-11-02T11:26:15","slug":"aspectes-generals","status":"publish","type":"page","link":"https:\/\/agora.xtec.cat\/ceip-santjeroni\/projecte-educatiu\/aspectes-generals\/","title":{"rendered":"Aspectes generals"},"content":{"rendered":"<ul>\n<li>Angl\u00e8s, a partir de P.4<\/li>\n<li>\u00c0rees no ling\u00fc\u00edstiques en llengua anglesa (pl\u00e0stica a prim\u00e0ria i medi a CS)<\/li>\n<li>Professorat especialitzat en educaci\u00f3 especial, m\u00fasica, angl\u00e8s i educaci\u00f3 f\u00edsica.<\/li>\n<li>Sortides i col\u00f2nies.<\/li>\n<li>Atenci\u00f3 psicopedag\u00f2gica i logop\u00e8dica<\/li>\n<li>Estreta coordinaci\u00f3 tutorial fam\u00edlia-escola.<\/li>\n<li>Activitats extraescolars.<\/li>\n<li>Continuaci\u00f3 assegurada dels estudis en un institut p\u00fablic d\u2019educaci\u00f3 secund\u00e0ria. (IES Intermunicipal del Pened\u00e8s: <a href=\"http:\/\/www.intermunicipal.com\">www.intermunicipal.com<\/a>)<\/li>\n<li>Activitat de piscina des de P.5 (durant el segon trimestre)<\/li>\n<li>Treball de projectes.<\/li>\n<li>Racons a ed. Infantil i Cicle Inicial de Prim\u00e0ria.<\/li>\n<li>Tallers intercicle en grups redu\u00efts a ed. Prim\u00e0ria: activitats de matem\u00e0tica, catal\u00e0 i expressi\u00f3 oral en llengua anglesa.<\/li>\n<li>Tallers intercicle en grups redu\u00efts a ed. Prim\u00e0ria : pl\u00e0stica<\/li>\n<\/ul>\n","protected":false},"excerpt":{"rendered":"<ul>\n<li>Angl\u00e8s, a partir de P.4<\/li>\n<li>\u00c0rees no ling\u00fc\u00edstiques en llengua anglesa (pl\u00e0stica a prim\u00e0ria i medi a CS)<\/li>\n<li>Professorat especialitzat en educaci\u00f3 especial, m\u00fasica, angl\u00e8s i educaci\u00f3 f\u00edsica.<\/li>\n<li>Sortides i col\u00f2nies.<\/li>\n<li>Atenci\u00f3 psicopedag\u00f2gica i logop\u00e8dica<\/li>\n<li>Estreta coordinaci\u00f3 tutorial fam\u00edlia-escola.<\/li>\n<li>Activitats extraescolars.<\/li>\n<li>Continuaci\u00f3 assegurada dels estudis en un institut p\u00fablic d\u2019educaci\u00f3 secund\u00e0ria. (IES&hellip;  <a href=\"https:\/\/agora.xtec.cat\/ceip-santjeroni\/projecte-educatiu\/aspectes-generals\/\" title=\"Read Aspectes generals\">Llegeix m\u00e9s\u00bb<\/a><br \/>\n","protected":false},"author":1,"featured_media":0,"parent":64,"menu_order":0,"comment_status":"closed","ping_status":"closed","template":"","meta":{"_bbp_topic_count":0,"_bbp_reply_count":0,"_bbp_total_topic_count":0,"_bbp_total_reply_count":0,"_bbp_voice_count":0,"_bbp_anonymous_reply_count":0,"_bbp_topic_count_hidden":0,"_bbp_reply_count_hidden":0,"_bbp_forum_subforum_count":0,"footnotes":""},"class_list":["post-475","page","type-page","status-publish","hentry"],"post_mailing_queue_ids":[],"_links":{"self":[{"href":"https:\/\/agora.xtec.cat\/ceip-santjeroni\/wp-json\/wp\/v2\/pages\/475","targetHints":{"allow":["GET"]}}],"collection":[{"href":"https:\/\/agora.xtec.cat\/ceip-santjeroni\/wp-json\/wp\/v2\/pages"}],"about":[{"href":"https:\/\/agora.xtec.cat\/ceip-santjeroni\/wp-json\/wp\/v2\/types\/page"}],"author":[{"embeddable":true,"href":"https:\/\/agora.xtec.cat\/ceip-santjeroni\/wp-json\/wp\/v2\/users\/1"}],"replies":[{"embeddable":true,"href":"https:\/\/agora.xtec.cat\/ceip-santjeroni\/wp-json\/wp\/v2\/comments?post=475"}],"version-history":[{"count":1,"href":"https:\/\/agora.xtec.cat\/ceip-santjeroni\/wp-json\/wp\/v2\/pages\/475\/revisions"}],"predecessor-version":[{"id":476,"href":"https:\/\/agora.xtec.cat\/ceip-santjeroni\/wp-json\/wp\/v2\/pages\/475\/revisions\/476"}],"up":[{"embeddable":true,"href":"https:\/\/agora.xtec.cat\/ceip-santjeroni\/wp-json\/wp\/v2\/pages\/64"}],"wp:attachment":[{"href":"https:\/\/agora.xtec.cat\/ceip-santjeroni\/wp-json\/wp\/v2\/media?parent=475"}],"curies":[{"name":"wp","href":"https:\/\/api.w.org\/{rel}","templated":true}]}}