{"id":30,"date":"2014-09-18T12:30:23","date_gmt":"2014-09-18T11:30:23","guid":{"rendered":"http:\/\/agora.xtec.cat\/ceip-santjeroni\/?page_id=30"},"modified":"2016-10-24T12:22:44","modified_gmt":"2016-10-24T10:22:44","slug":"instal%c2%b7lacions","status":"publish","type":"page","link":"https:\/\/agora.xtec.cat\/ceip-santjeroni\/lescola\/instal%c2%b7lacions\/","title":{"rendered":"Instal\u00b7lacions"},"content":{"rendered":"<div class=\"term-listing-heading\">\n<div id=\"taxonomy-term-87\" class=\"taxonomy-term vocabulary-gallery-collections\">\n<div class=\"content\">\n<div class=\"taxonomy-term-description\">\n<p class=\"rtejustify\">Durant el curs 2007-08 vam estrenar l\u2019actual edifici i es va complir el nostre somni de situar tota l\u2019escola en un mateix lloc. Abans, el cicle d\u2019educaci\u00f3 infantil estava situat a la Carretera (Llar d\u2019infants municipal) i l\u2019edifici d\u2019educaci\u00f3 prim\u00e0ria estava en el mateix lloc per\u00f2 en edificis precaris. Durant els \u00faltims anys una part de l\u2019escola va estar en m\u00f2duls prefabricats fins que es va construir el nou edifici.<\/p>\n<p class=\"rtejustify\">L\u2019escola p\u00fablica de Sant Pere\u00a0es va construir a la Carretera el 1926.<br \/>\n-Escoles Velles- on hi havia una aula per nens i una per nenes. Actualment \u00e9s un casal de cultura municipal. El 1972 es construeix un edifici al costat per destinar-lo a parvulari i que va tenir aquesta funci\u00f3 fins que es va inaugurar la nova escola.<\/p>\n<p class=\"rtejustify\">Ara\u00a0 tenim un\u00a0edifici de nova construcci\u00f3\u00a0amb tots els equipaments necessaris i sense barreres arquitect\u00f2niques.<\/p>\n<\/div>\n<\/div>\n<\/div>\n<\/div>\n","protected":false},"excerpt":{"rendered":"<p>Durant el curs 2007-08 vam estrenar l\u2019actual edifici i es va complir el nostre somni de situar tota l\u2019escola en un mateix lloc. Abans, el cicle d\u2019educaci\u00f3 infantil estava situat a la Carretera (Llar d\u2019infants municipal) i l\u2019edifici d\u2019educaci\u00f3 prim\u00e0ria estava en el mateix lloc&hellip;  <a href=\"https:\/\/agora.xtec.cat\/ceip-santjeroni\/lescola\/instal%c2%b7lacions\/\" title=\"Read Instal\u00b7lacions\">Llegeix m\u00e9s\u00bb<\/a><\/p>\n","protected":false},"author":1,"featured_media":0,"parent":22,"menu_order":40,"comment_status":"closed","ping_status":"closed","template":"page-templates\/side-menu.php","meta":{"_bbp_topic_count":0,"_bbp_reply_count":0,"_bbp_total_topic_count":0,"_bbp_total_reply_count":0,"_bbp_voice_count":0,"_bbp_anonymous_reply_count":0,"_bbp_topic_count_hidden":0,"_bbp_reply_count_hidden":0,"_bbp_forum_subforum_count":0,"footnotes":""},"class_list":["post-30","page","type-page","status-publish","hentry"],"post_mailing_queue_ids":[],"_links":{"self":[{"href":"https:\/\/agora.xtec.cat\/ceip-santjeroni\/wp-json\/wp\/v2\/pages\/30","targetHints":{"allow":["GET"]}}],"collection":[{"href":"https:\/\/agora.xtec.cat\/ceip-santjeroni\/wp-json\/wp\/v2\/pages"}],"about":[{"href":"https:\/\/agora.xtec.cat\/ceip-santjeroni\/wp-json\/wp\/v2\/types\/page"}],"author":[{"embeddable":true,"href":"https:\/\/agora.xtec.cat\/ceip-santjeroni\/wp-json\/wp\/v2\/users\/1"}],"replies":[{"embeddable":true,"href":"https:\/\/agora.xtec.cat\/ceip-santjeroni\/wp-json\/wp\/v2\/comments?post=30"}],"version-history":[{"count":3,"href":"https:\/\/agora.xtec.cat\/ceip-santjeroni\/wp-json\/wp\/v2\/pages\/30\/revisions"}],"predecessor-version":[{"id":462,"href":"https:\/\/agora.xtec.cat\/ceip-santjeroni\/wp-json\/wp\/v2\/pages\/30\/revisions\/462"}],"up":[{"embeddable":true,"href":"https:\/\/agora.xtec.cat\/ceip-santjeroni\/wp-json\/wp\/v2\/pages\/22"}],"wp:attachment":[{"href":"https:\/\/agora.xtec.cat\/ceip-santjeroni\/wp-json\/wp\/v2\/media?parent=30"}],"curies":[{"name":"wp","href":"https:\/\/api.w.org\/{rel}","templated":true}]}}