{"id":73,"date":"2014-09-18T14:01:51","date_gmt":"2014-09-18T13:01:51","guid":{"rendered":"http:\/\/agora.xtec.cat\/ceip-santiscle-vidreres\/?page_id=73"},"modified":"2025-11-21T12:32:24","modified_gmt":"2025-11-21T11:32:24","slug":"menjador-escolar","status":"publish","type":"page","link":"https:\/\/agora.xtec.cat\/ceip-santiscle-vidreres\/serveis\/menjador-escolar\/","title":{"rendered":"Menjador escolar"},"content":{"rendered":"<h4>L&#8217;empresa que gestiona el servei de menjador \u00e9s <span style=\"color: #339966;\">GRUP MEDITERR\u00c0NEA.\u00a0<\/span><\/h4>\n<p>Podeu parlar amb l&#8217;administradora del servei cada dia de 9 a 10 a l&#8217;escola o per whatsapp al n\u00famero <b>687.25.28.72<\/b><\/p>\n<p>Per poder fer la inscripci\u00f3 cal entrar la p\u00e0gina web seg\u00fcent\u00a0<a href=\"https:\/\/iara.mediterranea-group.com\/gerona\/padres\/\">https:\/\/iara.mediterranea-group.com\/gerona\/padres\/<\/a><\/p>\n<p>Aqu\u00ed hi trobareu<a href=\"https:\/\/drive.google.com\/file\/d\/1wpOpkFQ16-B6YCmXw4ZWZpFucudU5GE4\/view?usp=sharing\"> les instruccions<\/a> de com fer-ho.<\/p>\n<p>El codi de l&#8217;escola \u00e9s:<\/p>\n<table style=\"font-weight: 400;\">\n<tbody>\n<tr>\n<td width=\"291\">ESCOLA SANT ISCLE<\/td>\n<td width=\"291\">8<\/td>\n<\/tr>\n<\/tbody>\n<\/table>\n<p><a href=\"https:\/\/documentcloud.adobe.com\/gsuiteintegration\/index.html?state=%7B%22ids%22%3A%5B%221Koj0O1VIf6HqBZne2kFWY1fzTeeGIAwq%22%5D%2C%22action%22%3A%22open%22%2C%22userId%22%3A%22111688704970019082879%22%2C%22resourceKeys%22%3A%7B%7D%7D\">Men\u00fa desembre 2025<\/a><\/p>\n<p><a href=\"https:\/\/drive.google.com\/file\/d\/1Ef7aIMn3tHmDD7hrvr9IkBOyqh3ms7kk\/view?usp=sharing\">Full inscripci\u00f3<\/a><\/p>\n<p>Autoritzaci\u00f3 medicaments<\/p>\n<p>Autoritzaci\u00f3 Sortida<\/p>\n<p>&nbsp;<\/p>\n<p>&nbsp;<\/p>\n<p>&nbsp;<\/p>\n","protected":false},"excerpt":{"rendered":"<p>L&#8217;empresa que gestiona el servei de menjador \u00e9s GRUP MEDITERR\u00c0NEA.\u00a0<br \/>\nPodeu parlar amb l&#8217;administradora del servei cada dia de 9 a 10 a l&#8217;escola o per whatsapp al n\u00famero 687.25.28.72<br \/>\nPer poder fer la inscripci\u00f3 cal entrar la p\u00e0gina web seg\u00fcent\u00a0<a href=\"https:\/\/iara.mediterranea-group.com\/gerona\/padres\/\">https:\/\/iara.mediterranea-group.com\/gerona\/padres\/<\/a><br \/>\nAqu\u00ed hi trobareu<a href=\"https:\/\/drive.google.com\/file\/d\/1wpOpkFQ16-B6YCmXw4ZWZpFucudU5GE4\/view?usp=sharing\"> les instruccions<\/a>&hellip;  <a href=\"https:\/\/agora.xtec.cat\/ceip-santiscle-vidreres\/serveis\/menjador-escolar\/\" title=\"Read Menjador escolar\">Llegeix m\u00e9s\u00bb<\/a><\/p>\n","protected":false},"author":1,"featured_media":0,"parent":66,"menu_order":30,"comment_status":"closed","ping_status":"closed","template":"page-templates\/side-menu.php","meta":{"_bbp_topic_count":0,"_bbp_reply_count":0,"_bbp_total_topic_count":0,"_bbp_total_reply_count":0,"_bbp_voice_count":0,"_bbp_anonymous_reply_count":0,"_bbp_topic_count_hidden":0,"_bbp_reply_count_hidden":0,"_bbp_forum_subforum_count":0,"footnotes":""},"class_list":["post-73","page","type-page","status-publish","hentry"],"post_mailing_queue_ids":[],"_links":{"self":[{"href":"https:\/\/agora.xtec.cat\/ceip-santiscle-vidreres\/wp-json\/wp\/v2\/pages\/73","targetHints":{"allow":["GET"]}}],"collection":[{"href":"https:\/\/agora.xtec.cat\/ceip-santiscle-vidreres\/wp-json\/wp\/v2\/pages"}],"about":[{"href":"https:\/\/agora.xtec.cat\/ceip-santiscle-vidreres\/wp-json\/wp\/v2\/types\/page"}],"author":[{"embeddable":true,"href":"https:\/\/agora.xtec.cat\/ceip-santiscle-vidreres\/wp-json\/wp\/v2\/users\/1"}],"replies":[{"embeddable":true,"href":"https:\/\/agora.xtec.cat\/ceip-santiscle-vidreres\/wp-json\/wp\/v2\/comments?post=73"}],"version-history":[{"count":7,"href":"https:\/\/agora.xtec.cat\/ceip-santiscle-vidreres\/wp-json\/wp\/v2\/pages\/73\/revisions"}],"predecessor-version":[{"id":6179,"href":"https:\/\/agora.xtec.cat\/ceip-santiscle-vidreres\/wp-json\/wp\/v2\/pages\/73\/revisions\/6179"}],"up":[{"embeddable":true,"href":"https:\/\/agora.xtec.cat\/ceip-santiscle-vidreres\/wp-json\/wp\/v2\/pages\/66"}],"wp:attachment":[{"href":"https:\/\/agora.xtec.cat\/ceip-santiscle-vidreres\/wp-json\/wp\/v2\/media?parent=73"}],"curies":[{"name":"wp","href":"https:\/\/api.w.org\/{rel}","templated":true}]}}

<h4>L&#8217;empresa que gestiona el servei de menjador és <span style="color: #339966;">GRUP MEDITERRÀNEA. </span></h4>
<p>Podeu parlar amb l&#8217;administradora del servei cada dia de 9 a 10 a l&#8217;escola o per whatsapp al número <b>687.25.28.72</b></p>
<p>Per poder fer la inscripció cal entrar la pàgina web següent <a href="https://iara.mediterranea-group.com/gerona/padres/">https://iara.mediterranea-group.com/gerona/padres/</a></p>
<p>Aquí hi trobareu<a href="https://drive.google.com/file/d/1wpOpkFQ16-B6YCmXw4ZWZpFucudU5GE4/view?usp=sharing"> les instruccions</a> de com fer-ho.</p>
<p>El codi de l&#8217;escola és:</p>
<table style="font-weight: 400;">
<tbody>
<tr>
<td width="291">ESCOLA SANT ISCLE</td>
<td width="291">8</td>
</tr>
</tbody>
</table>
<p><a href="https://documentcloud.adobe.com/gsuiteintegration/index.html?state=%7B%22ids%22%3A%5B%221Koj0O1VIf6HqBZne2kFWY1fzTeeGIAwq%22%5D%2C%22action%22%3A%22open%22%2C%22userId%22%3A%22111688704970019082879%22%2C%22resourceKeys%22%3A%7B%7D%7D">Menú desembre 2025</a></p>
<p><a href="https://drive.google.com/file/d/1Ef7aIMn3tHmDD7hrvr9IkBOyqh3ms7kk/view?usp=sharing">Full inscripció</a></p>
<p>Autorització medicaments</p>
<p>Autorització Sortida</p>
<p>&nbsp;</p>
<p>&nbsp;</p>
<p>&nbsp;</p>

<p>L&#8217;empresa que gestiona el servei de menjador és GRUP MEDITERRÀNEA. <br />
Podeu parlar amb l&#8217;administradora del servei cada dia de 9 a 10 a l&#8217;escola o per whatsapp al número 687.25.28.72<br />
Per poder fer la inscripció cal entrar la pàgina web següent <a href="https://iara.mediterranea-group.com/gerona/padres/">https://iara.mediterranea-group.com/gerona/padres/</a><br />
Aquí hi trobareu<a href="https://drive.google.com/file/d/1wpOpkFQ16-B6YCmXw4ZWZpFucudU5GE4/view?usp=sharing"> les instruccions</a>&hellip;  <a href="https://agora.xtec.cat/ceip-santiscle-vidreres/serveis/menjador-escolar/" title="Read Menjador escolar">Llegeix més»</a></p>
