{"id":707,"date":"2020-07-29T15:52:03","date_gmt":"2020-07-29T13:52:03","guid":{"rendered":"https:\/\/agora.xtec.cat\/ceip-santiscle-vidreres\/?page_id=707"},"modified":"2020-07-29T15:54:07","modified_gmt":"2020-07-29T13:54:07","slug":"consell-dalumnes","status":"publish","type":"page","link":"https:\/\/agora.xtec.cat\/ceip-santiscle-vidreres\/projecte-educatiu\/consell-dalumnes\/","title":{"rendered":"Consell d&#8217;Alumnes"},"content":{"rendered":"<div style=\"font-size: 14px; font-weight: 400;\">El Consell d\u2019Alumnes est\u00e0 format pels delegats de cada classe de prim\u00e0ria m\u00e9s els delegats de P5 d\u2019educaci\u00f3 Infantil.<\/div>\n<p style=\"font-family: 'Helvetica Neue', Helvetica, Helvetica, Arial, sans-serif; font-size: 14px;\"><span lang=\"CA\">Les reunions es realitzen trimestralment, com a m\u00ednim. Al principi de curs es convoca la 1a assemblea i queda establert el dia i l&#8217;hora de les seg\u00fcents de novembre a maig.<\/span><\/p>\n<p style=\"font-family: 'Helvetica Neue', Helvetica, Helvetica, Arial, sans-serif; font-size: 14px;\"><span lang=\"CA\">Les delegades o delegats es trien democr\u00e0ticament en cada classe i es canvien amb la periodicitat que cada tutoria estima oportuna.<\/span><\/p>\n<p style=\"font-family: 'Helvetica Neue', Helvetica, Helvetica, Arial, sans-serif; font-size: 14px;\"><span lang=\"CA\">El Consell d\u2019Alumnes \u00e9s l&#8217;\u00f2rgan encarregat d\u2019intercomunicar les diferents assemblees (tutories) d&#8217;aula que se celebren setmanalment.<\/span><\/p>\n<p style=\"font-family: 'Helvetica Neue', Helvetica, Helvetica, Arial, sans-serif; font-size: 14px;\"><span lang=\"CA\">Les assemblees d&#8217;aula treballen els temes que afecten l&#8217;organitzaci\u00f3 del cicle, de nivell o de classe: resoluci\u00f3 de conflictes, propostes per al grup, an\u00e8cdotes, actualitat, din\u00e0miques de grup, aix\u00ed com els temes tractats o proposats per a les assemblees de l&#8217;escola.<\/span><\/p>\n<p style=\"font-family: 'Helvetica Neue', Helvetica, Helvetica, Arial, sans-serif; font-size: 14px;\"><span lang=\"CA\">Aquestes assemblees d&#8217;aula s\u00f3n la veu de l&#8217;escola en les assemblees de<\/span>l centre.<\/p>\n<p style=\"font-family: 'Helvetica Neue', Helvetica, Helvetica, Arial, sans-serif; font-size: 14px;\"><span lang=\"CA\">La informaci\u00f3 del contingut es fa a trav\u00e9s d\u2019una acta que arreplega tamb\u00e9 la convocat\u00f2ria de la seg\u00fcent reuni\u00f3.<\/span><\/p>\n<p style=\"font-family: 'Helvetica Neue', Helvetica, Helvetica, Arial, sans-serif; font-size: 14px;\"><b><span lang=\"CA\">Tasques del Consell d\u2019Alumnes<\/span><\/b><\/p>\n<p style=\"font-family: 'Helvetica Neue', Helvetica, Helvetica, Arial, sans-serif; font-size: 14px;\"><span lang=\"CA\">1. Ser la veu de l&#8217;alumnat:<\/span><\/p>\n<p style=\"font-family: 'Helvetica Neue', Helvetica, Helvetica, Arial, sans-serif; font-size: 14px;\"><span lang=\"CA\">\u00b7\u00a0\u00a0\u00a0\u00a0\u00a0\u00a0\u00a0\u00a0\u00a0\u00a0<\/span><span lang=\"CA\">Portar les propostes de cada aula a les altres classes.<\/span><\/p>\n<p style=\"font-family: 'Helvetica Neue', Helvetica, Helvetica, Arial, sans-serif; font-size: 14px;\"><span lang=\"CA\">\u00b7\u00a0\u00a0\u00a0\u00a0\u00a0\u00a0\u00a0\u00a0\u00a0\u00a0<\/span><span lang=\"CA\">Ser el vehicle d&#8217;informaci\u00f3 dels diferents \u00e0mbits de l&#8217;escola cap a<\/span>\u00a0cada aula.<\/p>\n<p style=\"font-family: 'Helvetica Neue', Helvetica, Helvetica, Arial, sans-serif; font-size: 14px;\"><span lang=\"CA\">2. Ser element actiu al centre:<\/span><\/p>\n<p style=\"font-family: 'Helvetica Neue', Helvetica, Helvetica, Arial, sans-serif; font-size: 14px;\"><span lang=\"CA\">\u00b7\u00a0\u00a0\u00a0\u00a0\u00a0\u00a0\u00a0\u00a0\u00a0\u00a0<\/span><span lang=\"CA\">Decidir quines activitats cal realitzar per a millorar la vida del nostre centre.<\/span><\/p>\n<p style=\"font-family: 'Helvetica Neue', Helvetica, Helvetica, Arial, sans-serif; font-size: 14px;\"><b><span lang=\"CA\">Objectius del Consell d\u2019Alumnes<\/span><\/b><a style=\"background-image: url('img\/anchor.gif');\" name=\"_GoBack\"><\/a><\/p>\n<p style=\"font-family: 'Helvetica Neue', Helvetica, Helvetica, Arial, sans-serif; font-size: 14px;\"><span lang=\"CA\">\u00b7\u00a0\u00a0\u00a0\u00a0\u00a0\u00a0\u00a0\u00a0\u00a0\u00a0<\/span><span lang=\"CA\">Promoure a l\u2019escola i a les classes un clima positiu que faciliti\u00a0<\/span>el treball i la consecuci\u00f3 dels objectius.<\/p>\n<p style=\"font-family: 'Helvetica Neue', Helvetica, Helvetica, Arial, sans-serif; font-size: 14px;\"><span lang=\"CA\">\u00b7\u00a0\u00a0\u00a0\u00a0\u00a0\u00a0\u00a0\u00a0\u00a0\u00a0<\/span><span lang=\"CA\">Potenciar la presa de decisions per consens.<\/span><\/p>\n<p style=\"font-family: 'Helvetica Neue', Helvetica, Helvetica, Arial, sans-serif; font-size: 14px;\"><span lang=\"CA\">\u00b7\u00a0\u00a0\u00a0\u00a0\u00a0\u00a0\u00a0\u00a0\u00a0\u00a0<\/span><span lang=\"CA\">Afavorir la responsabilitat i el comprom\u00eds en l&#8217;organitzaci\u00f3 i funcionament del centre.<\/span><\/p>\n<p style=\"font-family: 'Helvetica Neue', Helvetica, Helvetica, Arial, sans-serif; font-size: 14px;\"><span lang=\"CA\">\u00b7\u00a0\u00a0\u00a0\u00a0\u00a0\u00a0\u00a0\u00a0\u00a0\u00a0<\/span><span lang=\"CA\">Debatre temes d&#8217;import\u00e0ncia per a l&#8217;alumnat.<\/span><\/p>\n<p style=\"font-family: 'Helvetica Neue', Helvetica, Helvetica, Arial, sans-serif; font-size: 14px;\"><span lang=\"CA\">\u00b7\u00a0\u00a0\u00a0\u00a0\u00a0\u00a0\u00a0\u00a0\u00a0\u00a0<\/span><span lang=\"CA\">Aprendre a plantejar les necessitats d&#8217;una manera democr\u00e0tica.<\/span><\/p>\n<p style=\"font-family: 'Helvetica Neue', Helvetica, Helvetica, Arial, sans-serif; font-size: 14px;\"><span lang=\"CA\">\u00b7\u00a0\u00a0\u00a0\u00a0\u00a0\u00a0\u00a0\u00a0\u00a0\u00a0<\/span><span lang=\"CA\">Comprometre l&#8217;alumnat en la participaci\u00f3 i organitzaci\u00f3 del nostre centre.<\/span><\/p>\n<p style=\"font-family: 'Helvetica Neue', Helvetica, Helvetica, Arial, sans-serif; font-size: 14px;\"><span lang=\"CA\">Per a millorar la nostra escola \u00e9s imprescindible la participaci\u00f3 i el comprom\u00eds de tots i totes per al bon funcionament, la consecuci\u00f3 dels objectius i la realitzaci\u00f3 de les tasques proposades.<\/span><\/p>\n<p style=\"font-family: 'Helvetica Neue', Helvetica, Helvetica, Arial, sans-serif; font-size: 14px;\"><span lang=\"CA\">El Consell permet escoltar l&#8217;opini\u00f3 de l&#8217;alumnat, aprendre a decidir, a ser responsables,\u00a0<\/span><\/p>\n<p style=\"font-family: 'Helvetica Neue', Helvetica, Helvetica, Arial, sans-serif; font-size: 14px;\"><span lang=\"CA\">a organitzar i a crear un clima de conviv\u00e8ncia democr\u00e0tic en la nostra escola.<\/span><\/p>\n<div id=\"sites-canvas-main\" class=\"sites-canvas-main\">\n<div id=\"sites-canvas-main-content\"><\/div>\n<\/div>\n","protected":false},"excerpt":{"rendered":"<p>El Consell d\u2019Alumnes est\u00e0 format pels delegats de cada classe de prim\u00e0ria m\u00e9s els delegats de P5 d\u2019educaci\u00f3 Infantil.<br \/>\nLes reunions es realitzen trimestralment, com a m\u00ednim. Al principi de curs es convoca la 1a assemblea i queda establert el dia i l&#8217;hora de les seg\u00fcents&hellip;  <a href=\"https:\/\/agora.xtec.cat\/ceip-santiscle-vidreres\/projecte-educatiu\/consell-dalumnes\/\" title=\"Read Consell d&#8217;Alumnes\">Llegeix m\u00e9s\u00bb<\/a><\/p>\n","protected":false},"author":1,"featured_media":0,"parent":64,"menu_order":1,"comment_status":"closed","ping_status":"closed","template":"page-templates\/side-menu.php","meta":{"_bbp_topic_count":0,"_bbp_reply_count":0,"_bbp_total_topic_count":0,"_bbp_total_reply_count":0,"_bbp_voice_count":0,"_bbp_anonymous_reply_count":0,"_bbp_topic_count_hidden":0,"_bbp_reply_count_hidden":0,"_bbp_forum_subforum_count":0,"footnotes":""},"class_list":["post-707","page","type-page","status-publish","hentry"],"post_mailing_queue_ids":[],"_links":{"self":[{"href":"https:\/\/agora.xtec.cat\/ceip-santiscle-vidreres\/wp-json\/wp\/v2\/pages\/707","targetHints":{"allow":["GET"]}}],"collection":[{"href":"https:\/\/agora.xtec.cat\/ceip-santiscle-vidreres\/wp-json\/wp\/v2\/pages"}],"about":[{"href":"https:\/\/agora.xtec.cat\/ceip-santiscle-vidreres\/wp-json\/wp\/v2\/types\/page"}],"author":[{"embeddable":true,"href":"https:\/\/agora.xtec.cat\/ceip-santiscle-vidreres\/wp-json\/wp\/v2\/users\/1"}],"replies":[{"embeddable":true,"href":"https:\/\/agora.xtec.cat\/ceip-santiscle-vidreres\/wp-json\/wp\/v2\/comments?post=707"}],"version-history":[{"count":2,"href":"https:\/\/agora.xtec.cat\/ceip-santiscle-vidreres\/wp-json\/wp\/v2\/pages\/707\/revisions"}],"predecessor-version":[{"id":710,"href":"https:\/\/agora.xtec.cat\/ceip-santiscle-vidreres\/wp-json\/wp\/v2\/pages\/707\/revisions\/710"}],"up":[{"embeddable":true,"href":"https:\/\/agora.xtec.cat\/ceip-santiscle-vidreres\/wp-json\/wp\/v2\/pages\/64"}],"wp:attachment":[{"href":"https:\/\/agora.xtec.cat\/ceip-santiscle-vidreres\/wp-json\/wp\/v2\/media?parent=707"}],"curies":[{"name":"wp","href":"https:\/\/api.w.org\/{rel}","templated":true}]}}

<div style="font-size: 14px; font-weight: 400;">El Consell d’Alumnes està format pels delegats de cada classe de primària més els delegats de P5 d’educació Infantil.</div>
<p style="font-family: 'Helvetica Neue', Helvetica, Helvetica, Arial, sans-serif; font-size: 14px;"><span lang="CA">Les reunions es realitzen trimestralment, com a mínim. Al principi de curs es convoca la 1a assemblea i queda establert el dia i l&#8217;hora de les següents de novembre a maig.</span></p>
<p style="font-family: 'Helvetica Neue', Helvetica, Helvetica, Arial, sans-serif; font-size: 14px;"><span lang="CA">Les delegades o delegats es trien democràticament en cada classe i es canvien amb la periodicitat que cada tutoria estima oportuna.</span></p>
<p style="font-family: 'Helvetica Neue', Helvetica, Helvetica, Arial, sans-serif; font-size: 14px;"><span lang="CA">El Consell d’Alumnes és l&#8217;òrgan encarregat d’intercomunicar les diferents assemblees (tutories) d&#8217;aula que se celebren setmanalment.</span></p>
<p style="font-family: 'Helvetica Neue', Helvetica, Helvetica, Arial, sans-serif; font-size: 14px;"><span lang="CA">Les assemblees d&#8217;aula treballen els temes que afecten l&#8217;organització del cicle, de nivell o de classe: resolució de conflictes, propostes per al grup, anècdotes, actualitat, dinàmiques de grup, així com els temes tractats o proposats per a les assemblees de l&#8217;escola.</span></p>
<p style="font-family: 'Helvetica Neue', Helvetica, Helvetica, Arial, sans-serif; font-size: 14px;"><span lang="CA">Aquestes assemblees d&#8217;aula són la veu de l&#8217;escola en les assemblees de</span>l centre.</p>
<p style="font-family: 'Helvetica Neue', Helvetica, Helvetica, Arial, sans-serif; font-size: 14px;"><span lang="CA">La informació del contingut es fa a través d’una acta que arreplega també la convocatòria de la següent reunió.</span></p>
<p style="font-family: 'Helvetica Neue', Helvetica, Helvetica, Arial, sans-serif; font-size: 14px;"><b><span lang="CA">Tasques del Consell d’Alumnes</span></b></p>
<p style="font-family: 'Helvetica Neue', Helvetica, Helvetica, Arial, sans-serif; font-size: 14px;"><span lang="CA">1. Ser la veu de l&#8217;alumnat:</span></p>
<p style="font-family: 'Helvetica Neue', Helvetica, Helvetica, Arial, sans-serif; font-size: 14px;"><span lang="CA">·          </span><span lang="CA">Portar les propostes de cada aula a les altres classes.</span></p>
<p style="font-family: 'Helvetica Neue', Helvetica, Helvetica, Arial, sans-serif; font-size: 14px;"><span lang="CA">·          </span><span lang="CA">Ser el vehicle d&#8217;informació dels diferents àmbits de l&#8217;escola cap a</span> cada aula.</p>
<p style="font-family: 'Helvetica Neue', Helvetica, Helvetica, Arial, sans-serif; font-size: 14px;"><span lang="CA">2. Ser element actiu al centre:</span></p>
<p style="font-family: 'Helvetica Neue', Helvetica, Helvetica, Arial, sans-serif; font-size: 14px;"><span lang="CA">·          </span><span lang="CA">Decidir quines activitats cal realitzar per a millorar la vida del nostre centre.</span></p>
<p style="font-family: 'Helvetica Neue', Helvetica, Helvetica, Arial, sans-serif; font-size: 14px;"><b><span lang="CA">Objectius del Consell d’Alumnes</span></b><a style="background-image: url('img/anchor.gif');" name="_GoBack"></a></p>
<p style="font-family: 'Helvetica Neue', Helvetica, Helvetica, Arial, sans-serif; font-size: 14px;"><span lang="CA">·          </span><span lang="CA">Promoure a l’escola i a les classes un clima positiu que faciliti </span>el treball i la consecució dels objectius.</p>
<p style="font-family: 'Helvetica Neue', Helvetica, Helvetica, Arial, sans-serif; font-size: 14px;"><span lang="CA">·          </span><span lang="CA">Potenciar la presa de decisions per consens.</span></p>
<p style="font-family: 'Helvetica Neue', Helvetica, Helvetica, Arial, sans-serif; font-size: 14px;"><span lang="CA">·          </span><span lang="CA">Afavorir la responsabilitat i el compromís en l&#8217;organització i funcionament del centre.</span></p>
<p style="font-family: 'Helvetica Neue', Helvetica, Helvetica, Arial, sans-serif; font-size: 14px;"><span lang="CA">·          </span><span lang="CA">Debatre temes d&#8217;importància per a l&#8217;alumnat.</span></p>
<p style="font-family: 'Helvetica Neue', Helvetica, Helvetica, Arial, sans-serif; font-size: 14px;"><span lang="CA">·          </span><span lang="CA">Aprendre a plantejar les necessitats d&#8217;una manera democràtica.</span></p>
<p style="font-family: 'Helvetica Neue', Helvetica, Helvetica, Arial, sans-serif; font-size: 14px;"><span lang="CA">·          </span><span lang="CA">Comprometre l&#8217;alumnat en la participació i organització del nostre centre.</span></p>
<p style="font-family: 'Helvetica Neue', Helvetica, Helvetica, Arial, sans-serif; font-size: 14px;"><span lang="CA">Per a millorar la nostra escola és imprescindible la participació i el compromís de tots i totes per al bon funcionament, la consecució dels objectius i la realització de les tasques proposades.</span></p>
<p style="font-family: 'Helvetica Neue', Helvetica, Helvetica, Arial, sans-serif; font-size: 14px;"><span lang="CA">El Consell permet escoltar l&#8217;opinió de l&#8217;alumnat, aprendre a decidir, a ser responsables, </span></p>
<p style="font-family: 'Helvetica Neue', Helvetica, Helvetica, Arial, sans-serif; font-size: 14px;"><span lang="CA">a organitzar i a crear un clima de convivència democràtic en la nostra escola.</span></p>
<div id="sites-canvas-main" class="sites-canvas-main">
<div id="sites-canvas-main-content"></div>
</div>

<p>El Consell d’Alumnes està format pels delegats de cada classe de primària més els delegats de P5 d’educació Infantil.<br />
Les reunions es realitzen trimestralment, com a mínim. Al principi de curs es convoca la 1a assemblea i queda establert el dia i l&#8217;hora de les següents&hellip;  <a href="https://agora.xtec.cat/ceip-santiscle-vidreres/projecte-educatiu/consell-dalumnes/" title="Read Consell d&#8217;Alumnes">Llegeix més»</a></p>
