{"id":28,"date":"2014-09-18T12:29:35","date_gmt":"2014-09-18T11:29:35","guid":{"rendered":"http:\/\/agora.xtec.cat\/ceip-santiscle-vidreres\/?page_id=28"},"modified":"2025-10-07T13:24:43","modified_gmt":"2025-10-07T11:24:43","slug":"consell-escolar","status":"publish","type":"page","link":"https:\/\/agora.xtec.cat\/ceip-santiscle-vidreres\/lescola\/consell-escolar\/","title":{"rendered":"Consell escolar"},"content":{"rendered":"<p>&nbsp;<\/p>\n<p><u>COMPOSICI\u00d3<\/u>\u00a0 \u00a0 \u00a0 \u00a0 \u00a0 \u00a0 \u00a0 \u00a0 \u00a0 \u00a0 \u00a0 \u00a0 \u00a0 \u00a0 \u00a0 \u00a0 \u00a0 \u00a0 \u00a0 \u00a0 \u00a0 \u00a0 \u00a0 \u00a0 \u00a0 \u00a0 \u00a0 \u00a0 \u00a0 \u00a0 \u00a0 \u00a0 \u00a0 \u00a0 \u00a0 \u00a0 \u00a0 \u00a0 \u00a0 \u00a0 \u00a0 \u00a0 \u00a0 \u00a0 \u00a0 \u00a0 \u00a0 \u00a0 \u00a0 \u00a0 \u00a0 \u00a0 \u00a0 \u00a0 \u00a0 \u00a0 \u00a0 \u00a0 \u00a0 \u00a0 \u00a0 \u00a0 <span style=\"text-decoration: underline; color: #800000;\">ACORDS CURS 2024-25<\/span><u><br \/>\n<\/u><br \/>\n<strong>Directora<\/strong>: Anna Lecha i Areny\u00a0 \u00a0 \u00a0 \u00a0 \u00a0 \u00a0 \u00a0 \u00a0 \u00a0 \u00a0 \u00a0 \u00a0 \u00a0 \u00a0 \u00a0 \u00a0 \u00a0 \u00a0 \u00a0 \u00a0 \u00a0 \u00a0 \u00a0 \u00a0 \u00a0 \u00a0 \u00a0 \u00a0 \u00a0 \u00a0 \u00a0 \u00a0 \u00a0 \u00a0 \u00a0 \u00a0 \u00a0 \u00a0 \u00a0 \u00a0 \u00a0 \u00a0 \u00a0 \u00a0 \u00a0 \u00a0 \u00a0 \u00a0 \u00a0<a href=\"https:\/\/docs.google.com\/document\/d\/18C5Ge5ZeszwCUVO6xE-vHOapiSluKj66NXu8qgpddAk\/edit?usp=sharing\"> Consell Escolar 28 octubre 2024\u00a0<\/a> \u00a0 \u00a0 \u00a0 \u00a0 \u00a0 \u00a0 \u00a0 \u00a0 \u00a0 \u00a0 \u00a0 \u00a0 \u00a0 \u00a0 \u00a0 \u00a0 \u00a0 \u00a0 \u00a0 \u00a0 \u00a0 \u00a0 \u00a0 \u00a0 \u00a0 \u00a0 \u00a0 \u00a0 \u00a0 \u00a0 \u00a0 \u00a0 \u00a0 \u00a0 \u00a0 \u00a0 \u00a0 \u00a0 \u00a0 \u00a0 \u00a0 \u00a0<span style=\"color: #800000;\"> \u00a0<\/span><span style=\"font-family: inherit; font-size: 1em;\"><span style=\"color: #800000;\">\u00a0 \u00a0<\/span> \u00a0 \u00a0<\/span><a style=\"font-family: inherit; font-size: 1em;\" href=\"https:\/\/docs.google.com\/document\/d\/1d8gqpntFG_KzVisZta6eNgc-YUfAsv-PGspOxPpWKS8\/edit?usp=sharing\">\u00a0<\/a><\/p>\n<p><strong>Cap d&#8217;estudis<\/strong>: Anna Turon i Casamitjana\u00a0 \u00a0 \u00a0 \u00a0 \u00a0 \u00a0 \u00a0 \u00a0 \u00a0 \u00a0 \u00a0 \u00a0 \u00a0 \u00a0 \u00a0 \u00a0 \u00a0 \u00a0 \u00a0 \u00a0 \u00a0 \u00a0 \u00a0 \u00a0 \u00a0 \u00a0 \u00a0 \u00a0 \u00a0 \u00a0 \u00a0 \u00a0 \u00a0 \u00a0 \u00a0 \u00a0 \u00a0 \u00a0 \u00a0<span style=\"font-family: inherit; font-size: 1em;\">\u00a0<\/span> <a href=\"https:\/\/docs.google.com\/document\/d\/1rrfdEg_u53yGGQXqZW_yC8-1hQzshVwfsiK4h_e_Kj4\/edit?usp=sharing\">Consell Escolar 4 febrer 2025<\/a><\/p>\n<p><strong>Representant Ajuntament: <\/strong>Anna Soler i Solans\u00a0 \u00a0 \u00a0 \u00a0 \u00a0 \u00a0 \u00a0 \u00a0 \u00a0 \u00a0 \u00a0 \u00a0 \u00a0 \u00a0 \u00a0 \u00a0 \u00a0 \u00a0 \u00a0 \u00a0 \u00a0 \u00a0 \u00a0 \u00a0 \u00a0 \u00a0 \u00a0 \u00a0 \u00a0 \u00a0 \u00a0 \u00a0 \u00a0 \u00a0 \u00a0<span style=\"font-family: inherit; font-size: 1em;\">\u00a0<\/span><span style=\"color: #800000;\"><u>ACORDS\u00a0 CURS 2023-24<\/u><\/span><span style=\"font-family: inherit; font-size: 1em;\"><span style=\"color: #800000;\">\u00a0\u00a0<\/span><\/span><\/p>\n<p style=\"text-align: justify;\"><strong>Representants professorat:<\/strong>\u00a0 \u00a0 \u00a0 \u00a0 \u00a0 \u00a0 \u00a0 \u00a0 \u00a0 \u00a0 \u00a0 \u00a0 \u00a0 \u00a0 \u00a0 \u00a0 \u00a0 \u00a0 \u00a0 \u00a0 \u00a0 \u00a0 \u00a0 \u00a0 \u00a0 \u00a0 \u00a0 \u00a0 \u00a0 \u00a0 \u00a0 \u00a0 \u00a0 \u00a0 \u00a0 \u00a0 \u00a0 \u00a0 \u00a0 \u00a0 \u00a0 \u00a0 \u00a0 \u00a0 \u00a0 \u00a0 \u00a0 \u00a0 \u00a0 \u00a0<span style=\"font-family: inherit; font-size: 1em;\">\u00a0<\/span>Consell Escolar\u00a0<a style=\"font-family: inherit; font-size: 1em; color: #2795b6;\" href=\"https:\/\/docs.google.com\/document\/d\/1d8gqpntFG_KzVisZta6eNgc-YUfAsv-PGspOxPpWKS8\/edit?usp=sharing\">10 octubre 2023<\/a><span style=\"font-family: inherit; font-size: 1em;\">\u00a0\u00a0<\/span><\/p>\n<p>Laura Herrera<span style=\"text-align: justify;\">\u00a0 \u00a0 \u00a0 \u00a0 \u00a0 \u00a0 \u00a0 \u00a0 \u00a0 \u00a0 \u00a0 \u00a0 \u00a0 \u00a0 \u00a0 \u00a0 \u00a0 \u00a0 \u00a0 \u00a0 \u00a0 \u00a0 \u00a0 \u00a0 \u00a0 \u00a0 \u00a0 \u00a0 \u00a0 \u00a0 \u00a0 \u00a0 \u00a0 \u00a0 \u00a0 \u00a0 \u00a0 \u00a0 \u00a0 \u00a0 \u00a0 \u00a0 \u00a0 \u00a0 \u00a0 \u00a0 \u00a0 \u00a0 \u00a0 \u00a0 \u00a0 \u00a0 \u00a0 \u00a0 \u00a0 \u00a0 \u00a0 \u00a0 \u00a0 \u00a0 \u00a0 \u00a0 <\/span><span style=\"text-align: justify;\">\u00a0Consell Escolar \u00a0<\/span><a style=\"font-family: inherit; font-size: 1em; color: #2795b6; text-align: justify;\" href=\"https:\/\/docs.google.com\/document\/d\/1cCpDsYDO8ZYasy8CdHJywIW8HOq9eQnPv-EBbJR2oEo\/edit?usp=sharing\">30 novembre 2023<\/a><span style=\"font-family: inherit; font-size: 1em; text-align: justify;\">\u00a0\u00a0<\/span><\/p>\n<p>Marta Vila\u00a0 \u00a0 \u00a0 \u00a0 \u00a0 \u00a0 \u00a0 \u00a0 \u00a0 \u00a0 \u00a0 \u00a0 \u00a0 \u00a0 \u00a0 \u00a0 \u00a0 \u00a0 \u00a0 \u00a0 \u00a0 \u00a0 \u00a0 \u00a0 \u00a0 \u00a0 \u00a0 \u00a0 \u00a0 \u00a0 \u00a0 \u00a0 \u00a0 \u00a0 \u00a0 \u00a0 \u00a0 \u00a0 \u00a0 \u00a0 \u00a0 \u00a0 \u00a0 \u00a0 \u00a0 \u00a0 \u00a0 \u00a0 \u00a0 \u00a0 \u00a0 \u00a0 \u00a0 \u00a0 \u00a0 \u00a0 \u00a0 \u00a0 \u00a0 \u00a0 \u00a0 \u00a0 \u00a0 \u00a0 \u00a0<span style=\"text-align: justify;\">\u00a0 Consell Escolar\u00a0<\/span><a style=\"font-family: inherit; font-size: 1em; text-align: justify;\" href=\"https:\/\/docs.google.com\/document\/d\/1SQNQRvUuhaRMUa70YVYpRcgWU2B2QSSA4Z1lbXpvKeg\/edit?usp=sharing\">29 gener 2024<\/a><\/p>\n<p style=\"text-align: justify;\">Iolanda Oller\u00a0 \u00a0 \u00a0 \u00a0 \u00a0 \u00a0 \u00a0 \u00a0 \u00a0 \u00a0 \u00a0 \u00a0 \u00a0 \u00a0 \u00a0 \u00a0 \u00a0 \u00a0 \u00a0 \u00a0 \u00a0 \u00a0 \u00a0 \u00a0 \u00a0 \u00a0 \u00a0 \u00a0 \u00a0 \u00a0 \u00a0 \u00a0 \u00a0 \u00a0 \u00a0 \u00a0 \u00a0 \u00a0 \u00a0 \u00a0 \u00a0 \u00a0 \u00a0 \u00a0 \u00a0 \u00a0 \u00a0 \u00a0 \u00a0 \u00a0 \u00a0 \u00a0 \u00a0 \u00a0 \u00a0 \u00a0 \u00a0 \u00a0 \u00a0 \u00a0 \u00a0 \u00a0 \u00a0 \u00a0Consell Escolar\u00a0 <a href=\"https:\/\/docs.google.com\/document\/d\/1YkrmTQ6sOgtn1yb6Dxt3j41Rn8PXJA6Jxp7RT3kdhxI\/edit?usp=sharing\">\u00a09 juliol 2024\u00a0 \u00a0<\/a><\/p>\n<p style=\"text-align: justify;\">Josep Maria Paset<\/p>\n<p>Maria Fern\u00e1ndez<\/p>\n<p>S\u00edlvia Dom\u00e8nech<\/p>\n<p><strong>Representant pares i mares:\u00a0 \u00a0<\/strong><\/p>\n<p><span style=\"font-weight: 400;\">Marta Presas<\/span><\/p>\n<p><span style=\"font-weight: 400;\">Helena Box<\/span><\/p>\n<p><span style=\"font-weight: 400;\">Maria Carme Lloveras<\/span><\/p>\n<p><span style=\"font-weight: 400;\">Raquel de O\u00f1ate<\/span><\/p>\n<p>Marta Vila<\/p>\n<p>Pau Hermoso<\/p>\n<p><strong>Representant AFA<\/strong><\/p>\n<p>David Oliveras<\/p>\n<p><strong>Representant del PAS<\/strong><\/p>\n<p>Anna Maria Joh\u00e9<\/p>\n<p><strong>Secret\u00e0ria<\/strong><\/p>\n<p>Laura Herrera D\u00e9u<\/p>\n<p>&nbsp;<\/p>\n<h2><a name=\"TOC-FUNCIONS\"><\/a><span style=\"font-size: medium;\"><b><u>FUNCIONS<\/u><\/b><\/span><\/h2>\n<p><span style=\"font-size: medium;\">Corresponen al consell escolar les funcions seg\u00fcents:<\/span><\/p>\n<ul>\n<li><span style=\"font-size: medium;\">Participar en l&#8217;aprovaci\u00f3 del projecte educatiu i les seves modificacions. El consell escolar ha de ser consultat pel director de manera preceptiva per valorar la proposta del projecte educatiu i manifestar el seu suport amb una\u00a0 \u00a0\u00a0 \u00a0majoria de les tres cinquenes parts dels membres.<\/span><\/li>\n<li><span style=\"font-size: medium;\">Participar en l&#8217;aprovaci\u00f3 de la programaci\u00f3 general anual, de les normes de funcionament i de la gesti\u00f3 econ\u00f2mica del centre. El consell escolar ha de ser consultat de manera preceptiva per valorar cada una de les propostes i manifestar el seu suport per majoria simple dels membres.<\/span><\/li>\n<li><span style=\"font-size: medium;\">Avaluar l&#8217;aplicaci\u00f3 del projecte educatiu i de les seves modificacions aix\u00ed com de la resta de documents de gesti\u00f3 del centre.<\/span><\/li>\n<li><span style=\"font-size: medium;\">Aprovar les propostes d&#8217;acords de coresponsabilitat, convenis i altres acords de col\u00b7laboraci\u00f3 del centre amb entitats i institucions.<\/span><\/li>\n<li><span style=\"font-size: medium;\">Intervenir en el procediment d&#8217;admissi\u00f3 d&#8217;alumnes.<\/span><\/li>\n<li><span style=\"font-size: medium;\">Participar en el procediment de selecci\u00f3 i en la proposta de cessament del director o directora.<\/span><\/li>\n<li><span style=\"font-size: medium;\">Intervenir en la resoluci\u00f3 dels conflictes i, si escau, revisar les sancions als alumnes.<\/span><\/li>\n<li><span style=\"font-size: medium;\">Aprovar les directrius per a la programaci\u00f3 d&#8217;activitats escolars complement\u00e0ries i d&#8217;activitats extraescolars, i avaluar-ne el desenvolupament.<\/span><\/li>\n<li><span style=\"font-size: medium;\">Participar en les an\u00e0lisis i les avaluacions del funcionament general del centre i con\u00e8ixer l&#8217;evoluci\u00f3 del rendiment escolar.<\/span><\/li>\n<li><span style=\"font-size: medium;\">Aprovar els criteris de col\u00b7laboraci\u00f3 amb altres centres i amb l&#8217;entorn.<\/span><\/li>\n<li><span style=\"font-size: medium;\">Qualsevol altre que li sigui atribu\u00efda per les normes legals o reglament\u00e0ries.<\/span><\/li>\n<\/ul>\n<h2><a name=\"TOC-Composici-en-els-centres-p-blics\"><\/a><strong><span style=\"font-size: medium;\"><a href=\"http:\/\/ensenyament.gencat.cat\/ca\/arees-actuacio\/centres-serveis-educatius\/centres\/consells-escolars-centres\/centres-publics\/#bloc2\" rel=\"nofollow\">Composici\u00f3 en els centres p\u00fablics<\/a><\/span><\/strong><\/h2>\n<ol start=\"1\">\n<li><span style=\"font-size: medium;\">El consell escolar d&#8217;un centre p\u00fablic est\u00e0 integrat per:<\/span><\/li>\n<\/ol>\n<p><span style=\"font-size: medium;\">\u05be\u00a0\u00a0\u00a0\u00a0\u00a0\u00a0\u00a0El director o directora, que el presideix.<\/span><\/p>\n<p><span style=\"font-size: medium;\">\u05be\u00a0\u00a0\u00a0\u00a0\u00a0\u00a0\u00a0El cap o la cap d&#8217;estudis.<\/span><\/p>\n<p><span style=\"font-size: medium;\">\u05be\u00a0\u00a0\u00a0\u00a0\u00a0\u00a0\u00a0Un o una representant de l&#8217;ajuntament de la localitat on es troba situat el centre.<\/span><\/p>\n<p><span style=\"font-size: medium;\">\u05be\u00a0\u00a0\u00a0\u00a0\u00a0\u00a0\u00a0El secretari o secret\u00e0ria del centre<\/span><\/p>\n<p><span style=\"font-size: medium;\">\u05be\u00a0\u00a0\u00a0\u00a0\u00a0\u00a0\u00a0Els i les representants del professorat s&#8217;elegeixen pel claustre.<\/span><\/p>\n<p><span style=\"font-size: medium;\">\u05be\u00a0\u00a0\u00a0\u00a0\u00a0\u00a0\u00a0Els i les representants de l&#8217;alumnat i dels pares i mares o tutors, elegits respectivament per ells i entre ells.<\/span><\/p>\n<p><span style=\"font-size: medium;\">\u05be\u00a0\u00a0\u00a0\u00a0\u00a0\u00a0\u00a0Un o una representant del personal d&#8217;administraci\u00f3 i serveis, elegit per i entre aquest personal.<\/span><\/p>\n<p><span style=\"font-size: medium;\">\u05be\u00a0\u00a0\u00a0\u00a0\u00a0\u00a0\u00a0En els centres espec\u00edfics d&#8217;educaci\u00f3 especial i en els que tinguin unitats d&#8217;educaci\u00f3 especial tamb\u00e9 \u00e9s membre del consell escolar un o una representant del personal d&#8217;atenci\u00f3 educativa. La representaci\u00f3 d&#8217;aquest personal no t\u00e9 la consideraci\u00f3 de representaci\u00f3 del professorat als efectes de determinar la composici\u00f3 del consell escolar. <\/span><\/p>\n<p><span style=\"font-size: medium; font-family: inherit;\">2. El nombre de representants del professorat no pot ser inferior a un ter\u00e7 del total de membres del consell, elegits pel claustre i en representaci\u00f3 d&#8217;aquest.<\/span><\/p>\n<p><span style=\"font-size: medium;\">3. El nombre de representants de l&#8217;alumnat i pares i mares o tutors, en conjunt, no pot ser inferior a un ter\u00e7 del total de persones membres del consell. Una de les persones representants dels progenitors la designa l&#8217;associaci\u00f3 de pares i mares m\u00e9s representativa del centre.<\/span><\/p>\n<p><span style=\"font-size: medium;\">4. Cada centre determina la <strong>composici\u00f3 del consell escolar<\/strong>\u00a0que queda recollida a les seves normes d&#8217;organitzaci\u00f3 i funcionament, d&#8217;acord amb el que s&#8217;estableix en el Decret 102\/2010, de 3 d&#8217;agost, d&#8217;autonomia dels centres educatius i la resta de legislaci\u00f3 vigent.<\/span><\/p>\n<p><span style=\"font-size: medium;\">5. En els <strong>centres de nova creaci\u00f3<\/strong>, el director o directora ha d&#8217;ajustar la composici\u00f3 del consell escolar respectant el que estableixen els apartats 3 i 4. En els\u00a0<strong>centres incomplets<\/strong>, quan el nombre de professorat no permeti assolir el que preveu l&#8217;apartat 3, les normes d&#8217;organitzaci\u00f3 i funcionament han d&#8217;establir que, en tot cas, hi hagi el mateix nombre de representants del professorat i de representants de l&#8217;alumnat\u00a0i pares i mares en conjunt.<\/span><\/p>\n<p><span style=\"font-size: medium;\"><span style=\"font-size: medium;\">6. En els centres que imparteixen exclusivament ensenyaments que duen a l&#8217;obtenci\u00f3 de t\u00edtols acad\u00e8mics que equivalen a t\u00edtols universitaris, en les escoles oficials d&#8217;idiomes, en les escoles d&#8217;art, en els centres que imparteixen\u00a0 \u00a0\u00a0 \u00a0ensenyaments de r\u00e8gim especial d&#8217;esports i en els altres centres que imparteixen ensenyaments exclusivament a alumnes majors de divuit anys, no hi ha representaci\u00f3 dels pares i mares dels i de les alumnes.<\/span><\/span>En els\u00a0<strong>centres espec\u00edfics d&#8217;educaci\u00f3 especial<\/strong>\u00a0i en els que tenen unitats d&#8217;educaci\u00f3 especial hi ha d&#8217;haver una persona representant del personal d&#8217;atenci\u00f3 educativa.En els\u00a0<strong>centres que imparteixen cicles formatius<\/strong>\u00a0de dues o m\u00e9s fam\u00edlies professionals, o en els centres en qu\u00e8 almenys el 25% de l&#8217;alumnat cursa ensenyaments de formaci\u00f3 professional o d&#8217;arts pl\u00e0stiques i disseny, ensenyaments de grau mitj\u00e0 de m\u00fasica o de dansa o ensenyaments art\u00edstics superiors, es pot incorporar a les sessions del consell escolar una persona proposada per les institucions empresarials o laborals presents en l&#8217;\u00e0mbit d&#8217;acci\u00f3 del centre, amb veu i sense vot.<\/p>\n<p><span style=\"font-size: medium;\">7. El centre no pot modificar la configuraci\u00f3 del consell escolar dins dels tres cursos acad\u00e8mics seg\u00fcents a aquell en qu\u00e8 \u00e9s determinada. L&#8217;aprovaci\u00f3 d&#8217;una modificaci\u00f3 en la composici\u00f3 del consell escolar no entrar\u00e0 en vigor fins al primer proc\u00e9s electoral que es dugui a terme despr\u00e9s que s&#8217;hagi aprovat.<\/span><\/p>\n<p><span style=\"font-size: medium;\">8. Un cop constitu\u00eft, el consell escolar del centre ha de designar una persona que impulsi mesures educatives de foment de la igualtat real i efectiva entre homes i dones.<\/span><\/p>\n<h2><a name=\"TOC-Funcionament\"><\/a><strong><span style=\"font-size: medium;\"><a href=\"http:\/\/ensenyament.gencat.cat\/ca\/arees-actuacio\/centres-serveis-educatius\/centres\/consells-escolars-centres\/centres-publics\/#bloc5\" rel=\"nofollow\">Funcionament<\/a><\/span><\/strong><\/h2>\n<p><span style=\"font-size: medium;\">El consell escolar ha d&#8217;aprovar les seves normes de funcionament. En all\u00f2 que no estigui previst s&#8217;han d&#8217;aplicar les normes reguladores dels \u00f2rgans col\u00b7legiats de l&#8217;Administraci\u00f3 de la Generalitat.<\/span><\/p>\n<p><span style=\"font-size: medium;\">El consell escolar del centre es reuneix preceptivament una vegada al trimestre i sempre que el convoca el director o directora del centre o ho sol\u00b7licita al menys un ter\u00e7 de les seves persones membres. A m\u00e9s, s&#8217;ha de fer una reuni\u00f3 a principi de curs i una altra a la seva finalitzaci\u00f3.<\/span><\/p>\n<p><span style=\"font-size: medium;\">El consell escolar actua normalment en ple. Es poden constituir comissions espec\u00edfiques d\u2019estudi i informaci\u00f3, a les quals, en tot cas, s\u2019hi ha d\u2019incorporar la direcci\u00f3 del centre, o en la seva representaci\u00f3, un altre \u00f2rgan\u00a0unipersonal de direcci\u00f3,\u00a0un professor o professora, i un alumne o alumna o un representant o una representant de les mares i els pares. Els centres de titularitat p\u00fablica, a m\u00e9s, hi ha d&#8217;haver preceptivament\u00a0una\u00a0<strong>comissi\u00f3 econ\u00f2mica<\/strong>\u00a0que supervisa la gesti\u00f3 econ\u00f2mica del centre.<\/span><\/p>\n<h2><a name=\"TOC-Renovaci-de-membres\"><\/a><span style=\"font-size: medium;\"><a href=\"http:\/\/ensenyament.gencat.cat\/ca\/arees-actuacio\/centres-serveis-educatius\/centres\/consells-escolars-centres\/centres-publics\/#bloc6\" rel=\"nofollow\">Renovaci\u00f3 de membres<\/a><\/span><\/h2>\n<p><span style=\"font-size: medium;\">Les persones del consell escolar s\u00f3n elegides per\u00a0<strong>un per\u00edode de quatre anys<\/strong>\u00a0i es renoven per meitats cada dos anys.<\/span><\/p>\n<p><span style=\"font-size: medium;\">Les eleccions per a la constituci\u00f3 o renovaci\u00f3 de membres del consell escolar, les convoca el director o directora del centre p\u00fablic, amb quinze dies d&#8217;antelaci\u00f3, dintre del per\u00edode que fixa el Departament d&#8217;Ensenyament.<\/span><\/p>\n<p><span style=\"font-size: medium;\">Les\u00a0<strong>vacants<\/strong>\u00a0del consell escolar s&#8217;han d&#8217;ocupar pel procediment establert a les normes d&#8217;organitzaci\u00f3 i funcionament del centre; si aquestes no ho preveuen, les ha d&#8217;ocupar la seg\u00fcent candidatura m\u00e9s votada en les darreres eleccions. Si no hi ha m\u00e9s candidats o candidates per cobrir-les, romanen sense cobrir fins a la propera renovaci\u00f3 del consell escolar.<\/span><\/p>\n<p><span style=\"font-size: medium;\">La condici\u00f3 de membre del consell escolar es perd quan es deixa el c\u00e0rrec que comporta ser-ne membre, quan es deixa de complir algun dels requisits per ser elegible o quan l&#8217;\u00f2rgan que l&#8217;ha designat en revoca la designaci\u00f3.<\/span><\/p>\n<p><span style=\"font-size: medium;\">\u00a0<\/span><\/p>\n<p><i><a href=\"http:\/\/ensenyament.gencat.cat\/ca\/arees-actuacio\/centres-serveis-educatius\/centres\/consells-escolars-centres\/centres-publics\/\" rel=\"nofollow\"><span style=\"font-size: medium;\">http:\/\/ensenyament.gencat.cat\/ca\/arees-actuacio\/centres-serveis-educatius\/centres\/consells-escolars-centres\/centres-publics\/<\/span><\/a><\/i><\/p>\n","protected":false},"excerpt":{"rendered":"<p>&nbsp;<br \/>\nCOMPOSICI\u00d3\u00a0 \u00a0 \u00a0 \u00a0 \u00a0 \u00a0 \u00a0 \u00a0 \u00a0 \u00a0 \u00a0 \u00a0 \u00a0 \u00a0 \u00a0 \u00a0 \u00a0 \u00a0 \u00a0 \u00a0 \u00a0 \u00a0 \u00a0 \u00a0 \u00a0 \u00a0 \u00a0 \u00a0 \u00a0 \u00a0 \u00a0 \u00a0 \u00a0 \u00a0 \u00a0 \u00a0 \u00a0 \u00a0 \u00a0 \u00a0 \u00a0 \u00a0 \u00a0 \u00a0 \u00a0&hellip;  <a href=\"https:\/\/agora.xtec.cat\/ceip-santiscle-vidreres\/lescola\/consell-escolar\/\" title=\"Read Consell escolar\">Llegeix m\u00e9s\u00bb<\/a><\/p>\n","protected":false},"author":1,"featured_media":0,"parent":22,"menu_order":30,"comment_status":"closed","ping_status":"closed","template":"page-templates\/side-menu.php","meta":{"_bbp_topic_count":0,"_bbp_reply_count":0,"_bbp_total_topic_count":0,"_bbp_total_reply_count":0,"_bbp_voice_count":0,"_bbp_anonymous_reply_count":0,"_bbp_topic_count_hidden":0,"_bbp_reply_count_hidden":0,"_bbp_forum_subforum_count":0,"footnotes":""},"class_list":["post-28","page","type-page","status-publish","hentry"],"post_mailing_queue_ids":[],"_links":{"self":[{"href":"https:\/\/agora.xtec.cat\/ceip-santiscle-vidreres\/wp-json\/wp\/v2\/pages\/28","targetHints":{"allow":["GET"]}}],"collection":[{"href":"https:\/\/agora.xtec.cat\/ceip-santiscle-vidreres\/wp-json\/wp\/v2\/pages"}],"about":[{"href":"https:\/\/agora.xtec.cat\/ceip-santiscle-vidreres\/wp-json\/wp\/v2\/types\/page"}],"author":[{"embeddable":true,"href":"https:\/\/agora.xtec.cat\/ceip-santiscle-vidreres\/wp-json\/wp\/v2\/users\/1"}],"replies":[{"embeddable":true,"href":"https:\/\/agora.xtec.cat\/ceip-santiscle-vidreres\/wp-json\/wp\/v2\/comments?post=28"}],"version-history":[{"count":6,"href":"https:\/\/agora.xtec.cat\/ceip-santiscle-vidreres\/wp-json\/wp\/v2\/pages\/28\/revisions"}],"predecessor-version":[{"id":6074,"href":"https:\/\/agora.xtec.cat\/ceip-santiscle-vidreres\/wp-json\/wp\/v2\/pages\/28\/revisions\/6074"}],"up":[{"embeddable":true,"href":"https:\/\/agora.xtec.cat\/ceip-santiscle-vidreres\/wp-json\/wp\/v2\/pages\/22"}],"wp:attachment":[{"href":"https:\/\/agora.xtec.cat\/ceip-santiscle-vidreres\/wp-json\/wp\/v2\/media?parent=28"}],"curies":[{"name":"wp","href":"https:\/\/api.w.org\/{rel}","templated":true}]}}