{"id":34,"date":"2014-09-18T12:32:18","date_gmt":"2014-09-18T12:32:18","guid":{"rendered":"http:\/\/agora.xtec.cat\/ceip-santildefons-cornella\/?page_id=34"},"modified":"2020-06-29T13:47:02","modified_gmt":"2020-06-29T11:47:02","slug":"oferta-educativa","status":"publish","type":"page","link":"https:\/\/agora.xtec.cat\/ceip-santildefons-cornella\/projecte-educatiu\/oferta-educativa\/","title":{"rendered":"Activitats pedag\u00f2giques de l&#8217;Escola."},"content":{"rendered":"<ol>\n<li><strong> Utilitzaci\u00f3 de les TAC.<\/strong><\/li>\n<\/ol>\n<p><strong>&#8211; Infantil: aplicaci\u00f3 a les activitats amb PDI<\/strong><\/p>\n<p><strong>&#8211; Prim\u00e0ria: \u00a0 \u00a0<\/strong><br \/>\n<strong>\u00a0 \u00a0 \u00a0 \u00a0 \u00a0 \u00a0 \u00a0 \u00a0 \u00a0 \u00a0 \u00a0 \u00a0\u00a0 &#8211; <\/strong><strong>Pissarres digital\u00a0<\/strong><br \/>\n<strong>\u00a0\u00a0\u00a0\u00a0\u00a0\u00a0\u00a0\u00a0\u00a0\u00a0\u00a0\u00a0\u00a0\u00a0\u00a0\u00a0\u00a0\u00a0\u00a0\u00a0\u00a0 \u00a0\u00a0 &#8211; treball Coneixement del Medi i altres assignatures.<\/strong><\/p>\n<p><strong>&#8211; Biblioteca llibres digitals\u00a0\u00a0\u00a0\u00a0\u00a0 <\/strong><\/p>\n<ol start=\"2\">\n<li><strong> Expressi\u00f3 Oral en Angl\u00e8s a Cicle superior.<\/strong><\/li>\n<\/ol>\n<p><strong>Treball sisena hora d\u2019angl\u00e8s a CS. <\/strong><strong>Mitjan\u00e7ant desdoblaments a 6\u00e8 i sense desdoblaments a 5\u00e8. <\/strong><\/p>\n<p>&nbsp;<\/p>\n<ol start=\"3\">\n<li><strong> Projecte ens Agrada llegir:<\/strong><\/li>\n<\/ol>\n<p><strong>&#8211; 20 minuts de lectura<\/strong><\/p>\n<p><strong>&#8211; Apadrinament lector: entre 1r i 6\u00e8<\/strong><\/p>\n<p><strong>&#8211; Dinamitzaci\u00f3 de la biblioteca: pr\u00e9stec, taller Pictoescriptura, activitats mensuals proposades per el BIP BIP.<\/strong><\/p>\n<p><strong>&#8211; Maleta de llibres a cicle Inicial<\/strong><\/p>\n<p><strong>&#8211; P4 i P5 la maleta viatgera.<\/strong><\/p>\n<p><strong>\u00a0 <\/strong><\/p>\n<ol start=\"4\">\n<li><strong> Projecte Constel\u00b7lacions<\/strong><\/li>\n<\/ol>\n<p><strong>Es duu a terme a prim\u00e0ria.\u00a0 <\/strong><\/p>\n<ol start=\"5\">\n<li><strong> Jocs de Pati.<\/strong><br \/>\n<strong><strong>Es duu a terme a prim\u00e0ria.<\/strong><\/strong><\/li>\n<li><strong> Activitats PIL<\/strong><\/li>\n<\/ol>\n<p><strong>&#8211; Infantil:\u00a0<\/strong><strong>\u00a0\u00a0<\/strong><br \/>\n<strong>\u00a0\u00a0\u00a0\u00a0\u00a0\u00a0\u00a0\u00a0\u00a0\u00a0\u00a0\u00a0\u00a0\u00a0\u00a0\u00a0\u00a0\u00a0\u00a0 &#8211; <\/strong><strong>la rotllana,\u00a0 <\/strong><strong>\u00a0<\/strong><br \/>\n<strong>\u00a0\u00a0\u00a0\u00a0\u00a0\u00a0\u00a0\u00a0\u00a0\u00a0\u00a0\u00a0\u00a0\u00a0\u00a0\u00a0\u00a0\u00a0\u00a0 &#8211; l\u2019hora del conte<\/strong><br \/>\n<strong>\u00a0\u00a0\u00a0\u00a0\u00a0\u00a0\u00a0\u00a0\u00a0\u00a0\u00a0\u00a0\u00a0\u00a0\u00a0\u00a0\u00a0\u00a0\u00a0 &#8211;<\/strong><strong> joc simb\u00f2lic<\/strong><br \/>\n<strong>\u00a0\u00a0\u00a0\u00a0\u00a0\u00a0\u00a0\u00a0\u00a0\u00a0\u00a0\u00a0\u00a0\u00a0\u00a0\u00a0\u00a0\u00a0\u00a0 &#8211; maleta viatgera P4 i P5<\/strong><br \/>\n<strong><br \/>\n<\/strong><\/p>\n<p><strong>&#8211; Prim\u00e0ria<strong>\u00a0<\/strong><\/strong><br \/>\n<strong><strong>\u00a0\u00a0\u00a0\u00a0\u00a0\u00a0\u00a0\u00a0\u00a0\u00a0\u00a0\u00a0\u00a0\u00a0\u00a0\u00a0\u00a0\u00a0\u00a0\u00a0\u00a0\u00a0\u00a0 L\u2019assemblea.<\/strong><\/strong><\/p>\n<ol>\n<li><strong><strong> Inicial: cada setmana l\u2019alumne que s\u2019emporta la maleta explicar\u00e0 en veu alta un llibre de la maleta.<\/strong><\/strong><br \/>\n<strong><strong>C. mitj\u00e0: exposici\u00f3 oral d\u2019un treball en grup de coneixement del medi (en grup)<\/strong><\/strong><\/li>\n<li><strong><strong> Superior: exposici\u00f3 oral d\u2019un treball de coneixement del medi (individualment o parelles)<\/strong><\/strong><\/li>\n<\/ol>\n<p><strong> \u00a0\u00a0 <\/strong><strong><br \/>\n<\/strong><\/p>\n<ol start=\"7\">\n<li><strong> Pla Acollida<\/strong><\/li>\n<\/ol>\n<p><strong>8.Treball de les emocions i mediaci\u00f3 escolar.<\/strong><\/p>\n<p><strong>9.Per una escola m\u00e9s sostenible:<\/strong><\/p>\n<p><strong>&#8211; Hort a l\u2019escola.<\/strong><\/p>\n<p><strong>&#8211; Oli CLACK<\/strong><\/p>\n<p><strong>&#8211; A la nostra escola mengem fruita<\/strong><\/p>\n<p><strong>&#8211; Eliminem el paper de plata<\/strong><\/p>\n<p><strong>&#8211; Reciclem els nostres residus: paper, pl\u00e0stic, mat\u00e8ria org\u00e0nica, t\u00f2ners, piles&#8230;<\/strong><\/p>\n","protected":false},"excerpt":{"rendered":"<ol>\n<li> Utilitzaci\u00f3 de les TAC.<\/li>\n<\/ol>\n<p>&#8211; Infantil: aplicaci\u00f3 a les activitats amb PDI<br \/>\n&#8211; Prim\u00e0ria: \u00a0 \u00a0<br \/>\n\u00a0 \u00a0 \u00a0 \u00a0 \u00a0 \u00a0 \u00a0 \u00a0 \u00a0 \u00a0 \u00a0 \u00a0\u00a0 &#8211; Pissarres digital\u00a0<br \/>\n\u00a0\u00a0\u00a0\u00a0\u00a0\u00a0\u00a0\u00a0\u00a0\u00a0\u00a0\u00a0\u00a0\u00a0\u00a0\u00a0\u00a0\u00a0\u00a0\u00a0\u00a0 \u00a0\u00a0 &#8211; treball Coneixement del Medi i altres assignatures.<br \/>\n&#8211; Biblioteca llibres digitals\u00a0\u00a0\u00a0\u00a0\u00a0 <\/p>\n<ol start=\"2\">\n<li> Expressi\u00f3 Oral&hellip;  <a href=\"https:\/\/agora.xtec.cat\/ceip-santildefons-cornella\/projecte-educatiu\/oferta-educativa\/\" title=\"Read Activitats pedag\u00f2giques de l&#8217;Escola.\">Llegeix m\u00e9s\u00bb<\/a><br \/>\n","protected":false},"author":2,"featured_media":0,"parent":64,"menu_order":7,"comment_status":"closed","ping_status":"closed","template":"page-templates\/side-menu.php","meta":{"_bbp_topic_count":0,"_bbp_reply_count":0,"_bbp_total_topic_count":0,"_bbp_total_reply_count":0,"_bbp_voice_count":0,"_bbp_anonymous_reply_count":0,"_bbp_topic_count_hidden":0,"_bbp_reply_count_hidden":0,"_bbp_forum_subforum_count":0,"footnotes":""},"class_list":["post-34","page","type-page","status-publish","hentry"],"post_mailing_queue_ids":[],"_links":{"self":[{"href":"https:\/\/agora.xtec.cat\/ceip-santildefons-cornella\/wp-json\/wp\/v2\/pages\/34","targetHints":{"allow":["GET"]}}],"collection":[{"href":"https:\/\/agora.xtec.cat\/ceip-santildefons-cornella\/wp-json\/wp\/v2\/pages"}],"about":[{"href":"https:\/\/agora.xtec.cat\/ceip-santildefons-cornella\/wp-json\/wp\/v2\/types\/page"}],"author":[{"embeddable":true,"href":"https:\/\/agora.xtec.cat\/ceip-santildefons-cornella\/wp-json\/wp\/v2\/users\/2"}],"replies":[{"embeddable":true,"href":"https:\/\/agora.xtec.cat\/ceip-santildefons-cornella\/wp-json\/wp\/v2\/comments?post=34"}],"version-history":[{"count":3,"href":"https:\/\/agora.xtec.cat\/ceip-santildefons-cornella\/wp-json\/wp\/v2\/pages\/34\/revisions"}],"predecessor-version":[{"id":292,"href":"https:\/\/agora.xtec.cat\/ceip-santildefons-cornella\/wp-json\/wp\/v2\/pages\/34\/revisions\/292"}],"up":[{"embeddable":true,"href":"https:\/\/agora.xtec.cat\/ceip-santildefons-cornella\/wp-json\/wp\/v2\/pages\/64"}],"wp:attachment":[{"href":"https:\/\/agora.xtec.cat\/ceip-santildefons-cornella\/wp-json\/wp\/v2\/media?parent=34"}],"curies":[{"name":"wp","href":"https:\/\/api.w.org\/{rel}","templated":true}]}}

Activitats pedagògiques de l&#8217;Escola.

<ol>
<li><strong> Utilització de les TAC.</strong></li>
</ol>
<p><strong>&#8211; Infantil: aplicació a les activitats amb PDI</strong></p>
<p><strong>&#8211; Primària:    </strong><br />
<strong>                         &#8211; </strong><strong>Pissarres digital </strong><br />
<strong>                         &#8211; treball Coneixement del Medi i altres assignatures.</strong></p>
<p><strong>&#8211; Biblioteca llibres digitals      </strong></p>
<ol start="2">
<li><strong> Expressió Oral en Anglès a Cicle superior.</strong></li>
</ol>
<p><strong>Treball sisena hora d’anglès a CS. </strong><strong>Mitjançant desdoblaments a 6è i sense desdoblaments a 5è. </strong></p>
<p>&nbsp;</p>
<ol start="3">
<li><strong> Projecte ens Agrada llegir:</strong></li>
</ol>
<p><strong>&#8211; 20 minuts de lectura</strong></p>
<p><strong>&#8211; Apadrinament lector: entre 1r i 6è</strong></p>
<p><strong>&#8211; Dinamització de la biblioteca: préstec, taller Pictoescriptura, activitats mensuals proposades per el BIP BIP.</strong></p>
<p><strong>&#8211; Maleta de llibres a cicle Inicial</strong></p>
<p><strong>&#8211; P4 i P5 la maleta viatgera.</strong></p>
<p><strong>  </strong></p>
<ol start="4">
<li><strong> Projecte Constel·lacions</strong></li>
</ol>
<p><strong>Es duu a terme a primària.  </strong></p>
<ol start="5">
<li><strong> Jocs de Pati.</strong><br />
<strong><strong>Es duu a terme a primària.</strong></strong></li>
<li><strong> Activitats PIL</strong></li>
</ol>
<p><strong>&#8211; Infantil: </strong><strong>  </strong><br />
<strong>                    &#8211; </strong><strong>la rotllana,  </strong><strong> </strong><br />
<strong>                    &#8211; l’hora del conte</strong><br />
<strong>                    &#8211;</strong><strong> joc simbòlic</strong><br />
<strong>                    &#8211; maleta viatgera P4 i P5</strong><br />
<strong><br />
</strong></p>
<p><strong>&#8211; Primària<strong> </strong></strong><br />
<strong><strong>                        L’assemblea.</strong></strong></p>
<ol>
<li><strong><strong> Inicial: cada setmana l’alumne que s’emporta la maleta explicarà en veu alta un llibre de la maleta.</strong></strong><br />
<strong><strong>C. mitjà: exposició oral d’un treball en grup de coneixement del medi (en grup)</strong></strong></li>
<li><strong><strong> Superior: exposició oral d’un treball de coneixement del medi (individualment o parelles)</strong></strong></li>
</ol>
<p><strong>    </strong><strong><br />
</strong></p>
<ol start="7">
<li><strong> Pla Acollida</strong></li>
</ol>
<p><strong>8.Treball de les emocions i mediació escolar.</strong></p>
<p><strong>9.Per una escola més sostenible:</strong></p>
<p><strong>&#8211; Hort a l’escola.</strong></p>
<p><strong>&#8211; Oli CLACK</strong></p>
<p><strong>&#8211; A la nostra escola mengem fruita</strong></p>
<p><strong>&#8211; Eliminem el paper de plata</strong></p>
<p><strong>&#8211; Reciclem els nostres residus: paper, plàstic, matèria orgànica, tòners, piles&#8230;</strong></p>

<ol>
<li> Utilització de les TAC.</li>
</ol>
<p>&#8211; Infantil: aplicació a les activitats amb PDI<br />
&#8211; Primària:    <br />
                         &#8211; Pissarres digital <br />
                         &#8211; treball Coneixement del Medi i altres assignatures.<br />
&#8211; Biblioteca llibres digitals      </p>
<ol start="2">
<li> Expressió Oral&hellip;  <a href="https://agora.xtec.cat/ceip-santildefons-cornella/projecte-educatiu/oferta-educativa/" title="Read Activitats pedagògiques de l&#8217;Escola.">Llegeix més»</a><br />
