{"id":2861,"date":"2019-02-14T09:56:08","date_gmt":"2019-02-14T08:56:08","guid":{"rendered":"http:\/\/agora.xtec.cat\/ceip-santildefons-cornella\/?page_id=2861"},"modified":"2026-02-02T16:43:11","modified_gmt":"2026-02-02T15:43:11","slug":"projecte-linguistic-de-centre","status":"publish","type":"page","link":"https:\/\/agora.xtec.cat\/ceip-santildefons-cornella\/projecte-educatiu\/projecte-linguistic-de-centre\/","title":{"rendered":"Projecte Ling\u00fc\u00edstic de Centre"},"content":{"rendered":"<p>En el seg\u00fcent enlla\u00e7 podeu consultar el nostre Projecte Ling\u00fc\u00edstic de Centre:<\/p>\n<h3><a href=\"https:\/\/drive.google.com\/file\/d\/1S53rM7oxIpKFuzzqzHOjRpfDyVmT74gz\/view?usp=sharing\">Projecte L\u00edng\u00fc\u00edstic Escola Sant Ildefons<\/a><\/h3>\n<p><a href=\"https:\/\/drive.google.com\/file\/d\/1S53rM7oxIpKFuzzqzHOjRpfDyVmT74gz\/view?usp=sharing\"><img loading=\"lazy\" decoding=\"async\" class=\"wp-image-2877 aligncenter\" src=\"https:\/\/agora.xtec.cat\/ceip-santildefons-cornella\/wp-content\/uploads\/usu544\/2019\/02\/plc-1024x576.jpg\" alt=\"\" width=\"412\" height=\"232\" srcset=\"https:\/\/agora.xtec.cat\/ceip-santildefons-cornella\/wp-content\/uploads\/usu544\/2019\/02\/plc-1024x576.jpg 1024w, https:\/\/agora.xtec.cat\/ceip-santildefons-cornella\/wp-content\/uploads\/usu544\/2019\/02\/plc-300x169.jpg 300w, https:\/\/agora.xtec.cat\/ceip-santildefons-cornella\/wp-content\/uploads\/usu544\/2019\/02\/plc-768x432.jpg 768w, https:\/\/agora.xtec.cat\/ceip-santildefons-cornella\/wp-content\/uploads\/usu544\/2019\/02\/plc.jpg 1152w\" sizes=\"auto, (max-width: 412px) 100vw, 412px\" \/><\/a><\/p>\n","protected":false},"excerpt":{"rendered":"<p>En el seg\u00fcent enlla\u00e7 podeu consultar el nostre Projecte Ling\u00fc\u00edstic de Centre:<br \/>\n<a href=\"https:\/\/drive.google.com\/file\/d\/1S53rM7oxIpKFuzzqzHOjRpfDyVmT74gz\/view?usp=sharing\">Projecte L\u00edng\u00fc\u00edstic Escola Sant Ildefons<\/a><br \/>\n<a href=\"https:\/\/drive.google.com\/file\/d\/1S53rM7oxIpKFuzzqzHOjRpfDyVmT74gz\/view?usp=sharing\"><\/a><\/p>\n","protected":false},"author":4,"featured_media":0,"parent":64,"menu_order":6,"comment_status":"closed","ping_status":"closed","template":"page-templates\/side-menu.php","meta":{"_bbp_topic_count":0,"_bbp_reply_count":0,"_bbp_total_topic_count":0,"_bbp_total_reply_count":0,"_bbp_voice_count":0,"_bbp_anonymous_reply_count":0,"_bbp_topic_count_hidden":0,"_bbp_reply_count_hidden":0,"_bbp_forum_subforum_count":0,"footnotes":""},"class_list":["post-2861","page","type-page","status-publish","hentry"],"post_mailing_queue_ids":[],"_links":{"self":[{"href":"https:\/\/agora.xtec.cat\/ceip-santildefons-cornella\/wp-json\/wp\/v2\/pages\/2861","targetHints":{"allow":["GET"]}}],"collection":[{"href":"https:\/\/agora.xtec.cat\/ceip-santildefons-cornella\/wp-json\/wp\/v2\/pages"}],"about":[{"href":"https:\/\/agora.xtec.cat\/ceip-santildefons-cornella\/wp-json\/wp\/v2\/types\/page"}],"author":[{"embeddable":true,"href":"https:\/\/agora.xtec.cat\/ceip-santildefons-cornella\/wp-json\/wp\/v2\/users\/4"}],"replies":[{"embeddable":true,"href":"https:\/\/agora.xtec.cat\/ceip-santildefons-cornella\/wp-json\/wp\/v2\/comments?post=2861"}],"version-history":[{"count":5,"href":"https:\/\/agora.xtec.cat\/ceip-santildefons-cornella\/wp-json\/wp\/v2\/pages\/2861\/revisions"}],"predecessor-version":[{"id":6469,"href":"https:\/\/agora.xtec.cat\/ceip-santildefons-cornella\/wp-json\/wp\/v2\/pages\/2861\/revisions\/6469"}],"up":[{"embeddable":true,"href":"https:\/\/agora.xtec.cat\/ceip-santildefons-cornella\/wp-json\/wp\/v2\/pages\/64"}],"wp:attachment":[{"href":"https:\/\/agora.xtec.cat\/ceip-santildefons-cornella\/wp-json\/wp\/v2\/media?parent=2861"}],"curies":[{"name":"wp","href":"https:\/\/api.w.org\/{rel}","templated":true}]}}

Projecte Lingüístic de Centre

<p>En el següent enllaç podeu consultar el nostre Projecte Lingüístic de Centre:</p>
<h3><a href="https://drive.google.com/file/d/1S53rM7oxIpKFuzzqzHOjRpfDyVmT74gz/view?usp=sharing">Projecte Língüístic Escola Sant Ildefons</a></h3>
<p><a href="https://drive.google.com/file/d/1S53rM7oxIpKFuzzqzHOjRpfDyVmT74gz/view?usp=sharing"><img loading="lazy" decoding="async" class="wp-image-2877 aligncenter" src="https://agora.xtec.cat/ceip-santildefons-cornella/wp-content/uploads/usu544/2019/02/plc-1024x576.jpg" alt="" width="412" height="232" srcset="https://agora.xtec.cat/ceip-santildefons-cornella/wp-content/uploads/usu544/2019/02/plc-1024x576.jpg 1024w, https://agora.xtec.cat/ceip-santildefons-cornella/wp-content/uploads/usu544/2019/02/plc-300x169.jpg 300w, https://agora.xtec.cat/ceip-santildefons-cornella/wp-content/uploads/usu544/2019/02/plc-768x432.jpg 768w, https://agora.xtec.cat/ceip-santildefons-cornella/wp-content/uploads/usu544/2019/02/plc.jpg 1152w" sizes="auto, (max-width: 412px) 100vw, 412px" /></a></p>

<p>En el següent enllaç podeu consultar el nostre Projecte Lingüístic de Centre:<br />
<a href="https://drive.google.com/file/d/1S53rM7oxIpKFuzzqzHOjRpfDyVmT74gz/view?usp=sharing">Projecte Língüístic Escola Sant Ildefons</a><br />
<a href="https://drive.google.com/file/d/1S53rM7oxIpKFuzzqzHOjRpfDyVmT74gz/view?usp=sharing"></a></p>
