{"id":1661,"date":"2017-03-17T12:52:54","date_gmt":"2017-03-17T11:52:54","guid":{"rendered":"http:\/\/agora.xtec.cat\/ceip-santildefons-cornella\/?page_id=1661"},"modified":"2020-06-29T13:42:07","modified_gmt":"2020-06-29T11:42:07","slug":"trets-didentitat","status":"publish","type":"page","link":"https:\/\/agora.xtec.cat\/ceip-santildefons-cornella\/projecte-educatiu\/trets-didentitat\/","title":{"rendered":"Trets d&#8217;identitat"},"content":{"rendered":"<p>El nostre Projecte Educatiu es defineix pel seg\u00fcents <strong>TRETS D&#8217;IDENTITAT:<\/strong><\/p>\n<p>El Projecte Educatiu de Centre estableix les l\u00ednies d\u2019actuaci\u00f3 per a tots el membres de la nostra Comunitat Educativa i \u00e9s a l\u2019hora, el comprom\u00eds de la nostra escola amb la Societat del S.XXI.<\/p>\n<ul>\n<li>Volem ser una escola oberta a tothom, acollidora, inclusiva i compromesa amb la societat.<\/li>\n<li>Tenim com a pilars b\u00e0sics de la nostra acci\u00f3 educativa els valors del di\u00e0leg, la just\u00edcia, respecte a la multiculturalitat i diversitat i respecte als drets humans tot promovent la cultura de la pau.<\/li>\n<li>Defensem un desenvolupament integral de totes les capacitats de cada alumne\/a per esdevenir persones aut\u00f2nomes i ciutadanes i ciutadans responsables, que es comprometin en la millora de l\u2019entorn social i natural.<\/li>\n<li>Treballem per aconseguir majors nivells d\u2019autonomia intel\u00b7lectual i afectiva, i graus progressius de felicitat personal i col\u00b7lectiva. Per aix\u00f2 incorporem el tractament de les relacions interpersonals, la gesti\u00f3 de les emocions i la resoluci\u00f3 de conflictes.<\/li>\n<li>L\u2019escola est\u00e0 arrelada a la realitat hist\u00f2rica, social i cultural del nostre pa\u00eds. Volem promoure actituds positives envers diverses manifestacions de la cultura catalana.<\/li>\n<li>L\u2019escola \u00e9s laica. Es respecten totes les creences que siguin respectuoses amb les diferents maneres de pensar. La celebraci\u00f3 de les festes tradicionals t\u00e9 un car\u00e0cter popular i hist\u00f2ric, per\u00f2 no sentit religi\u00f3s.<\/li>\n<li>Considerem com a fonamental la participaci\u00f3 de tots els que formem la comunitat educativa, degut a que representem un element dinamitzador b\u00e0sic per a la vida de l\u2019escola.<\/li>\n<li>Potenciem el respecte a la natura i al medi ambient.<\/li>\n<\/ul>\n<p>&nbsp;<\/p>\n","protected":false},"excerpt":{"rendered":"<p>El nostre Projecte Educatiu es defineix pel seg\u00fcents TRETS D&#8217;IDENTITAT:<br \/>\nEl Projecte Educatiu de Centre estableix les l\u00ednies d\u2019actuaci\u00f3 per a tots el membres de la nostra Comunitat Educativa i \u00e9s a l\u2019hora, el comprom\u00eds de la nostra escola amb la Societat del S.XXI.<\/p>\n<ul>\n<li>Volem ser una&hellip;  <a href=\"https:\/\/agora.xtec.cat\/ceip-santildefons-cornella\/projecte-educatiu\/trets-didentitat\/\" title=\"Read Trets d&#8217;identitat\">Llegeix m\u00e9s\u00bb<\/a><br \/>\n","protected":false},"author":4,"featured_media":0,"parent":64,"menu_order":1,"comment_status":"closed","ping_status":"closed","template":"page-templates\/side-menu.php","meta":{"_bbp_topic_count":0,"_bbp_reply_count":0,"_bbp_total_topic_count":0,"_bbp_total_reply_count":0,"_bbp_voice_count":0,"_bbp_anonymous_reply_count":0,"_bbp_topic_count_hidden":0,"_bbp_reply_count_hidden":0,"_bbp_forum_subforum_count":0,"footnotes":""},"class_list":["post-1661","page","type-page","status-publish","hentry"],"post_mailing_queue_ids":[],"_links":{"self":[{"href":"https:\/\/agora.xtec.cat\/ceip-santildefons-cornella\/wp-json\/wp\/v2\/pages\/1661","targetHints":{"allow":["GET"]}}],"collection":[{"href":"https:\/\/agora.xtec.cat\/ceip-santildefons-cornella\/wp-json\/wp\/v2\/pages"}],"about":[{"href":"https:\/\/agora.xtec.cat\/ceip-santildefons-cornella\/wp-json\/wp\/v2\/types\/page"}],"author":[{"embeddable":true,"href":"https:\/\/agora.xtec.cat\/ceip-santildefons-cornella\/wp-json\/wp\/v2\/users\/4"}],"replies":[{"embeddable":true,"href":"https:\/\/agora.xtec.cat\/ceip-santildefons-cornella\/wp-json\/wp\/v2\/comments?post=1661"}],"version-history":[{"count":1,"href":"https:\/\/agora.xtec.cat\/ceip-santildefons-cornella\/wp-json\/wp\/v2\/pages\/1661\/revisions"}],"predecessor-version":[{"id":1662,"href":"https:\/\/agora.xtec.cat\/ceip-santildefons-cornella\/wp-json\/wp\/v2\/pages\/1661\/revisions\/1662"}],"up":[{"embeddable":true,"href":"https:\/\/agora.xtec.cat\/ceip-santildefons-cornella\/wp-json\/wp\/v2\/pages\/64"}],"wp:attachment":[{"href":"https:\/\/agora.xtec.cat\/ceip-santildefons-cornella\/wp-json\/wp\/v2\/media?parent=1661"}],"curies":[{"name":"wp","href":"https:\/\/api.w.org\/{rel}","templated":true}]}}

<p>El nostre Projecte Educatiu es defineix pel següents <strong>TRETS D&#8217;IDENTITAT:</strong></p>
<p>El Projecte Educatiu de Centre estableix les línies d’actuació per a tots el membres de la nostra Comunitat Educativa i és a l’hora, el compromís de la nostra escola amb la Societat del S.XXI.</p>
<ul>
<li>Volem ser una escola oberta a tothom, acollidora, inclusiva i compromesa amb la societat.</li>
<li>Tenim com a pilars bàsics de la nostra acció educativa els valors del diàleg, la justícia, respecte a la multiculturalitat i diversitat i respecte als drets humans tot promovent la cultura de la pau.</li>
<li>Defensem un desenvolupament integral de totes les capacitats de cada alumne/a per esdevenir persones autònomes i ciutadanes i ciutadans responsables, que es comprometin en la millora de l’entorn social i natural.</li>
<li>Treballem per aconseguir majors nivells d’autonomia intel·lectual i afectiva, i graus progressius de felicitat personal i col·lectiva. Per això incorporem el tractament de les relacions interpersonals, la gestió de les emocions i la resolució de conflictes.</li>
<li>L’escola està arrelada a la realitat històrica, social i cultural del nostre país. Volem promoure actituds positives envers diverses manifestacions de la cultura catalana.</li>
<li>L’escola és laica. Es respecten totes les creences que siguin respectuoses amb les diferents maneres de pensar. La celebració de les festes tradicionals té un caràcter popular i històric, però no sentit religiós.</li>
<li>Considerem com a fonamental la participació de tots els que formem la comunitat educativa, degut a que representem un element dinamitzador bàsic per a la vida de l’escola.</li>
<li>Potenciem el respecte a la natura i al medi ambient.</li>
</ul>
<p>&nbsp;</p>

<p>El nostre Projecte Educatiu es defineix pel següents TRETS D&#8217;IDENTITAT:<br />
El Projecte Educatiu de Centre estableix les línies d’actuació per a tots el membres de la nostra Comunitat Educativa i és a l’hora, el compromís de la nostra escola amb la Societat del S.XXI.</p>
<ul>
<li>Volem ser una&hellip;  <a href="https://agora.xtec.cat/ceip-santildefons-cornella/projecte-educatiu/trets-didentitat/" title="Read Trets d&#8217;identitat">Llegeix més»</a><br />
