{"id":1472,"date":"2017-02-17T11:50:19","date_gmt":"2017-02-17T10:50:19","guid":{"rendered":"http:\/\/agora.xtec.cat\/ceip-santildefons-cornella\/?page_id=1472"},"modified":"2020-06-29T13:51:40","modified_gmt":"2020-06-29T11:51:40","slug":"treball-de-les-emocions","status":"publish","type":"page","link":"https:\/\/agora.xtec.cat\/ceip-santildefons-cornella\/projectes-descola\/treball-de-les-emocions\/","title":{"rendered":"Treball de les emocions"},"content":{"rendered":"<p>A la nostra escola, tenim mol clar que una sana gesti\u00f3 de les emocions \u00e9s una part important\u00edssima en el desenvolupament dels infants, per tant, les treballem des de P-3 fins a 6\u00e8. Aquest treball emocional repercuteix favorablement en el dia a dia de l&#8217;escola, ja que en ajuda a resoldre els conflictes.<\/p>\n<p><a href=\"http:\/\/agora.xtec.cat\/ceip-santildefons-cornella\/wp-content\/uploads\/usu544\/2017\/02\/IMG_1399_result.jpg\"><img loading=\"lazy\" decoding=\"async\" class=\"wp-image-1518 aligncenter\" src=\"http:\/\/agora.xtec.cat\/ceip-santildefons-cornella\/wp-content\/uploads\/usu544\/2017\/02\/IMG_1399_result-1024x682.jpg\" alt=\"img_1399_result\" width=\"588\" height=\"392\" srcset=\"https:\/\/agora.xtec.cat\/ceip-santildefons-cornella\/wp-content\/uploads\/usu544\/2017\/02\/IMG_1399_result-1024x682.jpg 1024w, https:\/\/agora.xtec.cat\/ceip-santildefons-cornella\/wp-content\/uploads\/usu544\/2017\/02\/IMG_1399_result-300x200.jpg 300w, https:\/\/agora.xtec.cat\/ceip-santildefons-cornella\/wp-content\/uploads\/usu544\/2017\/02\/IMG_1399_result-768x512.jpg 768w, https:\/\/agora.xtec.cat\/ceip-santildefons-cornella\/wp-content\/uploads\/usu544\/2017\/02\/IMG_1399_result.jpg 1280w\" sizes=\"auto, (max-width: 588px) 100vw, 588px\" \/><\/a><\/p>\n","protected":false},"excerpt":{"rendered":"<p>A la nostra escola, tenim mol clar que una sana gesti\u00f3 de les emocions \u00e9s una part important\u00edssima en el desenvolupament dels infants, per tant, les treballem des de P-3 fins a 6\u00e8. Aquest treball emocional repercuteix favorablement en el dia a dia de l&#8217;escola,&hellip;  <a href=\"https:\/\/agora.xtec.cat\/ceip-santildefons-cornella\/projectes-descola\/treball-de-les-emocions\/\" title=\"Read Treball de les emocions\">Llegeix m\u00e9s\u00bb<\/a><\/p>\n","protected":false},"author":4,"featured_media":0,"parent":1444,"menu_order":4,"comment_status":"closed","ping_status":"closed","template":"page-templates\/side-menu.php","meta":{"_bbp_topic_count":0,"_bbp_reply_count":0,"_bbp_total_topic_count":0,"_bbp_total_reply_count":0,"_bbp_voice_count":0,"_bbp_anonymous_reply_count":0,"_bbp_topic_count_hidden":0,"_bbp_reply_count_hidden":0,"_bbp_forum_subforum_count":0,"footnotes":""},"class_list":["post-1472","page","type-page","status-publish","hentry"],"post_mailing_queue_ids":[],"_links":{"self":[{"href":"https:\/\/agora.xtec.cat\/ceip-santildefons-cornella\/wp-json\/wp\/v2\/pages\/1472","targetHints":{"allow":["GET"]}}],"collection":[{"href":"https:\/\/agora.xtec.cat\/ceip-santildefons-cornella\/wp-json\/wp\/v2\/pages"}],"about":[{"href":"https:\/\/agora.xtec.cat\/ceip-santildefons-cornella\/wp-json\/wp\/v2\/types\/page"}],"author":[{"embeddable":true,"href":"https:\/\/agora.xtec.cat\/ceip-santildefons-cornella\/wp-json\/wp\/v2\/users\/4"}],"replies":[{"embeddable":true,"href":"https:\/\/agora.xtec.cat\/ceip-santildefons-cornella\/wp-json\/wp\/v2\/comments?post=1472"}],"version-history":[{"count":3,"href":"https:\/\/agora.xtec.cat\/ceip-santildefons-cornella\/wp-json\/wp\/v2\/pages\/1472\/revisions"}],"predecessor-version":[{"id":1519,"href":"https:\/\/agora.xtec.cat\/ceip-santildefons-cornella\/wp-json\/wp\/v2\/pages\/1472\/revisions\/1519"}],"up":[{"embeddable":true,"href":"https:\/\/agora.xtec.cat\/ceip-santildefons-cornella\/wp-json\/wp\/v2\/pages\/1444"}],"wp:attachment":[{"href":"https:\/\/agora.xtec.cat\/ceip-santildefons-cornella\/wp-json\/wp\/v2\/media?parent=1472"}],"curies":[{"name":"wp","href":"https:\/\/api.w.org\/{rel}","templated":true}]}}

<p>A la nostra escola, tenim mol clar que una sana gestió de les emocions és una part importantíssima en el desenvolupament dels infants, per tant, les treballem des de P-3 fins a 6è. Aquest treball emocional repercuteix favorablement en el dia a dia de l&#8217;escola, ja que en ajuda a resoldre els conflictes.</p>
<p><a href="http://agora.xtec.cat/ceip-santildefons-cornella/wp-content/uploads/usu544/2017/02/IMG_1399_result.jpg"><img loading="lazy" decoding="async" class="wp-image-1518 aligncenter" src="http://agora.xtec.cat/ceip-santildefons-cornella/wp-content/uploads/usu544/2017/02/IMG_1399_result-1024x682.jpg" alt="img_1399_result" width="588" height="392" srcset="https://agora.xtec.cat/ceip-santildefons-cornella/wp-content/uploads/usu544/2017/02/IMG_1399_result-1024x682.jpg 1024w, https://agora.xtec.cat/ceip-santildefons-cornella/wp-content/uploads/usu544/2017/02/IMG_1399_result-300x200.jpg 300w, https://agora.xtec.cat/ceip-santildefons-cornella/wp-content/uploads/usu544/2017/02/IMG_1399_result-768x512.jpg 768w, https://agora.xtec.cat/ceip-santildefons-cornella/wp-content/uploads/usu544/2017/02/IMG_1399_result.jpg 1280w" sizes="auto, (max-width: 588px) 100vw, 588px" /></a></p>

<p>A la nostra escola, tenim mol clar que una sana gestió de les emocions és una part importantíssima en el desenvolupament dels infants, per tant, les treballem des de P-3 fins a 6è. Aquest treball emocional repercuteix favorablement en el dia a dia de l&#8217;escola,&hellip;  <a href="https://agora.xtec.cat/ceip-santildefons-cornella/projectes-descola/treball-de-les-emocions/" title="Read Treball de les emocions">Llegeix més»</a></p>
