{"id":1465,"date":"2017-02-17T11:38:01","date_gmt":"2017-02-17T10:38:01","guid":{"rendered":"http:\/\/agora.xtec.cat\/ceip-santildefons-cornella\/?page_id=1465"},"modified":"2020-06-29T13:52:58","modified_gmt":"2020-06-29T11:52:58","slug":"escola-verda","status":"publish","type":"page","link":"https:\/\/agora.xtec.cat\/ceip-santildefons-cornella\/projectes-descola\/escola-verda\/","title":{"rendered":"Escola verda"},"content":{"rendered":"<p>A la nostra escola hem desenvolupat un fort sentiment de respecte pel medi. Hem fet del nostre centre un espai sostenible, on els alumnes assumeixen responsabilitat referents a la reutilitzaci\u00f3, el reciclatge i l&#8217;estalvi d&#8217;energia. Cada grup-classe t\u00e9 un Encarregat Verd que supervisa que les llums, els ordinadors i la pissarra digital s&#8217;han apagat quan toca. Tamb\u00e9 fa la recollida dels residus a les bosses de reciclatge.<\/p>\n","protected":false},"excerpt":{"rendered":"<p>A la nostra escola hem desenvolupat un fort sentiment de respecte pel medi. Hem fet del nostre centre un espai sostenible, on els alumnes assumeixen responsabilitat referents a la reutilitzaci\u00f3, el reciclatge i l&#8217;estalvi d&#8217;energia. Cada grup-classe t\u00e9 un Encarregat Verd que supervisa que les&hellip;  <a href=\"https:\/\/agora.xtec.cat\/ceip-santildefons-cornella\/projectes-descola\/escola-verda\/\" title=\"Read Escola verda\">Llegeix m\u00e9s\u00bb<\/a><\/p>\n","protected":false},"author":4,"featured_media":0,"parent":1444,"menu_order":7,"comment_status":"closed","ping_status":"closed","template":"page-templates\/side-menu.php","meta":{"_bbp_topic_count":0,"_bbp_reply_count":0,"_bbp_total_topic_count":0,"_bbp_total_reply_count":0,"_bbp_voice_count":0,"_bbp_anonymous_reply_count":0,"_bbp_topic_count_hidden":0,"_bbp_reply_count_hidden":0,"_bbp_forum_subforum_count":0,"footnotes":""},"class_list":["post-1465","page","type-page","status-publish","hentry"],"post_mailing_queue_ids":[],"_links":{"self":[{"href":"https:\/\/agora.xtec.cat\/ceip-santildefons-cornella\/wp-json\/wp\/v2\/pages\/1465","targetHints":{"allow":["GET"]}}],"collection":[{"href":"https:\/\/agora.xtec.cat\/ceip-santildefons-cornella\/wp-json\/wp\/v2\/pages"}],"about":[{"href":"https:\/\/agora.xtec.cat\/ceip-santildefons-cornella\/wp-json\/wp\/v2\/types\/page"}],"author":[{"embeddable":true,"href":"https:\/\/agora.xtec.cat\/ceip-santildefons-cornella\/wp-json\/wp\/v2\/users\/4"}],"replies":[{"embeddable":true,"href":"https:\/\/agora.xtec.cat\/ceip-santildefons-cornella\/wp-json\/wp\/v2\/comments?post=1465"}],"version-history":[{"count":2,"href":"https:\/\/agora.xtec.cat\/ceip-santildefons-cornella\/wp-json\/wp\/v2\/pages\/1465\/revisions"}],"predecessor-version":[{"id":1467,"href":"https:\/\/agora.xtec.cat\/ceip-santildefons-cornella\/wp-json\/wp\/v2\/pages\/1465\/revisions\/1467"}],"up":[{"embeddable":true,"href":"https:\/\/agora.xtec.cat\/ceip-santildefons-cornella\/wp-json\/wp\/v2\/pages\/1444"}],"wp:attachment":[{"href":"https:\/\/agora.xtec.cat\/ceip-santildefons-cornella\/wp-json\/wp\/v2\/media?parent=1465"}],"curies":[{"name":"wp","href":"https:\/\/api.w.org\/{rel}","templated":true}]}}

<p>A la nostra escola hem desenvolupat un fort sentiment de respecte pel medi. Hem fet del nostre centre un espai sostenible, on els alumnes assumeixen responsabilitat referents a la reutilització, el reciclatge i l&#8217;estalvi d&#8217;energia. Cada grup-classe té un Encarregat Verd que supervisa que les llums, els ordinadors i la pissarra digital s&#8217;han apagat quan toca. També fa la recollida dels residus a les bosses de reciclatge.</p>

<p>A la nostra escola hem desenvolupat un fort sentiment de respecte pel medi. Hem fet del nostre centre un espai sostenible, on els alumnes assumeixen responsabilitat referents a la reutilització, el reciclatge i l&#8217;estalvi d&#8217;energia. Cada grup-classe té un Encarregat Verd que supervisa que les&hellip;  <a href="https://agora.xtec.cat/ceip-santildefons-cornella/projectes-descola/escola-verda/" title="Read Escola verda">Llegeix més»</a></p>
