{"id":1462,"date":"2017-02-17T11:29:50","date_gmt":"2017-02-17T10:29:50","guid":{"rendered":"http:\/\/agora.xtec.cat\/ceip-santildefons-cornella\/?page_id=1462"},"modified":"2020-06-29T13:53:28","modified_gmt":"2020-06-29T11:53:28","slug":"socialitzacio-de-llibres","status":"publish","type":"page","link":"https:\/\/agora.xtec.cat\/ceip-santildefons-cornella\/projectes-descola\/socialitzacio-de-llibres\/","title":{"rendered":"Socialitzaci\u00f3 de llibres"},"content":{"rendered":"<p>Per reduir al m\u00e0xim la despesa que les fam\u00edlies fan en material escolar, tots els llibres de text des de 3r a 6\u00e8 estan socialitzats, per tant es reutilitzen d&#8217;un curs per l&#8217;altra. Els nostres alumnes aprenen que els llibres s\u00f3n de tots i els tracte amb cura i respecte.<\/p>\n","protected":false},"excerpt":{"rendered":"<p>Per reduir al m\u00e0xim la despesa que les fam\u00edlies fan en material escolar, tots els llibres de text des de 3r a 6\u00e8 estan socialitzats, per tant es reutilitzen d&#8217;un curs per l&#8217;altra. Els nostres alumnes aprenen que els llibres s\u00f3n de tots i els&hellip;  <a href=\"https:\/\/agora.xtec.cat\/ceip-santildefons-cornella\/projectes-descola\/socialitzacio-de-llibres\/\" title=\"Read Socialitzaci\u00f3 de llibres\">Llegeix m\u00e9s\u00bb<\/a><\/p>\n","protected":false},"author":4,"featured_media":0,"parent":1444,"menu_order":0,"comment_status":"closed","ping_status":"closed","template":"page-templates\/side-menu.php","meta":{"_bbp_topic_count":0,"_bbp_reply_count":0,"_bbp_total_topic_count":0,"_bbp_total_reply_count":0,"_bbp_voice_count":0,"_bbp_anonymous_reply_count":0,"_bbp_topic_count_hidden":0,"_bbp_reply_count_hidden":0,"_bbp_forum_subforum_count":0,"footnotes":""},"class_list":["post-1462","page","type-page","status-publish","hentry"],"post_mailing_queue_ids":[],"_links":{"self":[{"href":"https:\/\/agora.xtec.cat\/ceip-santildefons-cornella\/wp-json\/wp\/v2\/pages\/1462","targetHints":{"allow":["GET"]}}],"collection":[{"href":"https:\/\/agora.xtec.cat\/ceip-santildefons-cornella\/wp-json\/wp\/v2\/pages"}],"about":[{"href":"https:\/\/agora.xtec.cat\/ceip-santildefons-cornella\/wp-json\/wp\/v2\/types\/page"}],"author":[{"embeddable":true,"href":"https:\/\/agora.xtec.cat\/ceip-santildefons-cornella\/wp-json\/wp\/v2\/users\/4"}],"replies":[{"embeddable":true,"href":"https:\/\/agora.xtec.cat\/ceip-santildefons-cornella\/wp-json\/wp\/v2\/comments?post=1462"}],"version-history":[{"count":1,"href":"https:\/\/agora.xtec.cat\/ceip-santildefons-cornella\/wp-json\/wp\/v2\/pages\/1462\/revisions"}],"predecessor-version":[{"id":1463,"href":"https:\/\/agora.xtec.cat\/ceip-santildefons-cornella\/wp-json\/wp\/v2\/pages\/1462\/revisions\/1463"}],"up":[{"embeddable":true,"href":"https:\/\/agora.xtec.cat\/ceip-santildefons-cornella\/wp-json\/wp\/v2\/pages\/1444"}],"wp:attachment":[{"href":"https:\/\/agora.xtec.cat\/ceip-santildefons-cornella\/wp-json\/wp\/v2\/media?parent=1462"}],"curies":[{"name":"wp","href":"https:\/\/api.w.org\/{rel}","templated":true}]}}

Socialització de llibres

<p>Per reduir al màxim la despesa que les famílies fan en material escolar, tots els llibres de text des de 3r a 6è estan socialitzats, per tant es reutilitzen d&#8217;un curs per l&#8217;altra. Els nostres alumnes aprenen que els llibres són de tots i els tracte amb cura i respecte.</p>

<p>Per reduir al màxim la despesa que les famílies fan en material escolar, tots els llibres de text des de 3r a 6è estan socialitzats, per tant es reutilitzen d&#8217;un curs per l&#8217;altra. Els nostres alumnes aprenen que els llibres són de tots i els&hellip;  <a href="https://agora.xtec.cat/ceip-santildefons-cornella/projectes-descola/socialitzacio-de-llibres/" title="Read Socialització de llibres">Llegeix més»</a></p>
