{"id":1459,"date":"2017-02-17T11:25:20","date_gmt":"2017-02-17T10:25:20","guid":{"rendered":"http:\/\/agora.xtec.cat\/ceip-santildefons-cornella\/?page_id=1459"},"modified":"2020-06-29T13:52:39","modified_gmt":"2020-06-29T11:52:39","slug":"escola-de-mares-i-pares","status":"publish","type":"page","link":"https:\/\/agora.xtec.cat\/ceip-santildefons-cornella\/projectes-descola\/escola-de-mares-i-pares\/","title":{"rendered":"Escola de mares i pares"},"content":{"rendered":"<p>Els mestres i les mestres preparem una sessi\u00f3 una sessi\u00f3 formativa pels pares i mares per treballar aspectes concrets referents a la millora dels h\u00e0bits dels alumnes. En aquestes reunions potenciem la relaci\u00f3 fam\u00edlia-escola, i s\u00f3n una oportunitat per emprendre un cam\u00ed conjunt en l&#8217;educaci\u00f3 dels infants.<\/p>\n","protected":false},"excerpt":{"rendered":"<p>Els mestres i les mestres preparem una sessi\u00f3 una sessi\u00f3 formativa pels pares i mares per treballar aspectes concrets referents a la millora dels h\u00e0bits dels alumnes. En aquestes reunions potenciem la relaci\u00f3 fam\u00edlia-escola, i s\u00f3n una oportunitat per emprendre un cam\u00ed conjunt en l&#8217;educaci\u00f3&hellip;  <a href=\"https:\/\/agora.xtec.cat\/ceip-santildefons-cornella\/projectes-descola\/escola-de-mares-i-pares\/\" title=\"Read Escola de mares i pares\">Llegeix m\u00e9s\u00bb<\/a><\/p>\n","protected":false},"author":4,"featured_media":0,"parent":1444,"menu_order":6,"comment_status":"closed","ping_status":"closed","template":"page-templates\/side-menu.php","meta":{"_bbp_topic_count":0,"_bbp_reply_count":0,"_bbp_total_topic_count":0,"_bbp_total_reply_count":0,"_bbp_voice_count":0,"_bbp_anonymous_reply_count":0,"_bbp_topic_count_hidden":0,"_bbp_reply_count_hidden":0,"_bbp_forum_subforum_count":0,"footnotes":""},"class_list":["post-1459","page","type-page","status-publish","hentry"],"post_mailing_queue_ids":[],"_links":{"self":[{"href":"https:\/\/agora.xtec.cat\/ceip-santildefons-cornella\/wp-json\/wp\/v2\/pages\/1459","targetHints":{"allow":["GET"]}}],"collection":[{"href":"https:\/\/agora.xtec.cat\/ceip-santildefons-cornella\/wp-json\/wp\/v2\/pages"}],"about":[{"href":"https:\/\/agora.xtec.cat\/ceip-santildefons-cornella\/wp-json\/wp\/v2\/types\/page"}],"author":[{"embeddable":true,"href":"https:\/\/agora.xtec.cat\/ceip-santildefons-cornella\/wp-json\/wp\/v2\/users\/4"}],"replies":[{"embeddable":true,"href":"https:\/\/agora.xtec.cat\/ceip-santildefons-cornella\/wp-json\/wp\/v2\/comments?post=1459"}],"version-history":[{"count":1,"href":"https:\/\/agora.xtec.cat\/ceip-santildefons-cornella\/wp-json\/wp\/v2\/pages\/1459\/revisions"}],"predecessor-version":[{"id":1460,"href":"https:\/\/agora.xtec.cat\/ceip-santildefons-cornella\/wp-json\/wp\/v2\/pages\/1459\/revisions\/1460"}],"up":[{"embeddable":true,"href":"https:\/\/agora.xtec.cat\/ceip-santildefons-cornella\/wp-json\/wp\/v2\/pages\/1444"}],"wp:attachment":[{"href":"https:\/\/agora.xtec.cat\/ceip-santildefons-cornella\/wp-json\/wp\/v2\/media?parent=1459"}],"curies":[{"name":"wp","href":"https:\/\/api.w.org\/{rel}","templated":true}]}}

<p>Els mestres i les mestres preparem una sessió una sessió formativa pels pares i mares per treballar aspectes concrets referents a la millora dels hàbits dels alumnes. En aquestes reunions potenciem la relació família-escola, i són una oportunitat per emprendre un camí conjunt en l&#8217;educació dels infants.</p>

<p>Els mestres i les mestres preparem una sessió una sessió formativa pels pares i mares per treballar aspectes concrets referents a la millora dels hàbits dels alumnes. En aquestes reunions potenciem la relació família-escola, i són una oportunitat per emprendre un camí conjunt en l&#8217;educació&hellip;  <a href="https://agora.xtec.cat/ceip-santildefons-cornella/projectes-descola/escola-de-mares-i-pares/" title="Read Escola de mares i pares">Llegeix més»</a></p>
