{"id":1453,"date":"2017-02-17T11:03:28","date_gmt":"2017-02-17T10:03:28","guid":{"rendered":"http:\/\/agora.xtec.cat\/ceip-santildefons-cornella\/?page_id=1453"},"modified":"2020-06-29T13:50:13","modified_gmt":"2020-06-29T11:50:13","slug":"school-garden","status":"publish","type":"page","link":"https:\/\/agora.xtec.cat\/ceip-santildefons-cornella\/projectes-descola\/school-garden\/","title":{"rendered":"School Garden"},"content":{"rendered":"<p>Tenim molt clar que per aprendre angl\u00e8s, els nostres alumnes han de tenir espais i experi\u00e8ncies fora de l&#8217;aula, on l&#8217;angl\u00e8s sigui la llengua de comunicaci\u00f3. Per aquest motiu, hem fet del nostre hort un espai d&#8217;aprenentatge, on a part d&#8217;aprendre a conrear verdures i hortalisses milloren la seva compet\u00e8ncia oral en aquesta llengua.<\/p>\n<p><a href=\"http:\/\/agora.xtec.cat\/ceip-santildefons-cornella\/wp-content\/uploads\/usu544\/2017\/02\/IMG_1313_result.jpg\"><img loading=\"lazy\" decoding=\"async\" class=\"wp-image-1509 aligncenter\" src=\"http:\/\/agora.xtec.cat\/ceip-santildefons-cornella\/wp-content\/uploads\/usu544\/2017\/02\/IMG_1313_result-1024x682.jpg\" alt=\"img_1313_result\" width=\"665\" height=\"443\" srcset=\"https:\/\/agora.xtec.cat\/ceip-santildefons-cornella\/wp-content\/uploads\/usu544\/2017\/02\/IMG_1313_result-1024x682.jpg 1024w, https:\/\/agora.xtec.cat\/ceip-santildefons-cornella\/wp-content\/uploads\/usu544\/2017\/02\/IMG_1313_result-300x200.jpg 300w, https:\/\/agora.xtec.cat\/ceip-santildefons-cornella\/wp-content\/uploads\/usu544\/2017\/02\/IMG_1313_result-768x512.jpg 768w, https:\/\/agora.xtec.cat\/ceip-santildefons-cornella\/wp-content\/uploads\/usu544\/2017\/02\/IMG_1313_result.jpg 1280w\" sizes=\"auto, (max-width: 665px) 100vw, 665px\" \/><\/a><\/p>\n","protected":false},"excerpt":{"rendered":"<p>Tenim molt clar que per aprendre angl\u00e8s, els nostres alumnes han de tenir espais i experi\u00e8ncies fora de l&#8217;aula, on l&#8217;angl\u00e8s sigui la llengua de comunicaci\u00f3. Per aquest motiu, hem fet del nostre hort un espai d&#8217;aprenentatge, on a part d&#8217;aprendre a conrear verdures i&hellip;  <a href=\"https:\/\/agora.xtec.cat\/ceip-santildefons-cornella\/projectes-descola\/school-garden\/\" title=\"Read School Garden\">Llegeix m\u00e9s\u00bb<\/a><\/p>\n","protected":false},"author":4,"featured_media":0,"parent":1444,"menu_order":1,"comment_status":"closed","ping_status":"closed","template":"page-templates\/side-menu.php","meta":{"_bbp_topic_count":0,"_bbp_reply_count":0,"_bbp_total_topic_count":0,"_bbp_total_reply_count":0,"_bbp_voice_count":0,"_bbp_anonymous_reply_count":0,"_bbp_topic_count_hidden":0,"_bbp_reply_count_hidden":0,"_bbp_forum_subforum_count":0,"footnotes":""},"class_list":["post-1453","page","type-page","status-publish","hentry"],"post_mailing_queue_ids":[],"_links":{"self":[{"href":"https:\/\/agora.xtec.cat\/ceip-santildefons-cornella\/wp-json\/wp\/v2\/pages\/1453","targetHints":{"allow":["GET"]}}],"collection":[{"href":"https:\/\/agora.xtec.cat\/ceip-santildefons-cornella\/wp-json\/wp\/v2\/pages"}],"about":[{"href":"https:\/\/agora.xtec.cat\/ceip-santildefons-cornella\/wp-json\/wp\/v2\/types\/page"}],"author":[{"embeddable":true,"href":"https:\/\/agora.xtec.cat\/ceip-santildefons-cornella\/wp-json\/wp\/v2\/users\/4"}],"replies":[{"embeddable":true,"href":"https:\/\/agora.xtec.cat\/ceip-santildefons-cornella\/wp-json\/wp\/v2\/comments?post=1453"}],"version-history":[{"count":2,"href":"https:\/\/agora.xtec.cat\/ceip-santildefons-cornella\/wp-json\/wp\/v2\/pages\/1453\/revisions"}],"predecessor-version":[{"id":1510,"href":"https:\/\/agora.xtec.cat\/ceip-santildefons-cornella\/wp-json\/wp\/v2\/pages\/1453\/revisions\/1510"}],"up":[{"embeddable":true,"href":"https:\/\/agora.xtec.cat\/ceip-santildefons-cornella\/wp-json\/wp\/v2\/pages\/1444"}],"wp:attachment":[{"href":"https:\/\/agora.xtec.cat\/ceip-santildefons-cornella\/wp-json\/wp\/v2\/media?parent=1453"}],"curies":[{"name":"wp","href":"https:\/\/api.w.org\/{rel}","templated":true}]}}

<p>Tenim molt clar que per aprendre anglès, els nostres alumnes han de tenir espais i experiències fora de l&#8217;aula, on l&#8217;anglès sigui la llengua de comunicació. Per aquest motiu, hem fet del nostre hort un espai d&#8217;aprenentatge, on a part d&#8217;aprendre a conrear verdures i hortalisses milloren la seva competència oral en aquesta llengua.</p>
<p><a href="http://agora.xtec.cat/ceip-santildefons-cornella/wp-content/uploads/usu544/2017/02/IMG_1313_result.jpg"><img loading="lazy" decoding="async" class="wp-image-1509 aligncenter" src="http://agora.xtec.cat/ceip-santildefons-cornella/wp-content/uploads/usu544/2017/02/IMG_1313_result-1024x682.jpg" alt="img_1313_result" width="665" height="443" srcset="https://agora.xtec.cat/ceip-santildefons-cornella/wp-content/uploads/usu544/2017/02/IMG_1313_result-1024x682.jpg 1024w, https://agora.xtec.cat/ceip-santildefons-cornella/wp-content/uploads/usu544/2017/02/IMG_1313_result-300x200.jpg 300w, https://agora.xtec.cat/ceip-santildefons-cornella/wp-content/uploads/usu544/2017/02/IMG_1313_result-768x512.jpg 768w, https://agora.xtec.cat/ceip-santildefons-cornella/wp-content/uploads/usu544/2017/02/IMG_1313_result.jpg 1280w" sizes="auto, (max-width: 665px) 100vw, 665px" /></a></p>

<p>Tenim molt clar que per aprendre anglès, els nostres alumnes han de tenir espais i experiències fora de l&#8217;aula, on l&#8217;anglès sigui la llengua de comunicació. Per aquest motiu, hem fet del nostre hort un espai d&#8217;aprenentatge, on a part d&#8217;aprendre a conrear verdures i&hellip;  <a href="https://agora.xtec.cat/ceip-santildefons-cornella/projectes-descola/school-garden/" title="Read School Garden">Llegeix més»</a></p>
