{"id":654,"date":"2017-01-26T21:17:18","date_gmt":"2017-01-26T20:17:18","guid":{"rendered":"http:\/\/agora.xtec.cat\/ceip-santfrancesc-sjd\/?page_id=654"},"modified":"2023-02-08T16:48:59","modified_gmt":"2023-02-08T15:48:59","slug":"els-artistes","status":"publish","type":"page","link":"https:\/\/agora.xtec.cat\/ceip-santfrancesc-sjd\/nivells\/els-artistes\/","title":{"rendered":"PROJECTE ARTISTES"},"content":{"rendered":"<p>Aquest \u00e9s un projecte que fa tota l&#8217;escola, des d&#8217;Infantil a Pim\u00e0ria ( De P-3 a 6\u00e8 ).<\/p>\n<p style=\"text-align: justify;\">L\u2019objectiu principal \u00e9s <em><strong>apropar l&#8217;alumnat al m\u00f3n de l\u2019art<\/strong><\/em> i <em><strong>treballar la seva sensibilitat envers les diferents manifestacions i estils art\u00edstics<\/strong> <\/em>(Mir\u00f3, Picasso, T\u00e0pies, Gaud\u00ed, Paul Klee, Kandinsky, Sorolla, Dal\u00ed, Leonardo, el Modernisme \u2026)<\/p>\n<h5><strong>OBJECTIUS DEL PROJECTE ARTISTES<\/strong><\/h5>\n<ul>\n<li><strong>Apropar l\u2019art<\/strong> a l&#8217;alumnat.<\/li>\n<li>Fer-los viure la seva <strong>creativitat<\/strong>.<\/li>\n<li>Entendre l\u2019art com a mitj\u00e0 d\u2019<strong>expressi\u00f3 de sentiments<\/strong>.<\/li>\n<li>Concebre l\u2019art com a vehicle de <strong>coneixement social i cultural<\/strong>.<\/li>\n<li>Incloure i <strong>donar valor<\/strong> a totes les disciplines art\u00edstiques.<\/li>\n<\/ul>\n<p>L&#8217;alumnat treballa cada curs un artista o un moviment art\u00edstic. Els\/les alumnes investiguen i busquen informaci\u00f3, la comparteixen, observen les seves obres, com treballen, quins colors utilitzen, quines t\u00e8cniques &#8230;\u00a0 i despr\u00e9s ho porten a la pr\u00e0ctica i ho proven ells\/es !!<\/p>\n<p>L&#8217;<strong>alumnat pensa<\/strong>, <strong>descobreix<\/strong>,<strong> experimenta <\/strong>i<strong> crea<\/strong>.<\/p>\n<p><a href=\"http:\/\/agora.xtec.cat\/ceip-santfrancesc-sjd\/wp-content\/uploads\/usu548\/2017\/01\/Mir\u00f31.jpg\"><img loading=\"lazy\" decoding=\"async\" class=\"alignnone size-full wp-image-655\" src=\"http:\/\/agora.xtec.cat\/ceip-santfrancesc-sjd\/wp-content\/uploads\/usu548\/2017\/01\/Mir\u00f31.jpg\" alt=\"miro1\" width=\"843\" height=\"311\" srcset=\"https:\/\/agora.xtec.cat\/ceip-santfrancesc-sjd\/wp-content\/uploads\/usu548\/2017\/01\/Mir\u00f31.jpg 843w, https:\/\/agora.xtec.cat\/ceip-santfrancesc-sjd\/wp-content\/uploads\/usu548\/2017\/01\/Mir\u00f31-300x111.jpg 300w, https:\/\/agora.xtec.cat\/ceip-santfrancesc-sjd\/wp-content\/uploads\/usu548\/2017\/01\/Mir\u00f31-768x283.jpg 768w\" sizes=\"auto, (max-width: 843px) 100vw, 843px\" \/>\u00a0\u00a0<\/a><\/p>\n<p>&nbsp;<\/p>\n","protected":false},"excerpt":{"rendered":"<p>Aquest \u00e9s un projecte que fa tota l&#8217;escola, des d&#8217;Infantil a Pim\u00e0ria ( De P-3 a 6\u00e8 ).<br \/>\nL\u2019objectiu principal \u00e9s apropar l&#8217;alumnat al m\u00f3n de l\u2019art i treballar la seva sensibilitat envers les diferents manifestacions i estils art\u00edstics (Mir\u00f3, Picasso, T\u00e0pies, Gaud\u00ed, Paul Klee, Kandinsky,&hellip;  <a href=\"https:\/\/agora.xtec.cat\/ceip-santfrancesc-sjd\/nivells\/els-artistes\/\" title=\"Read PROJECTE ARTISTES\">Llegeix m\u00e9s\u00bb<\/a><\/p>\n","protected":false},"author":1,"featured_media":0,"parent":87,"menu_order":7,"comment_status":"closed","ping_status":"closed","template":"page-templates\/side-menu.php","meta":{"_bbp_topic_count":0,"_bbp_reply_count":0,"_bbp_total_topic_count":0,"_bbp_total_reply_count":0,"_bbp_voice_count":0,"_bbp_anonymous_reply_count":0,"_bbp_topic_count_hidden":0,"_bbp_reply_count_hidden":0,"_bbp_forum_subforum_count":0,"footnotes":""},"class_list":["post-654","page","type-page","status-publish","hentry"],"post_mailing_queue_ids":[],"_links":{"self":[{"href":"https:\/\/agora.xtec.cat\/ceip-santfrancesc-sjd\/wp-json\/wp\/v2\/pages\/654","targetHints":{"allow":["GET"]}}],"collection":[{"href":"https:\/\/agora.xtec.cat\/ceip-santfrancesc-sjd\/wp-json\/wp\/v2\/pages"}],"about":[{"href":"https:\/\/agora.xtec.cat\/ceip-santfrancesc-sjd\/wp-json\/wp\/v2\/types\/page"}],"author":[{"embeddable":true,"href":"https:\/\/agora.xtec.cat\/ceip-santfrancesc-sjd\/wp-json\/wp\/v2\/users\/1"}],"replies":[{"embeddable":true,"href":"https:\/\/agora.xtec.cat\/ceip-santfrancesc-sjd\/wp-json\/wp\/v2\/comments?post=654"}],"version-history":[{"count":4,"href":"https:\/\/agora.xtec.cat\/ceip-santfrancesc-sjd\/wp-json\/wp\/v2\/pages\/654\/revisions"}],"predecessor-version":[{"id":3619,"href":"https:\/\/agora.xtec.cat\/ceip-santfrancesc-sjd\/wp-json\/wp\/v2\/pages\/654\/revisions\/3619"}],"up":[{"embeddable":true,"href":"https:\/\/agora.xtec.cat\/ceip-santfrancesc-sjd\/wp-json\/wp\/v2\/pages\/87"}],"wp:attachment":[{"href":"https:\/\/agora.xtec.cat\/ceip-santfrancesc-sjd\/wp-json\/wp\/v2\/media?parent=654"}],"curies":[{"name":"wp","href":"https:\/\/api.w.org\/{rel}","templated":true}]}}