{"id":371,"date":"2016-11-28T21:13:50","date_gmt":"2016-11-28T20:13:50","guid":{"rendered":"http:\/\/agora.xtec.cat\/ceip-santfrancesc-sjd\/?page_id=371"},"modified":"2023-02-08T16:15:52","modified_gmt":"2023-02-08T15:15:52","slug":"euromania","status":"publish","type":"page","link":"https:\/\/agora.xtec.cat\/ceip-santfrancesc-sjd\/nivells\/euromania\/","title":{"rendered":"EUROMANIA"},"content":{"rendered":"<p style=\"text-align: justify;\">El Programa Euromania neix d\u2019un projecte europeu amb l\u2019objectiu de desvetllar <strong>interessos pluriling\u00fces<\/strong> i avan\u00e7ar cap a una <strong>compet\u00e8ncia lectora pluriling\u00fce en set lleng\u00fces rom\u00e0niques: catal\u00e0, castell\u00e0, franc\u00e8s, occit\u00e0, roman\u00e8s, itali\u00e0 i portugu\u00e8s.<\/strong><\/p>\n<p style=\"text-align: justify;\">L\u2019originalitat del m\u00e8tode Euromania resideix en la seva <strong>dualitat<\/strong>: per una banda, es treballen les mat\u00e8ries amb l&#8217;ajut de suports redactats en les lleng\u00fces rom\u00e0niques i, al mateix temps, es construeixen les compet\u00e8ncies d\u2019intercomprensi\u00f3 a trav\u00e9s del suport de les \u00e0rees.<\/p>\n<p style=\"text-align: justify;\">No es tracta d\u2019aprendre lleng\u00fces, sin\u00f3 de construir compet\u00e8ncies d\u2019intercomprensi\u00f3, perqu\u00e8 les lleng\u00fces s\u00f3n alhora semblants i diferents. L\u2019estudi de les similituds i les discrep\u00e0ncies permet passar amb m\u00e9s o menys facilitat d\u2019una llengua a l\u2019altra.<\/p>\n<h5><strong>OBJECTIUS DEL PROJECTE EUROMANIA<\/strong><\/h5>\n<ul>\n<li style=\"text-align: justify;\">Construir<strong> el saber <\/strong>en el context de la<strong> intercomprensi\u00f3 de les lleng\u00fces rom\u00e0niques<\/strong>.<\/li>\n<li style=\"text-align: justify;\">Construir<strong> el saber fer <\/strong>en el context de<strong> la intercomprensi\u00f3 de les lleng\u00fces rom\u00e0niques<\/strong>.<\/li>\n<li>Desenvolupar la <strong>compet\u00e8ncia pluriling\u00fce<\/strong> de l&#8217;alumnat.<\/li>\n<\/ul>\n<p><strong>L\u2019Euromania<\/strong> \u00e9s un m\u00e8tode que consta d\u2019un <strong>dossier<\/strong> per a <strong>l\u2019aprenentatge multiling\u00fce<\/strong> de les \u00e0rees i a l&#8217;escola est\u00e0 adre\u00e7at a l&#8217;alumnat de 3r i 4t de Prim\u00e0ria.<\/p>\n<p><a href=\"https:\/\/agora.xtec.cat\/ceip-santfrancesc-sjd\/wp-content\/uploads\/usu548\/2023\/02\/Projecte-Euromania_1.png\"><img loading=\"lazy\" decoding=\"async\" class=\"alignnone size-full wp-image-3604\" src=\"https:\/\/agora.xtec.cat\/ceip-santfrancesc-sjd\/wp-content\/uploads\/usu548\/2023\/02\/Projecte-Euromania_1.png\" alt=\"\" width=\"611\" height=\"608\" srcset=\"https:\/\/agora.xtec.cat\/ceip-santfrancesc-sjd\/wp-content\/uploads\/usu548\/2023\/02\/Projecte-Euromania_1.png 611w, https:\/\/agora.xtec.cat\/ceip-santfrancesc-sjd\/wp-content\/uploads\/usu548\/2023\/02\/Projecte-Euromania_1-300x300.png 300w, https:\/\/agora.xtec.cat\/ceip-santfrancesc-sjd\/wp-content\/uploads\/usu548\/2023\/02\/Projecte-Euromania_1-150x150.png 150w\" sizes=\"auto, (max-width: 611px) 100vw, 611px\" \/><\/a><\/p>\n","protected":false},"excerpt":{"rendered":"<p>El Programa Euromania neix d\u2019un projecte europeu amb l\u2019objectiu de desvetllar interessos pluriling\u00fces i avan\u00e7ar cap a una compet\u00e8ncia lectora pluriling\u00fce en set lleng\u00fces rom\u00e0niques: catal\u00e0, castell\u00e0, franc\u00e8s, occit\u00e0, roman\u00e8s, itali\u00e0 i portugu\u00e8s.<br \/>\nL\u2019originalitat del m\u00e8tode Euromania resideix en la seva dualitat: per una banda, es&hellip;  <a href=\"https:\/\/agora.xtec.cat\/ceip-santfrancesc-sjd\/nivells\/euromania\/\" title=\"Read EUROMANIA\">Llegeix m\u00e9s\u00bb<\/a><\/p>\n","protected":false},"author":1,"featured_media":0,"parent":87,"menu_order":1,"comment_status":"closed","ping_status":"closed","template":"page-templates\/side-menu.php","meta":{"_bbp_topic_count":0,"_bbp_reply_count":0,"_bbp_total_topic_count":0,"_bbp_total_reply_count":0,"_bbp_voice_count":0,"_bbp_anonymous_reply_count":0,"_bbp_topic_count_hidden":0,"_bbp_reply_count_hidden":0,"_bbp_forum_subforum_count":0,"footnotes":""},"class_list":["post-371","page","type-page","status-publish","hentry"],"post_mailing_queue_ids":[],"_links":{"self":[{"href":"https:\/\/agora.xtec.cat\/ceip-santfrancesc-sjd\/wp-json\/wp\/v2\/pages\/371","targetHints":{"allow":["GET"]}}],"collection":[{"href":"https:\/\/agora.xtec.cat\/ceip-santfrancesc-sjd\/wp-json\/wp\/v2\/pages"}],"about":[{"href":"https:\/\/agora.xtec.cat\/ceip-santfrancesc-sjd\/wp-json\/wp\/v2\/types\/page"}],"author":[{"embeddable":true,"href":"https:\/\/agora.xtec.cat\/ceip-santfrancesc-sjd\/wp-json\/wp\/v2\/users\/1"}],"replies":[{"embeddable":true,"href":"https:\/\/agora.xtec.cat\/ceip-santfrancesc-sjd\/wp-json\/wp\/v2\/comments?post=371"}],"version-history":[{"count":3,"href":"https:\/\/agora.xtec.cat\/ceip-santfrancesc-sjd\/wp-json\/wp\/v2\/pages\/371\/revisions"}],"predecessor-version":[{"id":3605,"href":"https:\/\/agora.xtec.cat\/ceip-santfrancesc-sjd\/wp-json\/wp\/v2\/pages\/371\/revisions\/3605"}],"up":[{"embeddable":true,"href":"https:\/\/agora.xtec.cat\/ceip-santfrancesc-sjd\/wp-json\/wp\/v2\/pages\/87"}],"wp:attachment":[{"href":"https:\/\/agora.xtec.cat\/ceip-santfrancesc-sjd\/wp-json\/wp\/v2\/media?parent=371"}],"curies":[{"name":"wp","href":"https:\/\/api.w.org\/{rel}","templated":true}]}}