{"id":578,"date":"2016-09-07T12:18:26","date_gmt":"2016-09-07T11:18:26","guid":{"rendered":"http:\/\/agora.xtec.cat\/ceip-santbernat\/?page_id=578"},"modified":"2022-10-24T13:11:44","modified_gmt":"2022-10-24T11:11:44","slug":"dossier-informatiu-curs","status":"publish","type":"page","link":"https:\/\/agora.xtec.cat\/ceip-santbernat\/curs-202223\/dossier-informatiu-curs\/","title":{"rendered":"Horaris direcci\u00f3 i secretaria"},"content":{"rendered":"<h3><strong>L&#8217;horari d&#8217;atenci\u00f3 a les fam\u00edlies es dur\u00e0 a terme sempre amb cita pr\u00e8via. <\/strong><\/h3>\n<h3><strong>Podeu reservar la cita per mail, telef\u00f2nicament o presencialment.<\/strong><\/h3>\n<ul>\n<li><strong>Tel\u00e8fon de l&#8217;escola:<\/strong> 93 778 09 85<\/li>\n<li><strong>Adre\u00e7a electr\u00f2nica<\/strong>: a8022461@xtec.cat<\/li>\n<\/ul>\n","protected":false},"excerpt":{"rendered":"<p>L&#8217;horari d&#8217;atenci\u00f3 a les fam\u00edlies es dur\u00e0 a terme sempre amb cita pr\u00e8via.<br \/>\nPodeu reservar la cita per mail, telef\u00f2nicament o presencialment.<\/p>\n<ul>\n<li>Tel\u00e8fon de l&#8217;escola: 93 778 09 85<\/li>\n<li>Adre\u00e7a electr\u00f2nica: a8022461@xtec.cat<\/li>\n<\/ul>\n","protected":false},"author":1,"featured_media":0,"parent":569,"menu_order":40,"comment_status":"closed","ping_status":"closed","template":"page-templates\/side-menu.php","meta":{"_bbp_topic_count":0,"_bbp_reply_count":0,"_bbp_total_topic_count":0,"_bbp_total_reply_count":0,"_bbp_voice_count":0,"_bbp_anonymous_reply_count":0,"_bbp_topic_count_hidden":0,"_bbp_reply_count_hidden":0,"_bbp_forum_subforum_count":0,"footnotes":""},"class_list":["post-578","page","type-page","status-publish","hentry"],"post_mailing_queue_ids":[],"_links":{"self":[{"href":"https:\/\/agora.xtec.cat\/ceip-santbernat\/wp-json\/wp\/v2\/pages\/578","targetHints":{"allow":["GET"]}}],"collection":[{"href":"https:\/\/agora.xtec.cat\/ceip-santbernat\/wp-json\/wp\/v2\/pages"}],"about":[{"href":"https:\/\/agora.xtec.cat\/ceip-santbernat\/wp-json\/wp\/v2\/types\/page"}],"author":[{"embeddable":true,"href":"https:\/\/agora.xtec.cat\/ceip-santbernat\/wp-json\/wp\/v2\/users\/1"}],"replies":[{"embeddable":true,"href":"https:\/\/agora.xtec.cat\/ceip-santbernat\/wp-json\/wp\/v2\/comments?post=578"}],"version-history":[{"count":3,"href":"https:\/\/agora.xtec.cat\/ceip-santbernat\/wp-json\/wp\/v2\/pages\/578\/revisions"}],"predecessor-version":[{"id":8639,"href":"https:\/\/agora.xtec.cat\/ceip-santbernat\/wp-json\/wp\/v2\/pages\/578\/revisions\/8639"}],"up":[{"embeddable":true,"href":"https:\/\/agora.xtec.cat\/ceip-santbernat\/wp-json\/wp\/v2\/pages\/569"}],"wp:attachment":[{"href":"https:\/\/agora.xtec.cat\/ceip-santbernat\/wp-json\/wp\/v2\/media?parent=578"}],"curies":[{"name":"wp","href":"https:\/\/api.w.org\/{rel}","templated":true}]}}