{"id":28,"date":"2014-09-18T12:29:35","date_gmt":"2014-09-18T11:29:35","guid":{"rendered":"http:\/\/agora.xtec.cat\/ceip-santbernat\/?page_id=28"},"modified":"2026-03-13T15:19:49","modified_gmt":"2026-03-13T14:19:49","slug":"consell-escolar","status":"publish","type":"page","link":"https:\/\/agora.xtec.cat\/ceip-santbernat\/lescola\/consell-escolar\/","title":{"rendered":"Consell Escolar"},"content":{"rendered":"<div>\n<div>\n<div>\n<div><b><i>Acords Consell escolar 11\/02\/2026, s&#8217;aprova:<\/i><\/b><\/div>\n<div>\n<ul>\n<li>Sol.licitud de l&#8217;escola com a centre formador<\/li>\n<li>Designar dimarts i\/o dijous per a la realitzaci\u00f3 de les sessions del consell escolar<\/li>\n<li>Incorporar a la PGA l&#8217;activitat de revisi\u00f3 bucodental de 3r<\/li>\n<li>Aprovar el pressupost 2026<\/li>\n<li>Aprovar la liquidaci\u00f3 del pressupost 2025<\/li>\n<\/ul>\n<\/div>\n<p><b><i>Acords Consell escolar 27\/11\/2025, s&#8217;aprova:<\/i><\/b><\/div>\n<div>\n<ul>\n<li>Aprovaci\u00f3 PGA 2025-2026<\/li>\n<li>Aprovaci\u00f3 PEM 2024-2028<\/li>\n<\/ul>\n<\/div>\n<\/div>\n<div><\/div>\n<div><em><strong>Resultat eleccions 19\/11\/2025<\/strong><\/em><\/div>\n<div>Nous membres representants pares i mares al consell escolar<\/div>\n<div><\/div>\n<ul>\n<li>MUNNINA MOHAMED ABDELLAHI<\/li>\n<li>ANTONIO JOS\u00c9 MOLINA RODR\u00cdGUEZ<\/li>\n<li>ANTONIO JES\u00daS GARC\u00cdA COZAR<\/li>\n<\/ul>\n<\/div>\n<div><\/div>\n<div><\/div>\n<div><b><i>Acords Consell escolar 02\/10\/2025, s&#8217;aprova:<\/i><\/b><\/div>\n<div>\n<ul>\n<li>Mem\u00f2ria del curs 2024-2025<\/li>\n<\/ul>\n<\/div>\n<div><\/div>\n<div>\n<div><b><i>Acords Consell escolar 13\/11\/2024, s&#8217;aprova:<\/i><\/b><\/div>\n<ul>\n<li>PGA 2024-2025 i annexos<\/li>\n<\/ul>\n<\/div>\n<div><\/div>\n<div>\n<div><b><i>Acords consell escolar 24\/10\/2024, s&#8217;aprova:<\/i><\/b><\/div>\n<div>\n<ul>\n<li>Mem\u00f2ria del curs 2023-2024.<\/li>\n<li>Modificaci\u00f3 de pressupost 2024.<\/li>\n<li>Sortides programades pel mes d&#8217;octubre dels grups d&#8217;EI i d&#8217;EP.<\/li>\n<\/ul>\n<\/div>\n<div><\/div>\n<\/div>\n<div>\n<div><b><i>Acords consell escolar 17\/06\/2024, s&#8217;aprova:<\/i><\/b><\/div>\n<div>\n<ul>\n<li>Aprovaci\u00f3 del calendari escolar pel curs 2024-2025.<\/li>\n<\/ul>\n<\/div>\n<\/div>\n<div>\n<div>\n<div><\/div>\n<div><b><i>Acords consell escolar 30\/04\/2024, s&#8217;aprova:<\/i><\/b><\/div>\n<div>\n<ul>\n<li>Aprovaci\u00f3 addenda PGA 2023-2024: inclusi\u00f3 dues palanques perceptives i d&#8217;una palanca.<\/li>\n<\/ul>\n<\/div>\n<ul>\n<li>Designar Jos\u00e9 Antonio Molina Rodr\u00edguez com a representant del Consell Escolar a l&#8217;\u00f2rgan administratiu de la SEE.<\/li>\n<li>Pressupost 2024<\/li>\n<\/ul>\n<\/div>\n<div>\n<p align=\"justify\"><b><i>Acords Consell Escolar 22\/02\/2024, s&#8217;aprova:\u00a0<\/i><\/b><\/p>\n<\/div>\n<\/div>\n<div>\n<div>\n<div>\n<div>\n<ul>\n<li>Liquidaci\u00f3 pressupost 2023.<\/li>\n<li>Pressupost 2024<\/li>\n<\/ul>\n<\/div>\n<\/div>\n<div>\n<div><b><i>Acords Consell Escolar 18\/12\/2023, s&#8217;aprova:\u00a0<\/i><\/b><\/div>\n<\/div>\n<div>\n<ul>\n<li>Aprovaci\u00f3 de la PGA 2023-2024<\/li>\n<li>Aprovaci\u00f3 de modificacions del pressupost 2023.<\/li>\n<\/ul>\n<p><b><i>Acords Consell Escolar 25\/10\/2022, s&#8217;aprova:\u00a0<\/i><\/b><\/p>\n<\/div>\n<\/div>\n<div><\/div>\n<\/div>\n<div>\n<ul>\n<li>La Mem\u00f2ria del curs 2021-2022<\/li>\n<li>El Projecte de Conviv\u00e8ncia<\/li>\n<li>El Pla d\u2019Estrat\u00e8gia Digital de Centre<\/li>\n<li>La modificaci\u00f3 de pressupost 2022<\/li>\n<\/ul>\n<div><b><i>Acords Consell Escolar 25\/10\/2022, s&#8217;aprova:\u00a0<\/i><\/b><\/div>\n<div>\n<ul>\n<li>La PGA del curs 2022-2023<\/li>\n<\/ul>\n<p><b><i>Acords Consell Escolar 30\/03\/2023, s&#8217;aprova:<\/i><\/b><\/p>\n<\/div>\n<\/div>\n<div>\n<ul>\n<li>El Pla Estrat\u00e8gic de Millora ( PEM ) i les activitats palanca<\/li>\n<li>La liquidaci\u00f3 del pressupost de 2022<\/li>\n<li>El pressupost de 2023<\/li>\n<\/ul>\n<p><img loading=\"lazy\" decoding=\"async\" class=\"alignleft wp-image-11154 size-large\" src=\"https:\/\/agora.xtec.cat\/ceip-santbernat\/wp-content\/uploads\/usu1251\/2025\/12\/membres-consell-escolar-e1766053880389-713x1024.png\" alt=\"\" width=\"713\" height=\"1024\" srcset=\"https:\/\/agora.xtec.cat\/ceip-santbernat\/wp-content\/uploads\/usu1251\/2025\/12\/membres-consell-escolar-e1766053880389-713x1024.png 713w, https:\/\/agora.xtec.cat\/ceip-santbernat\/wp-content\/uploads\/usu1251\/2025\/12\/membres-consell-escolar-e1766053880389-209x300.png 209w, https:\/\/agora.xtec.cat\/ceip-santbernat\/wp-content\/uploads\/usu1251\/2025\/12\/membres-consell-escolar-e1766053880389-768x1102.png 768w, https:\/\/agora.xtec.cat\/ceip-santbernat\/wp-content\/uploads\/usu1251\/2025\/12\/membres-consell-escolar-e1766053880389-1070x1536.png 1070w, https:\/\/agora.xtec.cat\/ceip-santbernat\/wp-content\/uploads\/usu1251\/2025\/12\/membres-consell-escolar-e1766053880389.png 1217w\" sizes=\"auto, (max-width: 713px) 100vw, 713px\" \/><br \/>\n&nbsp;<\/p>\n<p>&nbsp;<\/p>\n<p>&nbsp;<\/p>\n<p>&nbsp;<\/p>\n<p>&nbsp;<\/p>\n<p>&nbsp;<\/p>\n<p>&nbsp;<\/p>\n<p>&nbsp;<\/p>\n<p>&nbsp;<\/p>\n<p>&nbsp;<\/p>\n<p>&nbsp;<\/p>\n<p>&nbsp;<\/p>\n<p>&nbsp;<\/p>\n<p>&nbsp;<\/p>\n<p>&nbsp;<\/p>\n<p>&nbsp;<\/p>\n<p>&nbsp;<\/p>\n<p>&nbsp;<\/p>\n<p>&nbsp;<\/p>\n<p>&nbsp;<\/p>\n<p>&nbsp;<\/p>\n<p>&nbsp;<\/p>\n<p><span style=\"font-family: inherit; font-size: 1em;\">El consell escolar del centre \u00e9s l&#8217;<\/span><strong style=\"font-family: inherit; font-size: 1em;\">\u00f2rgan col\u00b7legiat de participaci\u00f3<\/strong><span style=\"font-family: inherit; font-size: 1em;\">\u00a0de la comunitat escolar en el govern del centre. En el consell escolar hi ha representats tots els col\u00b7lectius que intervenen en la comunitat educativa: director, professorat, alumnat, personal d&#8217;administraci\u00f3 i serveis, etc.<\/span><\/p>\n<\/div>\n<p>En els centres p\u00fablics, la funci\u00f3 principal del consell escolar \u00e9s participar en la presa de decisions en relaci\u00f3 amb aquells temes importants per al funcionament i l&#8217;organitzaci\u00f3 del centre: el projecte educatiu, la programaci\u00f3 general, la gesti\u00f3 econ\u00f2mica, etc. Els membres del consell escolar s\u00f3n elegits per un per\u00edode de quatre anys i es renoven per meitats cada dos anys.<\/p>\n<p><strong>Corresponen al consell escolar les funcions seg\u00fcents:<\/strong><\/p>\n<ul>\n<li>Participar en l&#8217;aprovaci\u00f3 del projecte educatiu i les seves modificacions. El consell escolar ha de ser consultat pel director de manera preceptiva per valorar la proposta del projecte educatiu i manifestar el seu suport amb una majoria de les tres cinquenes parts dels membres.<\/li>\n<li>Participar en l&#8217;aprovaci\u00f3 de la programaci\u00f3 general anual, de les normes de funcionament i de la gesti\u00f3 econ\u00f2mica del centre. El consell escolar ha de ser consultat de manera preceptiva per valorar cada una de les propostes i manifestar el seu suport per majoria simple dels membres.<\/li>\n<li>Avaluar l&#8217;aplicaci\u00f3 del projecte educatiu i de les seves modificacions aix\u00ed com de la resta de documents de gesti\u00f3 del centre.<\/li>\n<li>Aprovar les propostes d&#8217;acords de coresponsabilitat, convenis i altres acords de col\u00b7laboraci\u00f3 del centre amb entitats i institucions.<\/li>\n<li>Intervenir en el procediment d&#8217;admissi\u00f3 d&#8217;alumnes.<\/li>\n<li>Participar en el procediment de selecci\u00f3 i en la proposta de cessament del director o directora.<\/li>\n<li>Intervenir en la resoluci\u00f3 dels conflictes i, si escau, revisar les sancions als alumnes.<\/li>\n<li>Aprovar les directrius per a la programaci\u00f3 d&#8217;activitats escolars complement\u00e0ries i d&#8217;activitats extraescolars, i avaluar-ne el desenvolupament.<\/li>\n<li>Participar en les an\u00e0lisis i les avaluacions del funcionament general del centre i con\u00e8ixer l&#8217;evoluci\u00f3 del rendiment escolar.<\/li>\n<li>Aprovar els criteris de col\u00b7laboraci\u00f3 amb altres centres i amb l&#8217;entorn.<\/li>\n<li>Qualsevol altre que li sigui atribu\u00efda per les normes legals o reglament\u00e0ries.<\/li>\n<\/ul>\n<p><strong>Composici\u00f3 Consell Escolar\u00a0<\/strong><\/p>\n<ol>\n<li>El consell escolar d&#8217;un centre p\u00fablic est\u00e0 integrat per:\n<ul>\n<li>El director o directora, que el presideix.<\/li>\n<li>El cap o la cap d&#8217;estudis.<\/li>\n<li>Un o una representant de l&#8217;ajuntament de la localitat on es troba situat el centre.<\/li>\n<li>El secretari o secret\u00e0ria del centre que assisteix amb veu i sense vot i exerceix la secretaria del consell.<\/li>\n<li>Els i les representants del professorat s&#8217;elegeixen pel claustre.<\/li>\n<li>Els i les representants dels pares i mares o tutors, elegits respectivament per ells i entre ells.<\/li>\n<li>Un o una representant del personal d&#8217;administraci\u00f3 i serveis, elegit per i entre aquest personal.<\/li>\n<li>En els centres espec\u00edfics d&#8217;educaci\u00f3 especial i en els que tinguin unitats d&#8217;educaci\u00f3 especial tamb\u00e9 \u00e9s membre del consell escolar un o una representant del personal d&#8217;atenci\u00f3 educativa. La representaci\u00f3 d&#8217;aquest personal no t\u00e9 la consideraci\u00f3 de representaci\u00f3 del professorat als efectes de determinar la composici\u00f3 del consell escolar.<\/li>\n<\/ul>\n<\/li>\n<li>El nombre de representants del professorat no pot ser inferior a un ter\u00e7 del total de membres del consell, elegits pel claustre i en representaci\u00f3 d&#8217;aquest.<\/li>\n<li>El nombre de representants de pares i mares o tutors, en conjunt, no pot ser inferior a un ter\u00e7 del total de persones membres del consell. Una de les persones representants de pares i mares o tutors, la designa l&#8217;associaci\u00f3 de pares i mares m\u00e9s representativa del centre.<\/li>\n<\/ol>\n<p>&nbsp;<\/p>\n","protected":false},"excerpt":{"rendered":"<p>Acords Consell escolar 11\/02\/2026, s&#8217;aprova:<\/p>\n<ul>\n<li>Sol.licitud de l&#8217;escola com a centre formador<\/li>\n<li>Designar dimarts i\/o dijous per a la realitzaci\u00f3 de les sessions del consell escolar<\/li>\n<li>Incorporar a la PGA l&#8217;activitat de revisi\u00f3 bucodental de 3r<\/li>\n<li>Aprovar el pressupost 2026<\/li>\n<li>Aprovar la liquidaci\u00f3 del pressupost 2025<\/li>\n<\/ul>\n<p>Acords Consell escolar 27\/11\/2025, s&#8217;aprova:<\/p>\n<ul>\n<li>Aprovaci\u00f3&hellip;  <a href=\"https:\/\/agora.xtec.cat\/ceip-santbernat\/lescola\/consell-escolar\/\" title=\"Read Consell Escolar\">Llegeix m\u00e9s\u00bb<\/a><br \/>\n","protected":false},"author":1,"featured_media":0,"parent":22,"menu_order":30,"comment_status":"closed","ping_status":"closed","template":"page-templates\/side-menu.php","meta":{"_bbp_topic_count":0,"_bbp_reply_count":0,"_bbp_total_topic_count":0,"_bbp_total_reply_count":0,"_bbp_voice_count":0,"_bbp_anonymous_reply_count":0,"_bbp_topic_count_hidden":0,"_bbp_reply_count_hidden":0,"_bbp_forum_subforum_count":0,"footnotes":""},"class_list":["post-28","page","type-page","status-publish","hentry"],"post_mailing_queue_ids":[],"_links":{"self":[{"href":"https:\/\/agora.xtec.cat\/ceip-santbernat\/wp-json\/wp\/v2\/pages\/28","targetHints":{"allow":["GET"]}}],"collection":[{"href":"https:\/\/agora.xtec.cat\/ceip-santbernat\/wp-json\/wp\/v2\/pages"}],"about":[{"href":"https:\/\/agora.xtec.cat\/ceip-santbernat\/wp-json\/wp\/v2\/types\/page"}],"author":[{"embeddable":true,"href":"https:\/\/agora.xtec.cat\/ceip-santbernat\/wp-json\/wp\/v2\/users\/1"}],"replies":[{"embeddable":true,"href":"https:\/\/agora.xtec.cat\/ceip-santbernat\/wp-json\/wp\/v2\/comments?post=28"}],"version-history":[{"count":7,"href":"https:\/\/agora.xtec.cat\/ceip-santbernat\/wp-json\/wp\/v2\/pages\/28\/revisions"}],"predecessor-version":[{"id":11359,"href":"https:\/\/agora.xtec.cat\/ceip-santbernat\/wp-json\/wp\/v2\/pages\/28\/revisions\/11359"}],"up":[{"embeddable":true,"href":"https:\/\/agora.xtec.cat\/ceip-santbernat\/wp-json\/wp\/v2\/pages\/22"}],"wp:attachment":[{"href":"https:\/\/agora.xtec.cat\/ceip-santbernat\/wp-json\/wp\/v2\/media?parent=28"}],"curies":[{"name":"wp","href":"https:\/\/api.w.org\/{rel}","templated":true}]}}