{"id":498,"date":"2025-05-20T12:59:16","date_gmt":"2025-05-20T10:59:16","guid":{"rendered":"https:\/\/agora.xtec.cat\/ceip-santaeulalia\/?page_id=498"},"modified":"2025-10-01T15:41:12","modified_gmt":"2025-10-01T13:41:12","slug":"equipdocent","status":"publish","type":"page","link":"https:\/\/agora.xtec.cat\/ceip-santaeulalia\/lescola\/equipdocent\/","title":{"rendered":"L&#8217;equip Directiu i Docent"},"content":{"rendered":"<div>\n<h2>Equip Directiu i Coordinadors<\/h2>\n<table style=\"border-collapse: collapse; width: 37.0561%; height: 128px;\">\n<tbody>\n<tr style=\"height: 32px;\">\n<td style=\"width: 22.787%; height: 32px;\"><strong>DIRECTORA<\/strong><\/td>\n<td style=\"width: 47.8475%; height: 32px;\">Meritxell Ros Antol\u00ed<\/td>\n<\/tr>\n<tr style=\"height: 32px;\">\n<td style=\"width: 22.787%; height: 32px;\"><strong>CAP D&#8217;ESTUDIS<\/strong><\/td>\n<td style=\"width: 47.8475%; height: 32px;\">Laura Blanco S\u00e1nchez<\/td>\n<\/tr>\n<tr style=\"height: 32px;\">\n<td style=\"width: 22.787%; height: 32px;\"><strong>SECRETARI<\/strong><\/td>\n<td style=\"width: 47.8475%; height: 32px;\">Joan Calv\u00eds Alzaga<\/td>\n<\/tr>\n<tr style=\"height: 32px;\">\n<td style=\"width: 22.787%; height: 32px;\"><strong>PAS<\/strong><\/td>\n<td style=\"width: 47.8475%; height: 32px;\">Mireia Madrid Cort\u00e9s<\/td>\n<\/tr>\n<\/tbody>\n<\/table>\n<table style=\"border-collapse: collapse; width: 57.2154%;\">\n<tbody>\n<tr style=\"height: 32px;\">\n<td style=\"width: 28.6605%; height: 32px;\">COORD. RISCOS LABORALS<\/td>\n<td style=\"width: 50.4039%; height: 32px;\">Ainhoa Momp\u00f3 Cisneros<\/td>\n<\/tr>\n<tr style=\"height: 32px;\">\n<td style=\"width: 28.6605%; height: 32px;\">COORD. BIBLIOTECA I ELIC<\/td>\n<td style=\"width: 50.4039%; height: 32px;\">Eugenia Franco Fuertes<\/td>\n<\/tr>\n<tr style=\"height: 32px;\">\n<td style=\"width: 28.6605%; height: 32px;\">COCOBE<\/td>\n<td style=\"width: 50.4039%; height: 32px;\">X\u00e8nia Solichero Murillo<\/td>\n<\/tr>\n<tr style=\"height: 32px;\">\n<td style=\"width: 28.6605%; height: 32px;\">EAP<\/td>\n<td style=\"width: 50.4039%; height: 32px;\">Maria Josep Morales Garc\u00eda<\/td>\n<\/tr>\n<tr style=\"height: 32px;\">\n<td style=\"width: 28.6605%; height: 32px;\">SERVEIS SOCIALS<\/td>\n<td style=\"width: 50.4039%; height: 32px;\">Esther Berenguer Jim\u00e9nez<\/td>\n<\/tr>\n<tr style=\"height: 32px;\">\n<td style=\"width: 28.6605%; height: 32px;\">COORDINADOR STEAM<\/td>\n<td style=\"width: 50.4039%; height: 32px;\">Ferran Vega Mancera<\/td>\n<\/tr>\n<tr style=\"height: 32px;\">\n<td style=\"width: 28.6605%; height: 32px;\">COORDINADOR DIGITAL<\/td>\n<td style=\"width: 50.4039%; height: 32px;\">Dionis Monterde Moreno<\/td>\n<\/tr>\n<tr>\n<td style=\"width: 28.6605%;\">CONSERGE<\/td>\n<td style=\"width: 50.4039%;\">Sergi Egea Robles<\/td>\n<\/tr>\n<\/tbody>\n<\/table>\n<h2><\/h2>\n<h2>Educaci\u00f3 infantil<\/h2>\n<p>Coordinadora d&#8217;infantil: M\u00f2nica Rubira Sobrino<\/p>\n<table style=\"border-collapse: collapse; width: 37.999%;\">\n<tbody>\n<tr>\n<td style=\"width: 11.3769%; text-align: center;\"><strong>I3 A<\/strong><\/td>\n<td style=\"width: 69.4417%;\">Maria Vict\u00f2ria Mir de Cort\u00e9s<\/td>\n<\/tr>\n<tr>\n<td style=\"width: 11.3769%; text-align: center;\"><strong>I3 B<\/strong><\/td>\n<td style=\"width: 69.4417%;\">Azahara Poveda Rodr\u00edguez<\/td>\n<\/tr>\n<tr>\n<td style=\"width: 11.3769%; text-align: center;\"><strong>I4<\/strong><\/td>\n<td style=\"width: 69.4417%;\">Emi Llin\u00e0s Ayuso<\/td>\n<\/tr>\n<tr>\n<td style=\"width: 11.3769%; text-align: center;\"><strong>I5 A<\/strong><\/td>\n<td style=\"width: 69.4417%;\">Anna Montserrat Gar\u00edia<\/td>\n<\/tr>\n<tr>\n<td style=\"width: 11.3769%; text-align: center;\"><strong>I5 B<\/strong><\/td>\n<td style=\"width: 69.4417%;\">M\u00f2nica Rubira Sobrino<\/td>\n<\/tr>\n<\/tbody>\n<\/table>\n<table style=\"border-collapse: collapse; width: 40.6093%; height: 198px;\">\n<tbody>\n<tr>\n<td style=\"width: 25.1081%;\">ANGL\u00c8S<\/td>\n<td style=\"width: 50.5842%;\">M\u00f2nica Acezat Vilas<\/td>\n<\/tr>\n<tr>\n<td style=\"width: 25.1081%;\">ED. ESPECIAL<\/td>\n<td style=\"width: 50.5842%;\">X\u00e8nia Solichero Murillo<\/td>\n<\/tr>\n<tr>\n<td style=\"width: 25.1081%;\">M\u00daSICA<\/td>\n<td style=\"width: 50.5842%;\">David Maestre Rodriguez<\/td>\n<\/tr>\n<tr>\n<td style=\"width: 25.1081%;\">SUPORT<\/td>\n<td style=\"width: 50.5842%;\">M\u00f2nica Acezat Vilas \/ David Maestre Rodr\u00edguez<\/td>\n<\/tr>\n<tr>\n<td style=\"width: 25.1081%;\">AMBIENTS<\/td>\n<td style=\"width: 50.5842%;\">Joan Calv\u00eds Alzaga \/ David Maestre Rodr\u00edguez<\/td>\n<\/tr>\n<tr>\n<td style=\"width: 25.1081%;\">TEC. ED. INFANTIL<\/td>\n<td style=\"width: 50.5842%;\">Gemma L\u00f3pez Querol<\/td>\n<\/tr>\n<\/tbody>\n<\/table>\n<\/div>\n<div><\/div>\n<div><\/div>\n<div>\n<h2>Educaci\u00f3 prim\u00e0ria:<\/h2>\n<h2>Primer Cicle<\/h2>\n<p>Coordinadora 1r cicle: Anabel Tienda Garc\u00eda<\/p>\n<div>\n<table style=\"border-collapse: collapse; width: 38.7237%;\">\n<tbody>\n<tr>\n<td style=\"width: 7.28789%; text-align: center;\"><strong>1r A<\/strong><\/td>\n<td style=\"width: 31.4358%;\">Anna Rossell Vilardell \/ Enric Berral Garc\u00eda<\/td>\n<\/tr>\n<tr>\n<td style=\"width: 7.28789%; text-align: center;\"><strong>1r B<\/strong><\/td>\n<td style=\"width: 31.4358%;\">Mertitxell Mart\u00ednez G\u00f3mez \/ T\u00e0nia Ramos Giralt<\/td>\n<\/tr>\n<tr>\n<td style=\"width: 7.28789%; text-align: center;\"><strong>2n A<\/strong><\/td>\n<td style=\"width: 31.4358%;\">Anabel Tienda Garc\u00eda<\/td>\n<\/tr>\n<tr>\n<td style=\"width: 7.28789%; text-align: center;\"><strong>2n B<\/strong><\/td>\n<td style=\"width: 31.4358%;\">Dionis Monterde Moreno<\/td>\n<\/tr>\n<\/tbody>\n<\/table>\n<table style=\"border-collapse: collapse; width: 43.7262%; height: 192px;\">\n<tbody>\n<tr style=\"height: 32px;\">\n<td style=\"width: 18.5279%; height: 32px;\">ANGL\u00c8S<\/td>\n<td style=\"width: 25.1994%; height: 32px;\">Natalia Ramos Barbecho<\/td>\n<\/tr>\n<tr style=\"height: 32px;\">\n<td style=\"width: 18.5279%; height: 32px;\">ED. ESPECIAL<\/td>\n<td style=\"width: 25.1994%; height: 32px;\">X\u00e8nia Solichero Murillo<\/td>\n<\/tr>\n<tr style=\"height: 32px;\">\n<td style=\"width: 18.5279%; height: 32px;\">ED. F\u00cdSICA<\/td>\n<td style=\"width: 25.1994%; height: 32px;\">Ainhoa Momp\u00f3 Cisneros<\/td>\n<\/tr>\n<tr style=\"height: 32px;\">\n<td style=\"width: 18.5279%; height: 32px;\">M\u00daSICA<\/td>\n<td style=\"width: 25.1994%; height: 32px;\">David Maestre Rodr\u00edguez<\/td>\n<\/tr>\n<tr style=\"height: 32px;\">\n<td style=\"width: 18.5279%; height: 32px;\">SUPORT E INNOVAMAT<\/td>\n<td style=\"width: 25.1994%; height: 32px;\">Evaristo Carcel\u00e9n Moreno<\/td>\n<\/tr>\n<tr style=\"height: 32px;\">\n<td style=\"width: 18.5279%; height: 32px;\">RACONS<\/td>\n<td style=\"width: 25.1994%; height: 32px;\">Natalia Ramos Barbecho<\/td>\n<\/tr>\n<\/tbody>\n<\/table>\n<\/div>\n<div>\n<h2>Segon Cicle<\/h2>\n<p>Coordinadora 2n cicle: Olga Comas Montilla<\/p>\n<\/div>\n<div>\n<table style=\"border-collapse: collapse; width: 34.9529%;\">\n<tbody>\n<tr>\n<td style=\"width: 5.03988%; text-align: center;\"><strong>3r<\/strong><\/td>\n<td style=\"width: 29.913%;\">Ferran Vega Mancera<\/td>\n<\/tr>\n<tr>\n<td style=\"width: 5.03988%; text-align: center;\"><strong>4t A<\/strong><\/td>\n<td style=\"width: 29.913%;\">N\u00faria Gimeno Roca<\/td>\n<\/tr>\n<tr>\n<td style=\"width: 5.03988%; text-align: center;\"><strong>4t B<\/strong><\/td>\n<td style=\"width: 29.913%;\">Francisco Javier Navarro S\u00e1nchez<\/td>\n<\/tr>\n<\/tbody>\n<\/table>\n<table style=\"border-collapse: collapse; width: 45.1051%;\">\n<tbody>\n<tr>\n<td style=\"width: 23.4218%;\">ANGL\u00c8S<\/td>\n<td style=\"width: 52.0633%;\">Eva Porcar Monz\u00f3n<\/td>\n<\/tr>\n<tr>\n<td style=\"width: 23.4218%;\">ED. ESPECIAL<\/td>\n<td style=\"width: 52.0633%;\">Laura Huguet Gordillo<\/td>\n<\/tr>\n<tr>\n<td style=\"width: 23.4218%;\">ED. F\u00cdSICA<\/td>\n<td style=\"width: 52.0633%;\">Ainhoa Momp\u00f3 Cisneros<\/td>\n<\/tr>\n<tr>\n<td style=\"width: 23.4218%;\">M\u00daSICA<\/td>\n<td style=\"width: 52.0633%;\">David Maestre Rodr\u00edguez<\/td>\n<\/tr>\n<tr>\n<td style=\"width: 23.4218%;\">SUPORT<\/td>\n<td style=\"width: 52.0633%;\">Laura Blanco S\u00e1nchez\u00a0\/ Olga Comas Montilla<\/td>\n<\/tr>\n<tr>\n<td style=\"width: 23.4218%;\">RACONS INNOVAMAT<\/td>\n<td style=\"width: 52.0633%;\">Laura Blanco S\u00e1nchez \/ Eva Porcar Monz\u00f3n<\/td>\n<\/tr>\n<\/tbody>\n<\/table>\n<h2>Tercer Cicle<\/h2>\n<p>Coordinadora 3r cicle: Laura Huguet Gordillo<\/p>\n<table style=\"border-collapse: collapse; width: 24.8731%;\">\n<tbody>\n<tr>\n<td style=\"width: 9.84542%; text-align: center;\"><strong>5\u00e8 A<\/strong><\/td>\n<td style=\"width: 30.479%;\">Sara Garc\u00eda Anguera<\/td>\n<\/tr>\n<tr>\n<td style=\"width: 9.84542%; text-align: center;\"><strong>5\u00e8 B<\/strong><\/td>\n<td style=\"width: 30.479%;\">Laura Cort\u00e9s Carbonell<\/td>\n<\/tr>\n<tr>\n<td style=\"width: 9.84542%; text-align: center;\"><strong>6\u00e8 A<\/strong><\/td>\n<td style=\"width: 30.479%;\">Mar\u00eda Asunci\u00f3n Pascual Garc\u00eda<\/td>\n<\/tr>\n<tr>\n<td style=\"width: 9.84542%; text-align: center;\"><strong>6\u00e8 B<\/strong><\/td>\n<td style=\"width: 30.479%;\">Andrea Alonso Pinies<\/td>\n<\/tr>\n<\/tbody>\n<\/table>\n<table style=\"border-collapse: collapse; width: 45.5391%; height: 195px;\">\n<tbody>\n<tr style=\"height: 32px;\">\n<td style=\"width: 20.1585%; height: 32px;\">ANGL\u00c9S<\/td>\n<td style=\"width: 50.6234%; height: 32px;\">Natalia Ramos Barbecho<\/td>\n<\/tr>\n<tr style=\"height: 32px;\">\n<td style=\"width: 20.1585%; height: 33px;\">ED. ESPECIAL<\/td>\n<td style=\"width: 50.6234%; height: 33px;\">Laura Huguet Gordillo<\/td>\n<\/tr>\n<tr style=\"height: 32px;\">\n<td style=\"width: 20.1585%; height: 32px;\">ED. F\u00cdSICA<\/td>\n<td style=\"width: 50.6234%; height: 32px;\">Ainhoa Momp\u00f3 Cisneros<\/td>\n<\/tr>\n<tr style=\"height: 34px;\">\n<td style=\"width: 20.1585%; height: 34px;\">M\u00daSICA<\/td>\n<td style=\"width: 50.6234%; height: 34px;\">David Maestre Rodr\u00edguez<\/td>\n<\/tr>\n<tr style=\"height: 32px;\">\n<td style=\"width: 20.1585%; height: 32px;\">RACONS E INNOVAMAT<\/td>\n<td style=\"width: 50.6234%; height: 32px;\">Olga Comas Montilla<\/td>\n<\/tr>\n<tr style=\"height: 32px;\">\n<td style=\"width: 20.1585%; height: 32px;\">SUPORT<\/td>\n<td style=\"width: 50.6234%; height: 32px;\">Laura Blanco S\u00e1nchez \/ Olga Comas Montilla<\/td>\n<\/tr>\n<\/tbody>\n<\/table>\n<p>&nbsp;<\/p>\n<\/div>\n<\/div>\n","protected":false},"excerpt":{"rendered":"<p>Equip Directiu i Coordinadors<\/p>\n<p>DIRECTORA<br \/>\nMeritxell Ros Antol\u00ed<\/p>\n<p>CAP D&#8217;ESTUDIS<br \/>\nLaura Blanco S\u00e1nchez<\/p>\n<p>SECRETARI<br \/>\nJoan Calv\u00eds Alzaga<\/p>\n<p>PAS<br \/>\nMireia Madrid Cort\u00e9s<\/p>\n<p>COORD. RISCOS LABORALS<br \/>\nAinhoa Momp\u00f3 Cisneros<\/p>\n<p>COORD. BIBLIOTECA I ELIC<br \/>\nEugenia Franco Fuertes<\/p>\n<p>COCOBE<br \/>\nX\u00e8nia Solichero Murillo<\/p>\n<p>EAP<br \/>\nMaria Josep Morales Garc\u00eda<\/p>\n<p>SERVEIS SOCIALS<br \/>\nEsther Berenguer Jim\u00e9nez<\/p>\n<p>COORDINADOR STEAM<br \/>\nFerran Vega Mancera<\/p>\n<p>COORDINADOR DIGITAL<br \/>\nDionis Monterde Moreno<\/p>\n<p>CONSERGE<br \/>\nSergi Egea Robles<\/p>\n<p>Educaci\u00f3 infantil<br \/>\nCoordinadora d&#8217;infantil: M\u00f2nica Rubira Sobrino<\/p>\n<p>I3 A<br \/>\nMaria Vict\u00f2ria&hellip;  <a href=\"https:\/\/agora.xtec.cat\/ceip-santaeulalia\/lescola\/equipdocent\/\" title=\"Read L&#8217;equip Directiu i Docent\">Llegeix m\u00e9s\u00bb<\/a><\/p>\n","protected":false},"author":1,"featured_media":0,"parent":22,"menu_order":0,"comment_status":"closed","ping_status":"closed","template":"","meta":{"_bbp_topic_count":0,"_bbp_reply_count":0,"_bbp_total_topic_count":0,"_bbp_total_reply_count":0,"_bbp_voice_count":0,"_bbp_anonymous_reply_count":0,"_bbp_topic_count_hidden":0,"_bbp_reply_count_hidden":0,"_bbp_forum_subforum_count":0,"footnotes":""},"class_list":["post-498","page","type-page","status-publish","hentry"],"post_mailing_queue_ids":[],"_links":{"self":[{"href":"https:\/\/agora.xtec.cat\/ceip-santaeulalia\/wp-json\/wp\/v2\/pages\/498","targetHints":{"allow":["GET"]}}],"collection":[{"href":"https:\/\/agora.xtec.cat\/ceip-santaeulalia\/wp-json\/wp\/v2\/pages"}],"about":[{"href":"https:\/\/agora.xtec.cat\/ceip-santaeulalia\/wp-json\/wp\/v2\/types\/page"}],"author":[{"embeddable":true,"href":"https:\/\/agora.xtec.cat\/ceip-santaeulalia\/wp-json\/wp\/v2\/users\/1"}],"replies":[{"embeddable":true,"href":"https:\/\/agora.xtec.cat\/ceip-santaeulalia\/wp-json\/wp\/v2\/comments?post=498"}],"version-history":[{"count":6,"href":"https:\/\/agora.xtec.cat\/ceip-santaeulalia\/wp-json\/wp\/v2\/pages\/498\/revisions"}],"predecessor-version":[{"id":870,"href":"https:\/\/agora.xtec.cat\/ceip-santaeulalia\/wp-json\/wp\/v2\/pages\/498\/revisions\/870"}],"up":[{"embeddable":true,"href":"https:\/\/agora.xtec.cat\/ceip-santaeulalia\/wp-json\/wp\/v2\/pages\/22"}],"wp:attachment":[{"href":"https:\/\/agora.xtec.cat\/ceip-santaeulalia\/wp-json\/wp\/v2\/media?parent=498"}],"curies":[{"name":"wp","href":"https:\/\/api.w.org\/{rel}","templated":true}]}}