{"id":9,"date":"2014-09-17T15:08:18","date_gmt":"2014-09-17T15:08:18","guid":{"rendered":"http:\/\/agora.xtec.cat\/ceip-santacreu-anglesola\/?page_id=9"},"modified":"2026-04-23T11:58:41","modified_gmt":"2026-04-23T09:58:41","slug":"pagina-dinici-buida","status":"publish","type":"page","link":"https:\/\/agora.xtec.cat\/ceip-santacreu-anglesola\/","title":{"rendered":"Pagina d&#8217;inici buida"},"content":{"rendered":"<h1><a href=\"https:\/\/agora.xtec.cat\/ceip-santacreu-anglesola\/wp-content\/uploads\/usu483\/2025\/07\/calendari-curs-25-26.pdf\">Calendari curs 25-26<\/a><\/h1>\n<h4>Inici de les classes Dilluns\u00a0<span style=\"color: #008000;\"><strong>8 de setembre de 2025.<\/strong><\/span><br \/>\nHorari :\u00a0 &#8211; Mat\u00ed: 9.00 a 13.00\u00a0 \u00a0&#8211; Tarda:\u00a0 15.00 a 17.00<\/h4>\n<hr \/>\n<h2><strong><span style=\"color: #800080;\">PREINSCRIPCI\u00d3 PEL CURS 2026-2027<\/span><\/strong><\/h2>\n<p>Totes les fam\u00edlies que estiguin interessades en realitzar la preinscripci\u00f3 a la nostra escola ja sigui per entrar a I3 -nens\/es nascuts el 2023- com per altres cursos d\u2019Educaci\u00f3 Infantil i Prim\u00e0ria poden posar-se en contacte per mitj\u00e0 del\u00a0 correu electr\u00f2nic de l&#8217;escola\u00a0 <a href=\"mailto:c5000854@xtec.cat\">c5000854@xtec.cat.<\/a> Tamb\u00e9 podeu contactar telef\u00f2nicament al<strong><span style=\"color: #339966;\"> 973 308 452.<\/span><\/strong><\/p>\n<p><strong><span style=\"color: #ff0000;\">Del 4 al 18 de mar\u00e7 de 2026 (a partir de les 9 hores): presentaci\u00f3 de sol\u00b7licituds<\/span><\/strong><\/p>\n<p><a href=\"http:\/\/educacio.gencat.cat\/ca\/tramits\/tramits-temes\/20483-obligatoris?moda=1\">Acc\u00e9s a la sol\u00b7licitud de preinscripci\u00f3. <\/a>Clicar a la part de baix de tot on posa: \u00a0Per Internet &#8211;&gt; Sol\u00b7licitud electr\u00f2nica. (clicar a Ves-hi)<\/p>\n<p><a href=\"https:\/\/agora.xtec.cat\/ceip-santacreu-anglesola\/wp-content\/uploads\/usu483\/2026\/03\/INFORME_OFERTA_OME_INFORME_OFERTA.pdf\">Publicaci\u00f3 de l&#8217;oferta inicial de places.<\/a> <span style=\"color: #ff6600;\">04\/03\/26<br \/>\n<\/span><a href=\"https:\/\/agora.xtec.cat\/ceip-santacreu-anglesola\/wp-content\/uploads\/usu483\/2026\/04\/INFORME_BAREM_PROVISIONAL_BAREM.pdf\">Informe barem provisional<\/a>\u00a0<span style=\"color: #ff0000;\"><span style=\"color: #ff6600;\">15\/04\/2026<\/span><br \/>\n<\/span><a href=\"https:\/\/agora.xtec.cat\/ceip-santacreu-anglesola\/wp-content\/uploads\/usu483\/2026\/04\/INFORME_BAREM_RESOLTES_BAREM.pdf\">Informe llistat amb puntuaci\u00f3.<\/a> <span style=\"color: #ff6600;\">23\/04\/2026<\/span><\/p>\n<ul>\n<li><a href=\"https:\/\/preinscripcio.gencat.cat\/ca\/estudis\/infantil-3-6\/inici\/\">WEB DE PREINSCRIPCI\u00d3 DE LA GENERA<\/a><a href=\"https:\/\/agora.xtec.cat\/ceip-santacreu-anglesola\/wp-content\/uploads\/usu483\/2026\/04\/INFORME_BAREM_PROVISIONAL_BAREM.pdf\">INFORME_BAREM_PROVISIONAL_BAREM<\/a><a href=\"https:\/\/preinscripcio.gencat.cat\/ca\/estudis\/infantil-3-6\/inici\/\">LITAT\u00a0 Educaci\u00f3 Infantil (3-6 anys)<\/a><\/li>\n<li><a href=\"https:\/\/preinscripcio.gencat.cat\/ca\/estudis\/primaria\/inici\/\">WEB DE PREINSCRIPCI\u00d3 DE LA GENERALITAT\u00a0 Educaci\u00f3 Prim\u00e0ria (6-12 anys)<\/a><\/li>\n<\/ul>\n<h4><\/h4>\n","protected":false},"excerpt":{"rendered":"<p><a href=\"https:\/\/agora.xtec.cat\/ceip-santacreu-anglesola\/wp-content\/uploads\/usu483\/2025\/07\/calendari-curs-25-26.pdf\">Calendari curs 25-26<\/a><br \/>\nInici de les classes Dilluns\u00a08 de setembre de 2025.<br \/>\nHorari :\u00a0 &#8211; Mat\u00ed: 9.00 a 13.00\u00a0 \u00a0&#8211; Tarda:\u00a0 15.00 a 17.00<\/p>\n<p>PREINSCRIPCI\u00d3 PEL CURS 2026-2027<br \/>\nTotes les fam\u00edlies que estiguin interessades en realitzar la preinscripci\u00f3 a la nostra escola ja sigui per entrar a I3&hellip;  <a href=\"https:\/\/agora.xtec.cat\/ceip-santacreu-anglesola\/\" title=\"Read Pagina d&#8217;inici buida\">Llegeix m\u00e9s\u00bb<\/a><\/p>\n","protected":false},"author":2,"featured_media":0,"parent":7,"menu_order":0,"comment_status":"closed","ping_status":"closed","template":"page-templates\/front-page.php","meta":{"_bbp_topic_count":0,"_bbp_reply_count":0,"_bbp_total_topic_count":0,"_bbp_total_reply_count":0,"_bbp_voice_count":0,"_bbp_anonymous_reply_count":0,"_bbp_topic_count_hidden":0,"_bbp_reply_count_hidden":0,"_bbp_forum_subforum_count":0,"footnotes":""},"class_list":["post-9","page","type-page","status-publish","hentry"],"post_mailing_queue_ids":[],"_links":{"self":[{"href":"https:\/\/agora.xtec.cat\/ceip-santacreu-anglesola\/wp-json\/wp\/v2\/pages\/9","targetHints":{"allow":["GET"]}}],"collection":[{"href":"https:\/\/agora.xtec.cat\/ceip-santacreu-anglesola\/wp-json\/wp\/v2\/pages"}],"about":[{"href":"https:\/\/agora.xtec.cat\/ceip-santacreu-anglesola\/wp-json\/wp\/v2\/types\/page"}],"author":[{"embeddable":true,"href":"https:\/\/agora.xtec.cat\/ceip-santacreu-anglesola\/wp-json\/wp\/v2\/users\/2"}],"replies":[{"embeddable":true,"href":"https:\/\/agora.xtec.cat\/ceip-santacreu-anglesola\/wp-json\/wp\/v2\/comments?post=9"}],"version-history":[{"count":8,"href":"https:\/\/agora.xtec.cat\/ceip-santacreu-anglesola\/wp-json\/wp\/v2\/pages\/9\/revisions"}],"predecessor-version":[{"id":8591,"href":"https:\/\/agora.xtec.cat\/ceip-santacreu-anglesola\/wp-json\/wp\/v2\/pages\/9\/revisions\/8591"}],"up":[{"embeddable":true,"href":"https:\/\/agora.xtec.cat\/ceip-santacreu-anglesola\/wp-json\/wp\/v2\/pages\/7"}],"wp:attachment":[{"href":"https:\/\/agora.xtec.cat\/ceip-santacreu-anglesola\/wp-json\/wp\/v2\/media?parent=9"}],"curies":[{"name":"wp","href":"https:\/\/api.w.org\/{rel}","templated":true}]}}

<h1><a href="https://agora.xtec.cat/ceip-santacreu-anglesola/wp-content/uploads/usu483/2025/07/calendari-curs-25-26.pdf">Calendari curs 25-26</a></h1>
<h4>Inici de les classes Dilluns <span style="color: #008000;"><strong>8 de setembre de 2025.</strong></span><br />
Horari :  &#8211; Matí: 9.00 a 13.00   &#8211; Tarda:  15.00 a 17.00</h4>
<hr />
<h2><strong><span style="color: #800080;">PREINSCRIPCIÓ PEL CURS 2026-2027</span></strong></h2>
<p>Totes les famílies que estiguin interessades en realitzar la preinscripció a la nostra escola ja sigui per entrar a I3 -nens/es nascuts el 2023- com per altres cursos d’Educació Infantil i Primària poden posar-se en contacte per mitjà del  correu electrònic de l&#8217;escola  <a href="mailto:c5000854@xtec.cat">c5000854@xtec.cat.</a> També podeu contactar telefònicament al<strong><span style="color: #339966;"> 973 308 452.</span></strong></p>
<p><strong><span style="color: #ff0000;">Del 4 al 18 de març de 2026 (a partir de les 9 hores): presentació de sol·licituds</span></strong></p>
<p><a href="http://educacio.gencat.cat/ca/tramits/tramits-temes/20483-obligatoris?moda=1">Accés a la sol·licitud de preinscripció. </a>Clicar a la part de baix de tot on posa:  Per Internet &#8211;&gt; Sol·licitud electrònica. (clicar a Ves-hi)</p>
<p><a href="https://agora.xtec.cat/ceip-santacreu-anglesola/wp-content/uploads/usu483/2026/03/INFORME_OFERTA_OME_INFORME_OFERTA.pdf">Publicació de l&#8217;oferta inicial de places.</a> <span style="color: #ff6600;">04/03/26<br />
</span><a href="https://agora.xtec.cat/ceip-santacreu-anglesola/wp-content/uploads/usu483/2026/04/INFORME_BAREM_PROVISIONAL_BAREM.pdf">Informe barem provisional</a> <span style="color: #ff0000;"><span style="color: #ff6600;">15/04/2026</span><br />
</span><a href="https://agora.xtec.cat/ceip-santacreu-anglesola/wp-content/uploads/usu483/2026/04/INFORME_BAREM_RESOLTES_BAREM.pdf">Informe llistat amb puntuació.</a> <span style="color: #ff6600;">23/04/2026</span></p>
<ul>
<li><a href="https://preinscripcio.gencat.cat/ca/estudis/infantil-3-6/inici/">WEB DE PREINSCRIPCIÓ DE LA GENERA</a><a href="https://agora.xtec.cat/ceip-santacreu-anglesola/wp-content/uploads/usu483/2026/04/INFORME_BAREM_PROVISIONAL_BAREM.pdf">INFORME_BAREM_PROVISIONAL_BAREM</a><a href="https://preinscripcio.gencat.cat/ca/estudis/infantil-3-6/inici/">LITAT  Educació Infantil (3-6 anys)</a></li>
<li><a href="https://preinscripcio.gencat.cat/ca/estudis/primaria/inici/">WEB DE PREINSCRIPCIÓ DE LA GENERALITAT  Educació Primària (6-12 anys)</a></li>
</ul>
<h4></h4>

<p><a href="https://agora.xtec.cat/ceip-santacreu-anglesola/wp-content/uploads/usu483/2025/07/calendari-curs-25-26.pdf">Calendari curs 25-26</a><br />
Inici de les classes Dilluns 8 de setembre de 2025.<br />
Horari :  &#8211; Matí: 9.00 a 13.00   &#8211; Tarda:  15.00 a 17.00</p>
<p>PREINSCRIPCIÓ PEL CURS 2026-2027<br />
Totes les famílies que estiguin interessades en realitzar la preinscripció a la nostra escola ja sigui per entrar a I3&hellip;  <a href="https://agora.xtec.cat/ceip-santacreu-anglesola/" title="Read Pagina d&#8217;inici buida">Llegeix més»</a></p>
