{"id":714,"date":"2020-03-12T10:43:58","date_gmt":"2020-03-12T09:43:58","guid":{"rendered":"http:\/\/agora.xtec.cat\/ceip-santacreu-anglesola\/?page_id=714"},"modified":"2024-02-28T22:50:53","modified_gmt":"2024-02-28T21:50:53","slug":"2n","status":"publish","type":"page","link":"https:\/\/agora.xtec.cat\/ceip-santacreu-anglesola\/2n\/","title":{"rendered":"2n"},"content":{"rendered":"<h1><span style=\"color: #ff00ff;\">TASCA\u00a0 29 &#8211; 2 &#8211; 2024<\/span><\/h1>\n<h2>Pensa un nombre que compleixi les condicions seg\u00fcents:<\/h2>\n<ul>\n<li>\n<h2><span style=\"color: #0000ff;\">M\u00e9s gran que 80 i m\u00e9s petit que 90.<\/span><\/h2>\n<\/li>\n<li>\n<h2><span style=\"color: #0000ff;\">La suma de les seves xifres \u00e9s 13.<\/span>Escriu la resposta a l&#8217;agenda el dia 4 de Mar\u00e7.<\/h2>\n<\/li>\n<\/ul>\n<h1>________________________________________<\/h1>\n<h1><span style=\"color: #ff9900;\">TASCA\u00a0 29 &#8211; 1 &#8211; 2024<\/span><\/h1>\n<h4><span style=\"color: #339966;\">Resol aquest problema i escriu l&#8217;operaci\u00f3 i\u00a0 la soluci\u00f3 a l&#8217;agenda el dia 1 de febrer.<\/span><\/h4>\n<p>&nbsp;<\/p>\n<h2><span style=\"color: #ff0000;\">Quants quil\u00f2metres hi ha d&#8217;Anglesola a Verd\u00fa si hi ha <\/span><\/h2>\n<h2><span style=\"color: #ff0000;\">7 km d&#8217;Anglesola a T\u00e0rrega i 6 km de T\u00e0rrega a Verd\u00fa?<\/span><\/h2>\n<h1>_______________________________________<\/h1>\n<h1><span style=\"color: #008000;\">TASCA\u00a0 30 &#8211; 11 &#8211; 2023<\/span><\/h1>\n<p>&nbsp;<\/p>\n<h2><span style=\"color: #800080;\">Dibuixa al full quadriculat que tens a la carpeta un robot amb triangles grocs, quadrats verds, rectangles vermells i cercles blaus.<\/span><\/h2>\n<h1><\/h1>\n<h1>________________________________________<\/h1>\n<h1><span style=\"color: #ff0000;\">TASCA\u00a0 23 &#8211; 10 &#8211; 2023<\/span><\/h1>\n<p>&nbsp;<\/p>\n<h3><span style=\"color: #ff6600;\">Resol aquesta endevinalla i escriu la resposta a l&#8217;agenda el dia 26 d&#8217;Octubre.<\/span><\/h3>\n<h1><\/h1>\n<h3><span style=\"color: #0000ff;\">Mig groga i mig negra<\/span><\/h3>\n<h3><span style=\"color: #0000ff;\">vaig de flor en flor,<\/span><\/h3>\n<h3><span style=\"color: #0000ff;\">si molt em molestes<\/span><\/h3>\n<h3><span style=\"color: #0000ff;\">et clavo el fibl\u00f3.<\/span><\/h3>\n<h3><\/h3>\n<h3><span style=\"color: #0000ff;\">Qui soc?\u00a0 \ud83d\ude44<\/span><\/h3>\n<h1>________________________________________<\/h1>\n<h1><span style=\"color: #ff6600;\">TASCA\u00a0 30 &#8211; 5 -2022<\/span><\/h1>\n<p>&nbsp;<\/p>\n<h2><span style=\"color: #000080;\">Entrena\u2019t a llegir en aquest enlla\u00e7.<\/span><\/h2>\n<p>&nbsp;<\/p>\n<p><a href=\"https:\/\/edu365.cat\/primaria\/catala\/entrena\/cos.html\" target=\"_blank\" rel=\"noopener\">https:\/\/edu365.cat\/primaria\/catala\/entrena\/cos.html<\/a><\/p>\n<p>&nbsp;<\/p>\n<h1><a href=\"https:\/\/edu365.cat\/primaria\/catala\/entrena\/cos.html\" target=\"_blank\" rel=\"noopener\">________________________________________<\/a><\/h1>\n<h1><span style=\"color: #ff0000;\">TASCA\u00a0\u00a0\u00a0 27 \u2013 4 &#8211; 2022<\/span><\/h1>\n<h2><span style=\"color: #0000ff;\">Visualitza el v\u00eddeo de les simetries.<\/span><\/h2>\n<p><a href=\"https:\/\/www.youtube.com\/watch?v=MtY-ZOwkROE\" target=\"_blank\" rel=\"noopener\">https:\/\/www.youtube.com\/watch?v=MtY-ZOwkROE<\/a><\/p>\n<p>&nbsp;<\/p>\n<h2><span style=\"color: #0000ff;\">Practica les simetries clicant damunt del joc \u201c<em>Symmetry\u00a0 Matching<\/em>\u201d.<\/span><\/h2>\n<p><a href=\"https:\/\/www.topmarks.co.uk\/symmetry\/symmetry-matching\" target=\"_blank\" rel=\"noopener\">https:\/\/www.topmarks.co.uk\/symmetry\/symmetry-matching<\/a><\/p>\n<p>&nbsp;<\/p>\n<h2><span style=\"color: #0000ff;\">Crea simetries clicant aquest enlla\u00e7.<\/span><\/h2>\n<p><a href=\"https:\/\/springroll-tc.pbskids.org\/symmetry-painter\/dbb52c2baecea0092ba5f3fd5ef6c4d0df2ee8b2\/release\/index.html\" target=\"_blank\" rel=\"noopener\">https:\/\/springroll-tc.pbskids.org\/symmetry-painter\/dbb52c2baecea0092ba5f3fd5ef6c4d0df2ee8b2\/release\/index.html<\/a><\/p>\n<p>&nbsp;<\/p>\n<h2><span style=\"color: #0000ff;\">En acabar\u00a0 fes la fitxa que tens a la carpeta.<\/span><\/h2>\n<h1>_______________________________________<\/h1>\n<h1><span style=\"color: #00ffff;\">TASCA\u00a0 21 &#8211; 3 &#8211; 2022<\/span><\/h1>\n<h2>Visualitza el v\u00eddeo i fes la fitxa que tens a la carpeta.<\/h2>\n<p>&nbsp;<\/p>\n<p><iframe loading=\"lazy\" title=\"02) El doble. Multiplicar i dividir. Numeraci\u00f3 i c\u00e0lcul. Cicle Inicial\" width=\"500\" height=\"281\" src=\"https:\/\/www.youtube.com\/embed\/t6L8jfyrv4U?feature=oembed\" frameborder=\"0\" allow=\"accelerometer; autoplay; clipboard-write; encrypted-media; gyroscope; picture-in-picture; web-share\" referrerpolicy=\"strict-origin-when-cross-origin\" allowfullscreen><\/iframe><\/p>\n<p>&nbsp;<\/p>\n<h2>_________________________________________________<\/h2>\n<h1><span style=\"color: #800080;\">TASCA\u00a0 23 &#8211; 2 &#8211; 2022<\/span><\/h1>\n<h2>Visualitza el v\u00eddeo i\u00a0 escriu un correu a la tutora amb els\u00a0 cinc h\u00e0bits d&#8217;higiene personal.<\/h2>\n<p>&nbsp;<\/p>\n<p><iframe loading=\"lazy\" title=\"Els h\u00e0bits d&#039;higiene personal\" width=\"500\" height=\"375\" src=\"https:\/\/www.youtube.com\/embed\/soILSGHZlk0?feature=oembed\" frameborder=\"0\" allow=\"accelerometer; autoplay; clipboard-write; encrypted-media; gyroscope; picture-in-picture; web-share\" referrerpolicy=\"strict-origin-when-cross-origin\" allowfullscreen><\/iframe><\/p>\n<h1>_______________________________________<\/h1>\n<h1><span style=\"color: #ff0000;\">TASCA\u00a0 26 &#8211; 1 &#8211; 2022<\/span><\/h1>\n<p>&nbsp;<\/p>\n<h2><span style=\"color: #800080;\">Resuelve esta adivinanza y env\u00eda la respuesta al correo electr\u00f3nico de la tutora.<\/span><\/h2>\n<p>&nbsp;<\/p>\n<h3>El roer es mi trabajo<\/h3>\n<h3>el queso es mi aperitivo<\/h3>\n<h3>y el gato siempre ser\u00e0<\/h3>\n<h3>mi m\u00e1s temido enemigo.<\/h3>\n<p>&nbsp;<\/p>\n<h3><span style=\"color: #000080;\">\u00bfQui\u00e9n soy?<\/span><\/h3>\n<p>_______________________________________________________________________________________________________________<\/p>\n<h1><span style=\"color: #ff6600;\">TASCA\u00a0 15 &#8211; 12 &#8211; 2021<\/span><\/h1>\n<p>&nbsp;<\/p>\n<h2><span style=\"color: #3341ff;\">DITA\u00a0 DE\u00a0 L&#8217;HIVERN\u00a0 \ud83c\udf84<\/span><\/h2>\n<p>&nbsp;<\/p>\n<h3>Cerca a Google una dita de l&#8217;hivern.<\/h3>\n<h3>Copia el rodol\u00ed en el\u00a0 full que tens a la carpeta i fes un dibuix.<\/h3>\n<h1>\ud83d\udcdd<\/h1>\n<h1>_________________________________<\/h1>\n<h1><span style=\"color: #ff00ff;\">TASCA\u00a0\u00a0\u00a0 24-11-2021<\/span><\/h1>\n<p>&nbsp;<\/p>\n<h2><span style=\"color: #33cccc;\">Mira aquest conte clicant l&#8217;enlla\u00e7 i contesta les preguntes. <\/span><\/h2>\n<h2><span style=\"color: #33cccc;\">Envia les respostes al correu de la tutora.<\/span><\/h2>\n<p>&nbsp;<\/p>\n<ol>\n<li>\n<h3>Com es diu la sirena que no volia cantar?<\/h3>\n<\/li>\n<li>\n<h3>Quin animal volia menjar-se la sirena?<\/h3>\n<\/li>\n<li>\n<h3>Com salva la sirena a les seves germanes?<\/h3>\n<\/li>\n<\/ol>\n<h3><\/h3>\n<p><a href=\"https:\/\/www.ccma.cat\/tv3\/super3\/el-cant-de-la-sireneta\/el-cant-de-la-sireneta\/video\/fitxa-programa\/6071984\/6071984\/\" target=\"_blank\" rel=\"noopener\">https:\/\/www.ccma.cat\/tv3\/super3\/el-cant-de-la-sireneta\/el-cant-de-la-sireneta\/video\/fitxa-programa\/6071984\/6071984\/<\/a><\/p>\n<h1>____________________________________<\/h1>\n<h1>27 &#8211; 10 &#8211; 2021<\/h1>\n<h1><span style=\"color: #00ccff;\"><strong>ENDEVINALLA<\/strong><\/span><\/h1>\n<h3><\/h3>\n<h3>Resol aquesta endevinalla i envia la resposta a la tutora per correu electr\u00f2nic.<\/h3>\n<p>&nbsp;<\/p>\n<h2><span style=\"color: #ff6600;\">Quina cosa \u00e9s\u00a0<\/span><\/h2>\n<h2><span style=\"color: #ff6600;\">que xiula sense boca,<\/span><\/h2>\n<h2><span style=\"color: #ff6600;\">corre sense peus,<\/span><\/h2>\n<h2><span style=\"color: #ff6600;\">t&#8217;acaricia la cara<\/span><\/h2>\n<h2><span style=\"color: #ff6600;\">i no la veus?<\/span><\/h2>\n<p>&nbsp;<\/p>\n<h1>\ud83e\udd14<\/h1>\n<h2>_______________________________________<\/h2>\n<h1 style=\"text-align: justify;\"><span style=\"color: #ff0000;\"><strong>TASQUES VACANCES DE NADAL<\/strong><\/span><\/h1>\n<ul style=\"list-style-type: disc; text-align: justify;\">\n<li>\n<h4>Anar a l\u2019aplicaci\u00f3 <strong>Play Store<\/strong> de la tablet o el m\u00f2bil i escriure:<\/h4>\n<\/li>\n<\/ul>\n<h5 style=\"padding-left: 40px; text-align: justify;\"><strong>JOCS DE LECTURA \u00a0\u00a0<a href=\"https:\/\/agora.xtec.cat\/ceip-santacreu-anglesola\/wp-content\/uploads\/usu483\/2020\/12\/unnamed.png\"><img loading=\"lazy\" decoding=\"async\" class=\"alignnone wp-image-3526\" src=\"https:\/\/agora.xtec.cat\/ceip-santacreu-anglesola\/wp-content\/uploads\/usu483\/2020\/12\/unnamed.png\" alt=\"\" width=\"89\" height=\"89\" srcset=\"https:\/\/agora.xtec.cat\/ceip-santacreu-anglesola\/wp-content\/uploads\/usu483\/2020\/12\/unnamed.png 512w, https:\/\/agora.xtec.cat\/ceip-santacreu-anglesola\/wp-content\/uploads\/usu483\/2020\/12\/unnamed-150x150.png 150w, https:\/\/agora.xtec.cat\/ceip-santacreu-anglesola\/wp-content\/uploads\/usu483\/2020\/12\/unnamed-300x300.png 300w\" sizes=\"auto, (max-width: 89px) 100vw, 89px\" \/><\/a> <\/strong><\/h5>\n<h4 style=\"text-align: justify;\"><\/h4>\n<h5 style=\"padding-left: 40px; text-align: justify;\"><strong>\u00a0FIRST GRADE MATH FREE\u00a0 \u00a0 <a href=\"https:\/\/agora.xtec.cat\/ceip-santacreu-anglesola\/wp-content\/uploads\/usu483\/2020\/12\/IMATGE-MATES-.jpg\"><img loading=\"lazy\" decoding=\"async\" class=\"alignnone wp-image-3537\" src=\"https:\/\/agora.xtec.cat\/ceip-santacreu-anglesola\/wp-content\/uploads\/usu483\/2020\/12\/IMATGE-MATES--1024x1003.jpg\" alt=\"\" width=\"70\" height=\"69\" srcset=\"https:\/\/agora.xtec.cat\/ceip-santacreu-anglesola\/wp-content\/uploads\/usu483\/2020\/12\/IMATGE-MATES--1024x1003.jpg 1024w, https:\/\/agora.xtec.cat\/ceip-santacreu-anglesola\/wp-content\/uploads\/usu483\/2020\/12\/IMATGE-MATES--150x150.jpg 150w, https:\/\/agora.xtec.cat\/ceip-santacreu-anglesola\/wp-content\/uploads\/usu483\/2020\/12\/IMATGE-MATES--300x294.jpg 300w, https:\/\/agora.xtec.cat\/ceip-santacreu-anglesola\/wp-content\/uploads\/usu483\/2020\/12\/IMATGE-MATES--768x752.jpg 768w, https:\/\/agora.xtec.cat\/ceip-santacreu-anglesola\/wp-content\/uploads\/usu483\/2020\/12\/IMATGE-MATES-.jpg 1217w\" sizes=\"auto, (max-width: 70px) 100vw, 70px\" \/><\/a><\/strong><\/h5>\n<p>&nbsp;<\/p>\n<h4 style=\"padding-left: 40px; text-align: justify;\">Descarregar-vos els jocs did\u00e0ctics per jugar-hi.<\/h4>\n<ul style=\"text-align: justify;\">\n<li>\n<h4>Podeu entrar en aquesta web on hi trobareu jocs educatius de diferents mat\u00e8ries i tamb\u00e9 podreu treballar contes, activitats de lectura i comprensi\u00f3 lectora (en catal\u00e0 i castell\u00e0):<\/h4>\n<\/li>\n<\/ul>\n<h5>\u00a0 \u00a0 <a href=\"http:\/\/www.cristic.com\/1o-y-2o-de-primaria\/\" target=\"_blank\" rel=\"noopener noreferrer\">http:\/\/www.cristic.com\/1o-y-2o-de-primaria\/<\/a><\/h5>\n<p>&nbsp;<\/p>\n<ul style=\"text-align: justify;\">\n<li>\n<h4>Llegir i dir moltes paraules dolces.<\/h4>\n<\/li>\n<\/ul>\n<ul style=\"text-align: justify;\">\n<li>\n<h4>Jugar i gaudir de la fam\u00edlia.<\/h4>\n<\/li>\n<\/ul>\n<p>&nbsp;<\/p>\n<h3 style=\"text-align: justify;\"><strong><span style=\"color: #8400ff;\">BONES VACANCES!!!!!!!<\/span><\/strong><\/h3>\n<p>&nbsp;<\/p>\n<pre>____________________________________________________________________________________________________________<\/pre>\n<h1><\/h1>\n<h1><span style=\"color: #0000ff;\">POEMA DE NADAL<\/span><\/h1>\n<p><a href=\"https:\/\/view.genial.ly\/5fbfebe4897240135b106c47\/game-action-genially-sin-titulo\" target=\"_blank\" rel=\"noopener noreferrer\">NADAL M\u00c0GIC<\/a><\/p>\n<hr \/>\n<h1><span style=\"color: #ff9900;\">DEURES<\/span><\/h1>\n<p><a href=\"https:\/\/agora.xtec.cat\/ceip-santacreu-anglesola\/wp-content\/uploads\/usu483\/2020\/11\/La-granja-de-lavi-Pau.pdf\" target=\"_blank\" rel=\"noopener noreferrer\">La granja de l&#8217;avi Pau<\/a><\/p>\n<hr \/>\n<h1><span style=\"color: #ff00ff;\">M\u00daSICA<\/span><\/h1>\n<p><span style=\"color: #3366ff;\"><a style=\"color: #3366ff;\" href=\"https:\/\/youtu.be\/uOuLi0avCwU\" target=\"_blank\" rel=\"noopener noreferrer\">HARRY POTTER<\/a><\/span><\/p>\n<p><span style=\"color: #000080;\"><a style=\"color: #000080;\" href=\"https:\/\/youtu.be\/D1o_Xnx6_e8\" target=\"_blank\" rel=\"noopener noreferrer\">THE PINK PANTHER<\/a><\/span><\/p>\n<p>&nbsp;<\/p>\n","protected":false},"excerpt":{"rendered":"<p>TASCA\u00a0 29 &#8211; 2 &#8211; 2024<br \/>\nPensa un nombre que compleixi les condicions seg\u00fcents:<\/p>\n<ul>\n<li>\nM\u00e9s gran que 80 i m\u00e9s petit que 90.\n<\/li>\n<li>\nLa suma de les seves xifres \u00e9s 13.Escriu la resposta a l&#8217;agenda el dia 4 de Mar\u00e7.\n<\/li>\n<\/ul>\n<p>________________________________________<br \/>\nTASCA\u00a0 29 &#8211; 1 &#8211; 2024<br \/>\nResol aquest problema i&hellip;  <a href=\"https:\/\/agora.xtec.cat\/ceip-santacreu-anglesola\/2n\/\" title=\"Read 2n\">Llegeix m\u00e9s\u00bb<\/a><\/p>\n","protected":false},"author":1,"featured_media":0,"parent":0,"menu_order":0,"comment_status":"closed","ping_status":"closed","template":"","meta":{"_bbp_topic_count":0,"_bbp_reply_count":0,"_bbp_total_topic_count":0,"_bbp_total_reply_count":0,"_bbp_voice_count":0,"_bbp_anonymous_reply_count":0,"_bbp_topic_count_hidden":0,"_bbp_reply_count_hidden":0,"_bbp_forum_subforum_count":0,"footnotes":""},"class_list":["post-714","page","type-page","status-publish","hentry"],"post_mailing_queue_ids":[],"_links":{"self":[{"href":"https:\/\/agora.xtec.cat\/ceip-santacreu-anglesola\/wp-json\/wp\/v2\/pages\/714","targetHints":{"allow":["GET"]}}],"collection":[{"href":"https:\/\/agora.xtec.cat\/ceip-santacreu-anglesola\/wp-json\/wp\/v2\/pages"}],"about":[{"href":"https:\/\/agora.xtec.cat\/ceip-santacreu-anglesola\/wp-json\/wp\/v2\/types\/page"}],"author":[{"embeddable":true,"href":"https:\/\/agora.xtec.cat\/ceip-santacreu-anglesola\/wp-json\/wp\/v2\/users\/1"}],"replies":[{"embeddable":true,"href":"https:\/\/agora.xtec.cat\/ceip-santacreu-anglesola\/wp-json\/wp\/v2\/comments?post=714"}],"version-history":[{"count":11,"href":"https:\/\/agora.xtec.cat\/ceip-santacreu-anglesola\/wp-json\/wp\/v2\/pages\/714\/revisions"}],"predecessor-version":[{"id":6659,"href":"https:\/\/agora.xtec.cat\/ceip-santacreu-anglesola\/wp-json\/wp\/v2\/pages\/714\/revisions\/6659"}],"wp:attachment":[{"href":"https:\/\/agora.xtec.cat\/ceip-santacreu-anglesola\/wp-json\/wp\/v2\/media?parent=714"}],"curies":[{"name":"wp","href":"https:\/\/api.w.org\/{rel}","templated":true}]}}