{"id":1514,"date":"2020-04-21T16:32:08","date_gmt":"2020-04-21T14:32:08","guid":{"rendered":"http:\/\/agora.xtec.cat\/ceip-santacreu-anglesola\/?page_id=1514"},"modified":"2020-05-19T09:58:20","modified_gmt":"2020-05-19T07:58:20","slug":"lsc-llengua-de-signes-catalana","status":"publish","type":"page","link":"https:\/\/agora.xtec.cat\/ceip-santacreu-anglesola\/lsc-llengua-de-signes-catalana\/","title":{"rendered":"LSC: LLENGUA DE SIGNES CATALANA"},"content":{"rendered":"<p>En aquesta p\u00e0gina anirem penjant diferents v\u00eddeos, enlla\u00e7os i recursos en LSC Llengua de signes Catalana.<\/p>\n<p><span style=\"color: #ff0000;\"><strong>LA HIST\u00d2RIA DE CATALUNYA<\/strong><\/span><\/p>\n<p><iframe loading=\"lazy\" title=\"LSC Curiositat per a nens: Hist\u00f2ria de Catalunya\" width=\"500\" height=\"281\" src=\"https:\/\/www.youtube.com\/embed\/T3cD4RSp798?feature=oembed\" frameborder=\"0\" allow=\"accelerometer; autoplay; clipboard-write; encrypted-media; gyroscope; picture-in-picture; web-share\" referrerpolicy=\"strict-origin-when-cross-origin\" allowfullscreen><\/iframe><\/p>\n<p><strong><span style=\"color: #339966;\">CONTE DEL CORONAVIRUS<\/span><\/strong><\/p>\n<p><iframe loading=\"lazy\" title=\"LSC Curiositat per a nens: Conte del coronavirus\" width=\"500\" height=\"281\" src=\"https:\/\/www.youtube.com\/embed\/M7udNWiduqI?feature=oembed\" frameborder=\"0\" allow=\"accelerometer; autoplay; clipboard-write; encrypted-media; gyroscope; picture-in-picture; web-share\" referrerpolicy=\"strict-origin-when-cross-origin\" allowfullscreen><\/iframe><\/p>\n<p><span style=\"color: #ff6600;\"><strong>RECEPTA DE CUINA: Pa amb tom\u00e0quet<\/strong><\/span><\/p>\n<p><iframe loading=\"lazy\" title=\"LSC Curiositat per a nens: Pa amb tom\u00e0quet\" width=\"500\" height=\"281\" src=\"https:\/\/www.youtube.com\/embed\/QE6KDiH5xvQ?feature=oembed\" frameborder=\"0\" allow=\"accelerometer; autoplay; clipboard-write; encrypted-media; gyroscope; picture-in-picture; web-share\" referrerpolicy=\"strict-origin-when-cross-origin\" allowfullscreen><\/iframe><\/p>\n<p><strong><span style=\"color: #0000ff;\">CAN\u00c7\u00d3: Papallona Vola.<\/span><\/strong><\/p>\n<p><iframe loading=\"lazy\" title=\"Cia.Bababoom - Papallona Vola en llengua de signes catalana\" width=\"500\" height=\"281\" src=\"https:\/\/www.youtube.com\/embed\/NWON4xqg5fU?feature=oembed\" frameborder=\"0\" allow=\"accelerometer; autoplay; clipboard-write; encrypted-media; gyroscope; picture-in-picture; web-share\" referrerpolicy=\"strict-origin-when-cross-origin\" allowfullscreen><\/iframe><\/p>\n<p><span style=\"color: #ffcc00;\"><strong>Curiositat: Sobre els ous de les gallines.<\/strong><\/span><\/p>\n<p><iframe loading=\"lazy\" title=\"LSC Curiositat per a nens: Sobre els ous de les gallines\" width=\"500\" height=\"281\" src=\"https:\/\/www.youtube.com\/embed\/AwBIlLiezg8?feature=oembed\" frameborder=\"0\" allow=\"accelerometer; autoplay; clipboard-write; encrypted-media; gyroscope; picture-in-picture; web-share\" referrerpolicy=\"strict-origin-when-cross-origin\" allowfullscreen><\/iframe><\/p>\n<p><strong><span style=\"color: #339966;\">LA LLEGENDA DE SANT JORDI<\/span><\/strong><\/p>\n<p><iframe loading=\"lazy\" title=\"Conte  LSC: La Llegenda de  Sant Jordi\" width=\"500\" height=\"281\" src=\"https:\/\/www.youtube.com\/embed\/nquFiEHbPXE?feature=oembed\" frameborder=\"0\" allow=\"accelerometer; autoplay; clipboard-write; encrypted-media; gyroscope; picture-in-picture; web-share\" referrerpolicy=\"strict-origin-when-cross-origin\" allowfullscreen><\/iframe><\/p>\n<p><span style=\"color: #800080;\"><strong>CAN\u00c7\u00d3 DE SANT JORDI<\/strong><\/span><\/p>\n<p><iframe loading=\"lazy\" title=\"SANT JORDI LSC\" width=\"500\" height=\"281\" src=\"https:\/\/www.youtube.com\/embed\/Yfa-_bsYsgM?feature=oembed\" frameborder=\"0\" allow=\"accelerometer; autoplay; clipboard-write; encrypted-media; gyroscope; picture-in-picture; web-share\" referrerpolicy=\"strict-origin-when-cross-origin\" allowfullscreen><\/iframe><\/p>\n<p><strong><span style=\"color: #3366ff;\">CAN\u00c7\u00d3 EL 23 D&#8217;ABRIL<\/span><\/strong><\/p>\n<p><iframe loading=\"lazy\" title=\"D\u00e0maris Gelabert - EL VINT-I-TRES D&#039;ABRIL en llengua de signes\" width=\"500\" height=\"281\" src=\"https:\/\/www.youtube.com\/embed\/LYPafALg2Ro?feature=oembed\" frameborder=\"0\" allow=\"accelerometer; autoplay; clipboard-write; encrypted-media; gyroscope; picture-in-picture; web-share\" referrerpolicy=\"strict-origin-when-cross-origin\" allowfullscreen><\/iframe><\/p>\n<p>&nbsp;<\/p>\n","protected":false},"excerpt":{"rendered":"<p>En aquesta p\u00e0gina anirem penjant diferents v\u00eddeos, enlla\u00e7os i recursos en LSC Llengua de signes Catalana.<br \/>\nLA HIST\u00d2RIA DE CATALUNYA<\/p>\n<p>CONTE DEL CORONAVIRUS<\/p>\n<p>RECEPTA DE CUINA: Pa amb tom\u00e0quet<\/p>\n<p>CAN\u00c7\u00d3: Papallona Vola.<\/p>\n<p>Curiositat: Sobre els ous de les gallines.<\/p>\n<p>LA LLEGENDA DE SANT JORDI<\/p>\n<p>CAN\u00c7\u00d3 DE SANT JORDI<\/p>\n<p>CAN\u00c7\u00d3 EL 23 D&#8217;ABRIL<\/p>\n<p>&nbsp;<\/p>\n","protected":false},"author":4,"featured_media":0,"parent":0,"menu_order":0,"comment_status":"closed","ping_status":"closed","template":"","meta":{"_bbp_topic_count":0,"_bbp_reply_count":0,"_bbp_total_topic_count":0,"_bbp_total_reply_count":0,"_bbp_voice_count":0,"_bbp_anonymous_reply_count":0,"_bbp_topic_count_hidden":0,"_bbp_reply_count_hidden":0,"_bbp_forum_subforum_count":0,"footnotes":""},"class_list":["post-1514","page","type-page","status-publish","hentry"],"post_mailing_queue_ids":[],"_links":{"self":[{"href":"https:\/\/agora.xtec.cat\/ceip-santacreu-anglesola\/wp-json\/wp\/v2\/pages\/1514","targetHints":{"allow":["GET"]}}],"collection":[{"href":"https:\/\/agora.xtec.cat\/ceip-santacreu-anglesola\/wp-json\/wp\/v2\/pages"}],"about":[{"href":"https:\/\/agora.xtec.cat\/ceip-santacreu-anglesola\/wp-json\/wp\/v2\/types\/page"}],"author":[{"embeddable":true,"href":"https:\/\/agora.xtec.cat\/ceip-santacreu-anglesola\/wp-json\/wp\/v2\/users\/4"}],"replies":[{"embeddable":true,"href":"https:\/\/agora.xtec.cat\/ceip-santacreu-anglesola\/wp-json\/wp\/v2\/comments?post=1514"}],"version-history":[{"count":4,"href":"https:\/\/agora.xtec.cat\/ceip-santacreu-anglesola\/wp-json\/wp\/v2\/pages\/1514\/revisions"}],"predecessor-version":[{"id":2171,"href":"https:\/\/agora.xtec.cat\/ceip-santacreu-anglesola\/wp-json\/wp\/v2\/pages\/1514\/revisions\/2171"}],"wp:attachment":[{"href":"https:\/\/agora.xtec.cat\/ceip-santacreu-anglesola\/wp-json\/wp\/v2\/media?parent=1514"}],"curies":[{"name":"wp","href":"https:\/\/api.w.org\/{rel}","templated":true}]}}