{"id":38,"date":"2014-09-18T12:34:08","date_gmt":"2014-09-18T12:34:08","guid":{"rendered":"http:\/\/agora.xtec.cat\/ceip-santa-anna-castellvell\/?page_id=38"},"modified":"2023-10-03T07:34:37","modified_gmt":"2023-10-03T05:34:37","slug":"pla-salut","status":"publish","type":"page","link":"https:\/\/agora.xtec.cat\/ceip-santa-anna-castellvell\/linia-pedagogica\/pla-salut\/","title":{"rendered":"Programa de salut escolar"},"content":{"rendered":"<p>La funci\u00f3 del Programa de salut escolar de Catalunya de l&#8217;ICS \u00e9s dur a terme la vacunaci\u00f3 dels infants i adolescents d\u2019acord amb el calendari vacunal vigent en cada moment. Per tant, un dels objectius del despla\u00e7ament dels professionals sanitaris dels equips d\u2019atenci\u00f3 prim\u00e0ria als centres escolars del seu \u00e0mbit territorial \u00e9s mantenir una cobertura de vacunaci\u00f3 el m\u00e9s alta possible d\u2019infants i adolescents correctament immunitzats, a m\u00e9s de garantir la continu\u00eftat assistencial i el seguiment del calendari de vacunacions sistem\u00e0tiques de Catalunya.<\/p>\n<p>Podeu trobar la informaci\u00f3 en el seg\u00fcent enlla\u00e7:\u00a0\u00a0<a href=\"https:\/\/salutpublica.gencat.cat\/ca\/ambits\/promocio_salut\/vacunacions\/Vacunacio-en-centres-educatius\/\">Programa de salut escolar de Catalunya\u00a0<\/a><\/p>\n<p>El programa consisteix en:<\/p>\n<p><strong>Revisi\u00f3 bucodental<br \/>\n<\/strong><\/p>\n<p><img loading=\"lazy\" decoding=\"async\" class=\"alignleft\" src=\"https:\/\/i.pinimg.com\/564x\/74\/6c\/d1\/746cd15f87f3928e9de92b00e44021e1.jpg\" alt=\"Pin en yezz\" width=\"118\" height=\"118\" \/><\/p>\n<p>Revisi\u00f3 dels alumnes d&#8217;I4, 1r i 6\u00e8 de prim\u00e0ria de l&#8217;Escola Santa Anna per part del servei pedi\u00e0tric d&#8217;odontologia del CAP Sant Pere de Reus dins el Programa de salut bucodental de l&#8217;ICS. Les fam\u00edlies reben un informe amb els resultats de la revisi\u00f3.<\/p>\n<p>&nbsp;<\/p>\n<p><ins datetime=\"2015-05-14T06:45:29+00:00\"><\/ins><ins datetime=\"2015-05-14T06:45:29+00:00\"><\/ins><ins datetime=\"2015-05-14T06:45:29+00:00\"><\/ins><ins datetime=\"2015-05-14T06:45:29+00:00\"><\/ins><ins datetime=\"2015-05-14T06:45:29+00:00\"><\/ins><ins datetime=\"2015-05-14T06:45:29+00:00\"><\/ins><strong>Programa de vacunaci\u00f3 escolar<\/strong><\/p>\n<p><img loading=\"lazy\" decoding=\"async\" class=\"alignleft\" src=\"https:\/\/static.vecteezy.com\/system\/resources\/previews\/002\/097\/297\/non_2x\/cartoon-character-of-a-woman-getting-a-vaccine-free-vector.jpg\" alt=\"personaje de dibujos animados de una mujer recibiendo una vacuna 2097297 Vector en Vecteezy\" width=\"114\" height=\"90\" \/><\/p>\n<p>&nbsp;<\/p>\n<p><span style=\"font-family: inherit; font-size: 1em;\">Les vacunes que s&#8217;administren als alumnes de 6\u00e8 de prim\u00e0ria s\u00f3n:<\/span><\/p>\n<p>&nbsp;<\/p>\n<ul>\n<li>Vacuna VPH9: Vacuna contra el virus del papil\u00b7loma hum\u00e0 a les noies<\/li>\n<li>Vacuna HA: Vacuna contra el virus de l\u2019hepatitis A a tots els nois i les noies<\/li>\n<li>Vacuna VA: Vacuna contra la varicel\u00b7la nom\u00e9s als nois i les noies susceptibles de patir la malaltia (que no han passat la malaltia ni n\u2019han estat vacunats)<\/li>\n<li>Vacuna MACWY: Vacuna contra el\u00a0meningococ ACWY conjugada a tots els nois i les noies<\/li>\n<\/ul>\n<p>&nbsp;<\/p>\n","protected":false},"excerpt":{"rendered":"<p>La funci\u00f3 del Programa de salut escolar de Catalunya de l&#8217;ICS \u00e9s dur a terme la vacunaci\u00f3 dels infants i adolescents d\u2019acord amb el calendari vacunal vigent en cada moment. Per tant, un dels objectius del despla\u00e7ament dels professionals sanitaris dels equips d\u2019atenci\u00f3 prim\u00e0ria als centres escolars del seu \u00e0mbit territorial \u00e9s mantenir una cobertura [&hellip;]<\/p>\n","protected":false},"author":2,"featured_media":0,"parent":2247,"menu_order":9,"comment_status":"closed","ping_status":"closed","template":"page-templates\/side-menu.php","meta":{"_bbp_topic_count":0,"_bbp_reply_count":0,"_bbp_total_topic_count":0,"_bbp_total_reply_count":0,"_bbp_voice_count":0,"_bbp_anonymous_reply_count":0,"_bbp_topic_count_hidden":0,"_bbp_reply_count_hidden":0,"_bbp_forum_subforum_count":0,"site-sidebar-layout":"default","site-content-layout":"","ast-site-content-layout":"","site-content-style":"default","site-sidebar-style":"default","ast-global-header-display":"","ast-banner-title-visibility":"","ast-main-header-display":"","ast-hfb-above-header-display":"","ast-hfb-below-header-display":"","ast-hfb-mobile-header-display":"","site-post-title":"","ast-breadcrumbs-content":"","ast-featured-img":"","footer-sml-layout":"","theme-transparent-header-meta":"","adv-header-id-meta":"","stick-header-meta":"","header-above-stick-meta":"","header-main-stick-meta":"","header-below-stick-meta":"","astra-migrate-meta-layouts":"default","ast-page-background-enabled":"default","ast-page-background-meta":{"desktop":{"background-color":"var(--ast-global-color-4)","background-image":"","background-repeat":"repeat","background-position":"center center","background-size":"auto","background-attachment":"scroll","background-type":"","background-media":"","overlay-type":"","overlay-color":"","overlay-opacity":"","overlay-gradient":""},"tablet":{"background-color":"","background-image":"","background-repeat":"repeat","background-position":"center center","background-size":"auto","background-attachment":"scroll","background-type":"","background-media":"","overlay-type":"","overlay-color":"","overlay-opacity":"","overlay-gradient":""},"mobile":{"background-color":"","background-image":"","background-repeat":"repeat","background-position":"center center","background-size":"auto","background-attachment":"scroll","background-type":"","background-media":"","overlay-type":"","overlay-color":"","overlay-opacity":"","overlay-gradient":""}},"ast-content-background-meta":{"desktop":{"background-color":"var(--ast-global-color-5)","background-image":"","background-repeat":"repeat","background-position":"center center","background-size":"auto","background-attachment":"scroll","background-type":"","background-media":"","overlay-type":"","overlay-color":"","overlay-opacity":"","overlay-gradient":""},"tablet":{"background-color":"var(--ast-global-color-5)","background-image":"","background-repeat":"repeat","background-position":"center center","background-size":"auto","background-attachment":"scroll","background-type":"","background-media":"","overlay-type":"","overlay-color":"","overlay-opacity":"","overlay-gradient":""},"mobile":{"background-color":"var(--ast-global-color-5)","background-image":"","background-repeat":"repeat","background-position":"center center","background-size":"auto","background-attachment":"scroll","background-type":"","background-media":"","overlay-type":"","overlay-color":"","overlay-opacity":"","overlay-gradient":""}},"footnotes":""},"class_list":["post-38","page","type-page","status-publish","hentry"],"post_mailing_queue_ids":[],"_links":{"self":[{"href":"https:\/\/agora.xtec.cat\/ceip-santa-anna-castellvell\/wp-json\/wp\/v2\/pages\/38","targetHints":{"allow":["GET"]}}],"collection":[{"href":"https:\/\/agora.xtec.cat\/ceip-santa-anna-castellvell\/wp-json\/wp\/v2\/pages"}],"about":[{"href":"https:\/\/agora.xtec.cat\/ceip-santa-anna-castellvell\/wp-json\/wp\/v2\/types\/page"}],"author":[{"embeddable":true,"href":"https:\/\/agora.xtec.cat\/ceip-santa-anna-castellvell\/wp-json\/wp\/v2\/users\/2"}],"replies":[{"embeddable":true,"href":"https:\/\/agora.xtec.cat\/ceip-santa-anna-castellvell\/wp-json\/wp\/v2\/comments?post=38"}],"version-history":[{"count":6,"href":"https:\/\/agora.xtec.cat\/ceip-santa-anna-castellvell\/wp-json\/wp\/v2\/pages\/38\/revisions"}],"predecessor-version":[{"id":8115,"href":"https:\/\/agora.xtec.cat\/ceip-santa-anna-castellvell\/wp-json\/wp\/v2\/pages\/38\/revisions\/8115"}],"up":[{"embeddable":true,"href":"https:\/\/agora.xtec.cat\/ceip-santa-anna-castellvell\/wp-json\/wp\/v2\/pages\/2247"}],"wp:attachment":[{"href":"https:\/\/agora.xtec.cat\/ceip-santa-anna-castellvell\/wp-json\/wp\/v2\/media?parent=38"}],"curies":[{"name":"wp","href":"https:\/\/api.w.org\/{rel}","templated":true}]}}