{"id":2063,"date":"2021-11-03T12:38:01","date_gmt":"2021-11-03T11:38:01","guid":{"rendered":"https:\/\/agora.xtec.cat\/ceip-sant-mateu\/?page_id=2063"},"modified":"2021-11-03T12:46:09","modified_gmt":"2021-11-03T11:46:09","slug":"la-nostra-escola","status":"publish","type":"page","link":"https:\/\/agora.xtec.cat\/ceip-sant-mateu\/la-nostra-escola\/","title":{"rendered":"L&#8217;escola"},"content":{"rendered":"<p>L\u2019Escola Sant Mateu est\u00e0 ubicada en un entorn rural. \u00c9s una escola catalana de titularitat p\u00fablica, oberta a tothom, integradora i que t\u00e9 com a objectiu la formaci\u00f3 de persones responsables, reflexives, respectuoses i cr\u00edtiques.<\/p>\n<p>L\u2019edifici escolar \u00e9s de nova construcci\u00f3, es va posar en funcionament el setembre de l\u2019any 2007. Els equipaments de qu\u00e8 disposa el centre s\u00f3n:<br \/>\n&#8211; dues aules d\u2019infantil<br \/>\n&#8211; quatre aules d\u2019educaci\u00f3 prim\u00e0ria<br \/>\n&#8211; una aula d\u2019inform\u00e0tica<br \/>\n&#8211; una sala de mestres<br \/>\n&#8211; un menjador<br \/>\n&#8211; una cuina equipada<br \/>\n&#8211; una consergeria<br \/>\n&#8211; un despatx per direcci\u00f3<br \/>\n&#8211; pati exclusiu per alumnes d\u2019educaci\u00f3 infantil<br \/>\n&#8211; pati exclusiu per alumnes d\u2019educaci\u00f3 prim\u00e0ria<br \/>\n&#8211; una aula per petits grups.<\/p>\n<p>Les aules de Cicle Superior estan ubicades a l\u2019edifici de l\u2019escola vella, on a m\u00e9s de les dues classes hi ha un despatx i una aula d&#8217;angl\u00e8s. Hi ha unes escales interiors per accedir a l\u2019escola nova i un acc\u00e9s directe al carrer.<\/p>\n<p>Totes les aules tenen un ordinador de sobretaula amb connexi\u00f3 a Internet. Tamb\u00e9 hi ha connexi\u00f3 wi-fi a tota l\u2019escola.<\/p>\n<p>L\u2019escola \u00e9s d\u2019una l\u00ednia, i t\u00e9 continu\u00eftat a l\u2019IES Fontanelles de Les Borges del Camp.<\/p>\n<p><img loading=\"lazy\" decoding=\"async\" class=\"aligncenter size-full wp-image-2077\" src=\"https:\/\/agora.xtec.cat\/ceip-sant-mateu\/wp-content\/uploads\/usu240\/2021\/10\/IMG_20211022_142618_resized_20211022_022922075.jpg\" alt=\"\" width=\"2000\" height=\"1500\" srcset=\"https:\/\/agora.xtec.cat\/ceip-sant-mateu\/wp-content\/uploads\/usu240\/2021\/10\/IMG_20211022_142618_resized_20211022_022922075.jpg 2000w, https:\/\/agora.xtec.cat\/ceip-sant-mateu\/wp-content\/uploads\/usu240\/2021\/10\/IMG_20211022_142618_resized_20211022_022922075-300x225.jpg 300w, https:\/\/agora.xtec.cat\/ceip-sant-mateu\/wp-content\/uploads\/usu240\/2021\/10\/IMG_20211022_142618_resized_20211022_022922075-1024x768.jpg 1024w, https:\/\/agora.xtec.cat\/ceip-sant-mateu\/wp-content\/uploads\/usu240\/2021\/10\/IMG_20211022_142618_resized_20211022_022922075-768x576.jpg 768w, https:\/\/agora.xtec.cat\/ceip-sant-mateu\/wp-content\/uploads\/usu240\/2021\/10\/IMG_20211022_142618_resized_20211022_022922075-1536x1152.jpg 1536w, https:\/\/agora.xtec.cat\/ceip-sant-mateu\/wp-content\/uploads\/usu240\/2021\/10\/IMG_20211022_142618_resized_20211022_022922075-200x150.jpg 200w\" sizes=\"auto, (max-width: 2000px) 100vw, 2000px\" \/> <img loading=\"lazy\" decoding=\"async\" class=\"aligncenter size-full wp-image-2076\" src=\"https:\/\/agora.xtec.cat\/ceip-sant-mateu\/wp-content\/uploads\/usu240\/2021\/10\/IMG_20211021_104235_resized_20211022_022921835.jpg\" alt=\"\" width=\"2000\" height=\"1500\" srcset=\"https:\/\/agora.xtec.cat\/ceip-sant-mateu\/wp-content\/uploads\/usu240\/2021\/10\/IMG_20211021_104235_resized_20211022_022921835.jpg 2000w, https:\/\/agora.xtec.cat\/ceip-sant-mateu\/wp-content\/uploads\/usu240\/2021\/10\/IMG_20211021_104235_resized_20211022_022921835-300x225.jpg 300w, https:\/\/agora.xtec.cat\/ceip-sant-mateu\/wp-content\/uploads\/usu240\/2021\/10\/IMG_20211021_104235_resized_20211022_022921835-1024x768.jpg 1024w, https:\/\/agora.xtec.cat\/ceip-sant-mateu\/wp-content\/uploads\/usu240\/2021\/10\/IMG_20211021_104235_resized_20211022_022921835-768x576.jpg 768w, https:\/\/agora.xtec.cat\/ceip-sant-mateu\/wp-content\/uploads\/usu240\/2021\/10\/IMG_20211021_104235_resized_20211022_022921835-1536x1152.jpg 1536w, https:\/\/agora.xtec.cat\/ceip-sant-mateu\/wp-content\/uploads\/usu240\/2021\/10\/IMG_20211021_104235_resized_20211022_022921835-200x150.jpg 200w\" sizes=\"auto, (max-width: 2000px) 100vw, 2000px\" \/> <img loading=\"lazy\" decoding=\"async\" class=\"aligncenter size-full wp-image-2080\" src=\"https:\/\/agora.xtec.cat\/ceip-sant-mateu\/wp-content\/uploads\/usu240\/2021\/10\/IMG_20211022_144734_resized_20211022_024753646-scaled.jpg\" alt=\"\" width=\"2560\" height=\"1919\" srcset=\"https:\/\/agora.xtec.cat\/ceip-sant-mateu\/wp-content\/uploads\/usu240\/2021\/10\/IMG_20211022_144734_resized_20211022_024753646-scaled.jpg 2560w, https:\/\/agora.xtec.cat\/ceip-sant-mateu\/wp-content\/uploads\/usu240\/2021\/10\/IMG_20211022_144734_resized_20211022_024753646-300x225.jpg 300w, https:\/\/agora.xtec.cat\/ceip-sant-mateu\/wp-content\/uploads\/usu240\/2021\/10\/IMG_20211022_144734_resized_20211022_024753646-1024x768.jpg 1024w, https:\/\/agora.xtec.cat\/ceip-sant-mateu\/wp-content\/uploads\/usu240\/2021\/10\/IMG_20211022_144734_resized_20211022_024753646-768x576.jpg 768w, https:\/\/agora.xtec.cat\/ceip-sant-mateu\/wp-content\/uploads\/usu240\/2021\/10\/IMG_20211022_144734_resized_20211022_024753646-1536x1152.jpg 1536w, https:\/\/agora.xtec.cat\/ceip-sant-mateu\/wp-content\/uploads\/usu240\/2021\/10\/IMG_20211022_144734_resized_20211022_024753646-2048x1535.jpg 2048w, https:\/\/agora.xtec.cat\/ceip-sant-mateu\/wp-content\/uploads\/usu240\/2021\/10\/IMG_20211022_144734_resized_20211022_024753646-200x150.jpg 200w\" sizes=\"auto, (max-width: 2560px) 100vw, 2560px\" \/> <img loading=\"lazy\" decoding=\"async\" class=\"aligncenter size-full wp-image-2078\" src=\"https:\/\/agora.xtec.cat\/ceip-sant-mateu\/wp-content\/uploads\/usu240\/2021\/10\/IMG_20211022_142708_resized_20211022_022921440.jpg\" alt=\"\" width=\"2000\" height=\"1500\" srcset=\"https:\/\/agora.xtec.cat\/ceip-sant-mateu\/wp-content\/uploads\/usu240\/2021\/10\/IMG_20211022_142708_resized_20211022_022921440.jpg 2000w, https:\/\/agora.xtec.cat\/ceip-sant-mateu\/wp-content\/uploads\/usu240\/2021\/10\/IMG_20211022_142708_resized_20211022_022921440-300x225.jpg 300w, https:\/\/agora.xtec.cat\/ceip-sant-mateu\/wp-content\/uploads\/usu240\/2021\/10\/IMG_20211022_142708_resized_20211022_022921440-1024x768.jpg 1024w, https:\/\/agora.xtec.cat\/ceip-sant-mateu\/wp-content\/uploads\/usu240\/2021\/10\/IMG_20211022_142708_resized_20211022_022921440-768x576.jpg 768w, https:\/\/agora.xtec.cat\/ceip-sant-mateu\/wp-content\/uploads\/usu240\/2021\/10\/IMG_20211022_142708_resized_20211022_022921440-1536x1152.jpg 1536w, https:\/\/agora.xtec.cat\/ceip-sant-mateu\/wp-content\/uploads\/usu240\/2021\/10\/IMG_20211022_142708_resized_20211022_022921440-200x150.jpg 200w\" sizes=\"auto, (max-width: 2000px) 100vw, 2000px\" \/> <img loading=\"lazy\" decoding=\"async\" class=\"aligncenter size-full wp-image-2074\" src=\"https:\/\/agora.xtec.cat\/ceip-sant-mateu\/wp-content\/uploads\/usu240\/2021\/10\/ENTRADA-1-1.jpg\" alt=\"\" width=\"1734\" height=\"1208\" srcset=\"https:\/\/agora.xtec.cat\/ceip-sant-mateu\/wp-content\/uploads\/usu240\/2021\/10\/ENTRADA-1-1.jpg 1734w, https:\/\/agora.xtec.cat\/ceip-sant-mateu\/wp-content\/uploads\/usu240\/2021\/10\/ENTRADA-1-1-300x209.jpg 300w, https:\/\/agora.xtec.cat\/ceip-sant-mateu\/wp-content\/uploads\/usu240\/2021\/10\/ENTRADA-1-1-1024x713.jpg 1024w, https:\/\/agora.xtec.cat\/ceip-sant-mateu\/wp-content\/uploads\/usu240\/2021\/10\/ENTRADA-1-1-768x535.jpg 768w, https:\/\/agora.xtec.cat\/ceip-sant-mateu\/wp-content\/uploads\/usu240\/2021\/10\/ENTRADA-1-1-1536x1070.jpg 1536w\" sizes=\"auto, (max-width: 1734px) 100vw, 1734px\" \/><\/p>\n","protected":false},"excerpt":{"rendered":"<p>L\u2019Escola Sant Mateu est\u00e0 ubicada en un entorn rural. \u00c9s una escola catalana de titularitat p\u00fablica, oberta a tothom, integradora i que t\u00e9 com a objectiu la formaci\u00f3 de persones responsables, reflexives, respectuoses i cr\u00edtiques. L\u2019edifici escolar \u00e9s de nova construcci\u00f3, es va posar en funcionament el setembre de l\u2019any 2007. Els equipaments de qu\u00e8 [&hellip;]<\/p>\n","protected":false},"author":1,"featured_media":0,"parent":0,"menu_order":0,"comment_status":"closed","ping_status":"closed","template":"","meta":{"_bbp_topic_count":0,"_bbp_reply_count":0,"_bbp_total_topic_count":0,"_bbp_total_reply_count":0,"_bbp_voice_count":0,"_bbp_anonymous_reply_count":0,"_bbp_topic_count_hidden":0,"_bbp_reply_count_hidden":0,"_bbp_forum_subforum_count":0,"site-sidebar-layout":"default","site-content-layout":"","ast-site-content-layout":"","site-content-style":"default","site-sidebar-style":"default","ast-global-header-display":"","ast-banner-title-visibility":"","ast-main-header-display":"","ast-hfb-above-header-display":"","ast-hfb-below-header-display":"","ast-hfb-mobile-header-display":"","site-post-title":"","ast-breadcrumbs-content":"","ast-featured-img":"","footer-sml-layout":"","theme-transparent-header-meta":"","adv-header-id-meta":"","stick-header-meta":"","header-above-stick-meta":"","header-main-stick-meta":"","header-below-stick-meta":"","astra-migrate-meta-layouts":"default","ast-page-background-enabled":"default","ast-page-background-meta":{"desktop":{"background-color":"var(--ast-global-color-4)","background-image":"","background-repeat":"repeat","background-position":"center center","background-size":"auto","background-attachment":"scroll","background-type":"","background-media":"","overlay-type":"","overlay-color":"","overlay-opacity":"","overlay-gradient":""},"tablet":{"background-color":"","background-image":"","background-repeat":"repeat","background-position":"center center","background-size":"auto","background-attachment":"scroll","background-type":"","background-media":"","overlay-type":"","overlay-color":"","overlay-opacity":"","overlay-gradient":""},"mobile":{"background-color":"","background-image":"","background-repeat":"repeat","background-position":"center center","background-size":"auto","background-attachment":"scroll","background-type":"","background-media":"","overlay-type":"","overlay-color":"","overlay-opacity":"","overlay-gradient":""}},"ast-content-background-meta":{"desktop":{"background-color":"var(--ast-global-color-5)","background-image":"","background-repeat":"repeat","background-position":"center center","background-size":"auto","background-attachment":"scroll","background-type":"","background-media":"","overlay-type":"","overlay-color":"","overlay-opacity":"","overlay-gradient":""},"tablet":{"background-color":"var(--ast-global-color-5)","background-image":"","background-repeat":"repeat","background-position":"center center","background-size":"auto","background-attachment":"scroll","background-type":"","background-media":"","overlay-type":"","overlay-color":"","overlay-opacity":"","overlay-gradient":""},"mobile":{"background-color":"var(--ast-global-color-5)","background-image":"","background-repeat":"repeat","background-position":"center center","background-size":"auto","background-attachment":"scroll","background-type":"","background-media":"","overlay-type":"","overlay-color":"","overlay-opacity":"","overlay-gradient":""}},"footnotes":""},"class_list":["post-2063","page","type-page","status-publish","hentry"],"post_mailing_queue_ids":[],"_links":{"self":[{"href":"https:\/\/agora.xtec.cat\/ceip-sant-mateu\/wp-json\/wp\/v2\/pages\/2063","targetHints":{"allow":["GET"]}}],"collection":[{"href":"https:\/\/agora.xtec.cat\/ceip-sant-mateu\/wp-json\/wp\/v2\/pages"}],"about":[{"href":"https:\/\/agora.xtec.cat\/ceip-sant-mateu\/wp-json\/wp\/v2\/types\/page"}],"author":[{"embeddable":true,"href":"https:\/\/agora.xtec.cat\/ceip-sant-mateu\/wp-json\/wp\/v2\/users\/1"}],"replies":[{"embeddable":true,"href":"https:\/\/agora.xtec.cat\/ceip-sant-mateu\/wp-json\/wp\/v2\/comments?post=2063"}],"version-history":[{"count":2,"href":"https:\/\/agora.xtec.cat\/ceip-sant-mateu\/wp-json\/wp\/v2\/pages\/2063\/revisions"}],"predecessor-version":[{"id":2178,"href":"https:\/\/agora.xtec.cat\/ceip-sant-mateu\/wp-json\/wp\/v2\/pages\/2063\/revisions\/2178"}],"wp:attachment":[{"href":"https:\/\/agora.xtec.cat\/ceip-sant-mateu\/wp-json\/wp\/v2\/media?parent=2063"}],"curies":[{"name":"wp","href":"https:\/\/api.w.org\/{rel}","templated":true}]}}

<p>L’Escola Sant Mateu està ubicada en un entorn rural. És una escola catalana de titularitat pública, oberta a tothom, integradora i que té com a objectiu la formació de persones responsables, reflexives, respectuoses i crítiques.</p>
<p>L’edifici escolar és de nova construcció, es va posar en funcionament el setembre de l’any 2007. Els equipaments de què disposa el centre són:<br />
&#8211; dues aules d’infantil<br />
&#8211; quatre aules d’educació primària<br />
&#8211; una aula d’informàtica<br />
&#8211; una sala de mestres<br />
&#8211; un menjador<br />
&#8211; una cuina equipada<br />
&#8211; una consergeria<br />
&#8211; un despatx per direcció<br />
&#8211; pati exclusiu per alumnes d’educació infantil<br />
&#8211; pati exclusiu per alumnes d’educació primària<br />
&#8211; una aula per petits grups.</p>
<p>Les aules de Cicle Superior estan ubicades a l’edifici de l’escola vella, on a més de les dues classes hi ha un despatx i una aula d&#8217;anglès. Hi ha unes escales interiors per accedir a l’escola nova i un accés directe al carrer.</p>
<p>Totes les aules tenen un ordinador de sobretaula amb connexió a Internet. També hi ha connexió wi-fi a tota l’escola.</p>
<p>L’escola és d’una línia, i té continuïtat a l’IES Fontanelles de Les Borges del Camp.</p>
<p><img loading="lazy" decoding="async" class="aligncenter size-full wp-image-2077" src="https://agora.xtec.cat/ceip-sant-mateu/wp-content/uploads/usu240/2021/10/IMG_20211022_142618_resized_20211022_022922075.jpg" alt="" width="2000" height="1500" srcset="https://agora.xtec.cat/ceip-sant-mateu/wp-content/uploads/usu240/2021/10/IMG_20211022_142618_resized_20211022_022922075.jpg 2000w, https://agora.xtec.cat/ceip-sant-mateu/wp-content/uploads/usu240/2021/10/IMG_20211022_142618_resized_20211022_022922075-300x225.jpg 300w, https://agora.xtec.cat/ceip-sant-mateu/wp-content/uploads/usu240/2021/10/IMG_20211022_142618_resized_20211022_022922075-1024x768.jpg 1024w, https://agora.xtec.cat/ceip-sant-mateu/wp-content/uploads/usu240/2021/10/IMG_20211022_142618_resized_20211022_022922075-768x576.jpg 768w, https://agora.xtec.cat/ceip-sant-mateu/wp-content/uploads/usu240/2021/10/IMG_20211022_142618_resized_20211022_022922075-1536x1152.jpg 1536w, https://agora.xtec.cat/ceip-sant-mateu/wp-content/uploads/usu240/2021/10/IMG_20211022_142618_resized_20211022_022922075-200x150.jpg 200w" sizes="auto, (max-width: 2000px) 100vw, 2000px" /> <img loading="lazy" decoding="async" class="aligncenter size-full wp-image-2076" src="https://agora.xtec.cat/ceip-sant-mateu/wp-content/uploads/usu240/2021/10/IMG_20211021_104235_resized_20211022_022921835.jpg" alt="" width="2000" height="1500" srcset="https://agora.xtec.cat/ceip-sant-mateu/wp-content/uploads/usu240/2021/10/IMG_20211021_104235_resized_20211022_022921835.jpg 2000w, https://agora.xtec.cat/ceip-sant-mateu/wp-content/uploads/usu240/2021/10/IMG_20211021_104235_resized_20211022_022921835-300x225.jpg 300w, https://agora.xtec.cat/ceip-sant-mateu/wp-content/uploads/usu240/2021/10/IMG_20211021_104235_resized_20211022_022921835-1024x768.jpg 1024w, https://agora.xtec.cat/ceip-sant-mateu/wp-content/uploads/usu240/2021/10/IMG_20211021_104235_resized_20211022_022921835-768x576.jpg 768w, https://agora.xtec.cat/ceip-sant-mateu/wp-content/uploads/usu240/2021/10/IMG_20211021_104235_resized_20211022_022921835-1536x1152.jpg 1536w, https://agora.xtec.cat/ceip-sant-mateu/wp-content/uploads/usu240/2021/10/IMG_20211021_104235_resized_20211022_022921835-200x150.jpg 200w" sizes="auto, (max-width: 2000px) 100vw, 2000px" /> <img loading="lazy" decoding="async" class="aligncenter size-full wp-image-2080" src="https://agora.xtec.cat/ceip-sant-mateu/wp-content/uploads/usu240/2021/10/IMG_20211022_144734_resized_20211022_024753646-scaled.jpg" alt="" width="2560" height="1919" srcset="https://agora.xtec.cat/ceip-sant-mateu/wp-content/uploads/usu240/2021/10/IMG_20211022_144734_resized_20211022_024753646-scaled.jpg 2560w, https://agora.xtec.cat/ceip-sant-mateu/wp-content/uploads/usu240/2021/10/IMG_20211022_144734_resized_20211022_024753646-300x225.jpg 300w, https://agora.xtec.cat/ceip-sant-mateu/wp-content/uploads/usu240/2021/10/IMG_20211022_144734_resized_20211022_024753646-1024x768.jpg 1024w, https://agora.xtec.cat/ceip-sant-mateu/wp-content/uploads/usu240/2021/10/IMG_20211022_144734_resized_20211022_024753646-768x576.jpg 768w, https://agora.xtec.cat/ceip-sant-mateu/wp-content/uploads/usu240/2021/10/IMG_20211022_144734_resized_20211022_024753646-1536x1152.jpg 1536w, https://agora.xtec.cat/ceip-sant-mateu/wp-content/uploads/usu240/2021/10/IMG_20211022_144734_resized_20211022_024753646-2048x1535.jpg 2048w, https://agora.xtec.cat/ceip-sant-mateu/wp-content/uploads/usu240/2021/10/IMG_20211022_144734_resized_20211022_024753646-200x150.jpg 200w" sizes="auto, (max-width: 2560px) 100vw, 2560px" /> <img loading="lazy" decoding="async" class="aligncenter size-full wp-image-2078" src="https://agora.xtec.cat/ceip-sant-mateu/wp-content/uploads/usu240/2021/10/IMG_20211022_142708_resized_20211022_022921440.jpg" alt="" width="2000" height="1500" srcset="https://agora.xtec.cat/ceip-sant-mateu/wp-content/uploads/usu240/2021/10/IMG_20211022_142708_resized_20211022_022921440.jpg 2000w, https://agora.xtec.cat/ceip-sant-mateu/wp-content/uploads/usu240/2021/10/IMG_20211022_142708_resized_20211022_022921440-300x225.jpg 300w, https://agora.xtec.cat/ceip-sant-mateu/wp-content/uploads/usu240/2021/10/IMG_20211022_142708_resized_20211022_022921440-1024x768.jpg 1024w, https://agora.xtec.cat/ceip-sant-mateu/wp-content/uploads/usu240/2021/10/IMG_20211022_142708_resized_20211022_022921440-768x576.jpg 768w, https://agora.xtec.cat/ceip-sant-mateu/wp-content/uploads/usu240/2021/10/IMG_20211022_142708_resized_20211022_022921440-1536x1152.jpg 1536w, https://agora.xtec.cat/ceip-sant-mateu/wp-content/uploads/usu240/2021/10/IMG_20211022_142708_resized_20211022_022921440-200x150.jpg 200w" sizes="auto, (max-width: 2000px) 100vw, 2000px" /> <img loading="lazy" decoding="async" class="aligncenter size-full wp-image-2074" src="https://agora.xtec.cat/ceip-sant-mateu/wp-content/uploads/usu240/2021/10/ENTRADA-1-1.jpg" alt="" width="1734" height="1208" srcset="https://agora.xtec.cat/ceip-sant-mateu/wp-content/uploads/usu240/2021/10/ENTRADA-1-1.jpg 1734w, https://agora.xtec.cat/ceip-sant-mateu/wp-content/uploads/usu240/2021/10/ENTRADA-1-1-300x209.jpg 300w, https://agora.xtec.cat/ceip-sant-mateu/wp-content/uploads/usu240/2021/10/ENTRADA-1-1-1024x713.jpg 1024w, https://agora.xtec.cat/ceip-sant-mateu/wp-content/uploads/usu240/2021/10/ENTRADA-1-1-768x535.jpg 768w, https://agora.xtec.cat/ceip-sant-mateu/wp-content/uploads/usu240/2021/10/ENTRADA-1-1-1536x1070.jpg 1536w" sizes="auto, (max-width: 1734px) 100vw, 1734px" /></p>

<p>L’Escola Sant Mateu està ubicada en un entorn rural. És una escola catalana de titularitat pública, oberta a tothom, integradora i que té com a objectiu la formació de persones responsables, reflexives, respectuoses i crítiques. L’edifici escolar és de nova construcció, es va posar en funcionament el setembre de l’any 2007. Els equipaments de què [&hellip;]</p>
