{"id":2036,"date":"2021-09-21T13:10:40","date_gmt":"2021-09-21T11:10:40","guid":{"rendered":"https:\/\/agora.xtec.cat\/ceip-sant-mateu\/?page_id=2036"},"modified":"2024-09-13T16:26:33","modified_gmt":"2024-09-13T14:26:33","slug":"ampa","status":"publish","type":"page","link":"https:\/\/agora.xtec.cat\/ceip-sant-mateu\/ampa\/","title":{"rendered":"AFA"},"content":{"rendered":"<p id=\"m_-4534504486494255896m_8795467973733045061gmail-docs-internal-guid-d410dcef-7fff-8092-e800-8c360b2bf4f0\" dir=\"ltr\">L\u2019AFA de l\u2019Escola Sant Mateu de Riudecanyes \u00e9s una associaci\u00f3 molt din\u00e0mica i activa, amb moltes ganes de treballar per millorar l&#8217;experi\u00e8ncia dels escolars durant els anys que estudien a la nostra vila. Amb aquest objectiu porten a terme dos tipus d\u2019activitats:<\/p>\n<p dir=\"ltr\">D&#8217;una banda organitzen esdeveniments l\u00fadics i populars per als nens i nenes del poble. D\u2019altra banda promouen accions per a generar recursos per a comprar diferents material i finan\u00e7ar activitats relacionades amb l\u2019Escola.<\/p>\n<p>Podeu contactar-los al correu electr\u00f2nic <a href=\"mailto:ampariudecanyes@gmail.com\" target=\"_blank\" rel=\"noopener\">afariudecanyes@gmail.com<\/a>, i seguir la seva activitat a Instagram @afariudecanyes i a Facebook<\/p>\n<p>Per a m\u00e9s informaci\u00f3 adreceu-vos al personal de la junta de l&#8217;AFA<\/p>\n<p><a href=\"https:\/\/agora.xtec.cat\/ceip-sant-mateu\/wp-content\/uploads\/usu240\/2021\/09\/AMPA-COLOR-WEB.png\"><img loading=\"lazy\" decoding=\"async\" class=\"wp-image-2037 aligncenter\" src=\"https:\/\/agora.xtec.cat\/ceip-sant-mateu\/wp-content\/uploads\/usu240\/2021\/09\/AMPA-COLOR-WEB.png\" alt=\"\" width=\"184\" height=\"165\" srcset=\"https:\/\/agora.xtec.cat\/ceip-sant-mateu\/wp-content\/uploads\/usu240\/2021\/09\/AMPA-COLOR-WEB.png 1000w, https:\/\/agora.xtec.cat\/ceip-sant-mateu\/wp-content\/uploads\/usu240\/2021\/09\/AMPA-COLOR-WEB-300x270.png 300w, https:\/\/agora.xtec.cat\/ceip-sant-mateu\/wp-content\/uploads\/usu240\/2021\/09\/AMPA-COLOR-WEB-768x691.png 768w\" sizes=\"auto, (max-width: 184px) 100vw, 184px\" \/><\/a><\/p>\n","protected":false},"excerpt":{"rendered":"<p>L\u2019AFA de l\u2019Escola Sant Mateu de Riudecanyes \u00e9s una associaci\u00f3 molt din\u00e0mica i activa, amb moltes ganes de treballar per millorar l&#8217;experi\u00e8ncia dels escolars durant els anys que estudien a la nostra vila. Amb aquest objectiu porten a terme dos tipus d\u2019activitats: D&#8217;una banda organitzen esdeveniments l\u00fadics i populars per als nens i nenes del [&hellip;]<\/p>\n","protected":false},"author":1,"featured_media":0,"parent":0,"menu_order":0,"comment_status":"closed","ping_status":"closed","template":"","meta":{"_bbp_topic_count":0,"_bbp_reply_count":0,"_bbp_total_topic_count":0,"_bbp_total_reply_count":0,"_bbp_voice_count":0,"_bbp_anonymous_reply_count":0,"_bbp_topic_count_hidden":0,"_bbp_reply_count_hidden":0,"_bbp_forum_subforum_count":0,"site-sidebar-layout":"default","site-content-layout":"","ast-site-content-layout":"","site-content-style":"default","site-sidebar-style":"default","ast-global-header-display":"","ast-banner-title-visibility":"","ast-main-header-display":"","ast-hfb-above-header-display":"","ast-hfb-below-header-display":"","ast-hfb-mobile-header-display":"","site-post-title":"","ast-breadcrumbs-content":"","ast-featured-img":"","footer-sml-layout":"","theme-transparent-header-meta":"","adv-header-id-meta":"","stick-header-meta":"","header-above-stick-meta":"","header-main-stick-meta":"","header-below-stick-meta":"","astra-migrate-meta-layouts":"default","ast-page-background-enabled":"default","ast-page-background-meta":{"desktop":{"background-color":"var(--ast-global-color-4)","background-image":"","background-repeat":"repeat","background-position":"center center","background-size":"auto","background-attachment":"scroll","background-type":"","background-media":"","overlay-type":"","overlay-color":"","overlay-opacity":"","overlay-gradient":""},"tablet":{"background-color":"","background-image":"","background-repeat":"repeat","background-position":"center center","background-size":"auto","background-attachment":"scroll","background-type":"","background-media":"","overlay-type":"","overlay-color":"","overlay-opacity":"","overlay-gradient":""},"mobile":{"background-color":"","background-image":"","background-repeat":"repeat","background-position":"center center","background-size":"auto","background-attachment":"scroll","background-type":"","background-media":"","overlay-type":"","overlay-color":"","overlay-opacity":"","overlay-gradient":""}},"ast-content-background-meta":{"desktop":{"background-color":"var(--ast-global-color-5)","background-image":"","background-repeat":"repeat","background-position":"center center","background-size":"auto","background-attachment":"scroll","background-type":"","background-media":"","overlay-type":"","overlay-color":"","overlay-opacity":"","overlay-gradient":""},"tablet":{"background-color":"var(--ast-global-color-5)","background-image":"","background-repeat":"repeat","background-position":"center center","background-size":"auto","background-attachment":"scroll","background-type":"","background-media":"","overlay-type":"","overlay-color":"","overlay-opacity":"","overlay-gradient":""},"mobile":{"background-color":"var(--ast-global-color-5)","background-image":"","background-repeat":"repeat","background-position":"center center","background-size":"auto","background-attachment":"scroll","background-type":"","background-media":"","overlay-type":"","overlay-color":"","overlay-opacity":"","overlay-gradient":""}},"footnotes":""},"class_list":["post-2036","page","type-page","status-publish","hentry"],"post_mailing_queue_ids":[],"_links":{"self":[{"href":"https:\/\/agora.xtec.cat\/ceip-sant-mateu\/wp-json\/wp\/v2\/pages\/2036","targetHints":{"allow":["GET"]}}],"collection":[{"href":"https:\/\/agora.xtec.cat\/ceip-sant-mateu\/wp-json\/wp\/v2\/pages"}],"about":[{"href":"https:\/\/agora.xtec.cat\/ceip-sant-mateu\/wp-json\/wp\/v2\/types\/page"}],"author":[{"embeddable":true,"href":"https:\/\/agora.xtec.cat\/ceip-sant-mateu\/wp-json\/wp\/v2\/users\/1"}],"replies":[{"embeddable":true,"href":"https:\/\/agora.xtec.cat\/ceip-sant-mateu\/wp-json\/wp\/v2\/comments?post=2036"}],"version-history":[{"count":5,"href":"https:\/\/agora.xtec.cat\/ceip-sant-mateu\/wp-json\/wp\/v2\/pages\/2036\/revisions"}],"predecessor-version":[{"id":4086,"href":"https:\/\/agora.xtec.cat\/ceip-sant-mateu\/wp-json\/wp\/v2\/pages\/2036\/revisions\/4086"}],"wp:attachment":[{"href":"https:\/\/agora.xtec.cat\/ceip-sant-mateu\/wp-json\/wp\/v2\/media?parent=2036"}],"curies":[{"name":"wp","href":"https:\/\/api.w.org\/{rel}","templated":true}]}}

<p id="m_-4534504486494255896m_8795467973733045061gmail-docs-internal-guid-d410dcef-7fff-8092-e800-8c360b2bf4f0" dir="ltr">L’AFA de l’Escola Sant Mateu de Riudecanyes és una associació molt dinàmica i activa, amb moltes ganes de treballar per millorar l&#8217;experiència dels escolars durant els anys que estudien a la nostra vila. Amb aquest objectiu porten a terme dos tipus d’activitats:</p>
<p dir="ltr">D&#8217;una banda organitzen esdeveniments lúdics i populars per als nens i nenes del poble. D’altra banda promouen accions per a generar recursos per a comprar diferents material i finançar activitats relacionades amb l’Escola.</p>
<p>Podeu contactar-los al correu electrònic <a href="mailto:ampariudecanyes@gmail.com" target="_blank" rel="noopener">afariudecanyes@gmail.com</a>, i seguir la seva activitat a Instagram @afariudecanyes i a Facebook</p>
<p>Per a més informació adreceu-vos al personal de la junta de l&#8217;AFA</p>
<p><a href="https://agora.xtec.cat/ceip-sant-mateu/wp-content/uploads/usu240/2021/09/AMPA-COLOR-WEB.png"><img loading="lazy" decoding="async" class="wp-image-2037 aligncenter" src="https://agora.xtec.cat/ceip-sant-mateu/wp-content/uploads/usu240/2021/09/AMPA-COLOR-WEB.png" alt="" width="184" height="165" srcset="https://agora.xtec.cat/ceip-sant-mateu/wp-content/uploads/usu240/2021/09/AMPA-COLOR-WEB.png 1000w, https://agora.xtec.cat/ceip-sant-mateu/wp-content/uploads/usu240/2021/09/AMPA-COLOR-WEB-300x270.png 300w, https://agora.xtec.cat/ceip-sant-mateu/wp-content/uploads/usu240/2021/09/AMPA-COLOR-WEB-768x691.png 768w" sizes="auto, (max-width: 184px) 100vw, 184px" /></a></p>

<p>L’AFA de l’Escola Sant Mateu de Riudecanyes és una associació molt dinàmica i activa, amb moltes ganes de treballar per millorar l&#8217;experiència dels escolars durant els anys que estudien a la nostra vila. Amb aquest objectiu porten a terme dos tipus d’activitats: D&#8217;una banda organitzen esdeveniments lúdics i populars per als nens i nenes del [&hellip;]</p>
