{"id":3137,"date":"2022-03-10T13:01:06","date_gmt":"2022-03-10T12:01:06","guid":{"rendered":"https:\/\/agora.xtec.cat\/ceip-sant-domenec-la-rapita\/?page_id=3137"},"modified":"2022-03-29T16:02:41","modified_gmt":"2022-03-29T14:02:41","slug":"portals-webs-i-xarxes-socials","status":"publish","type":"page","link":"https:\/\/agora.xtec.cat\/ceip-sant-domenec-la-rapita\/portals-webs-i-xarxes-socials\/","title":{"rendered":"PORTALS WEBS I XARXES SOCIALS"},"content":{"rendered":"<p>A l\u00b4escola utilitzem diferents xarxes socials i portals webs. A continuaci\u00f3 us les presentem.<br \/>\n<strong>P\u00e0gina web de l\u2019escola<\/strong> \u00e9s un dels canals de comunicaci\u00f3 amb les fam\u00edlies. En aquest espai es<br \/>\ndisposa de la documentaci\u00f3 oficial del centre (PGA, PEC, Document d\u2019estrat\u00e8gia digital\u2026).<br \/>\nA trav\u00e9s dels apartats de cada cicle es fan publicacions sobre diferents activitats que fa l\u2019alumnat<br \/>\nde l\u2019escola.<a href=\"https:\/\/agora.xtec.cat\/ceip-sant-domenec-la-rapita\/\" rel=\"attachment wp-att-3139\"><img loading=\"lazy\" decoding=\"async\" class=\"wp-image-3139 size-medium aligncenter\" src=\"https:\/\/agora.xtec.cat\/ceip-sant-domenec-la-rapita\/wp-content\/uploads\/usu686\/2022\/03\/IMATGE-300x104.jpg\" alt=\"\" width=\"300\" height=\"104\" srcset=\"https:\/\/agora.xtec.cat\/ceip-sant-domenec-la-rapita\/wp-content\/uploads\/usu686\/2022\/03\/IMATGE-300x104.jpg 300w, https:\/\/agora.xtec.cat\/ceip-sant-domenec-la-rapita\/wp-content\/uploads\/usu686\/2022\/03\/IMATGE.jpg 382w\" sizes=\"auto, (max-width: 300px) 100vw, 300px\" \/><\/a><\/p>\n<p><strong>\u00a0Instagram:<\/strong><br \/>\nL\u2019instagram de l\u2019escola \u00e9s una eina per tal de donar a con\u00e8ixer les diferents activitats que<br \/>\nfa l\u2019alumnat de manera creativa i arribant al m\u00e0xim possible de gent.<br \/>\nEn les fotografies de l\u2019Instagram no poden apar\u00e8ixer imatges on es vegin les cares de l\u2019alumnat.<\/p>\n<p style=\"text-align: center;\"><a href=\"https:\/\/agora.xtec.cat\/ceip-sant-domenec-la-rapita\/portals-webs-i-xarxes-socials\/attachment\/imatge-3\/\" rel=\"attachment wp-att-3141\"><img loading=\"lazy\" decoding=\"async\" class=\"alignnone wp-image-3141 size-full\" src=\"https:\/\/agora.xtec.cat\/ceip-sant-domenec-la-rapita\/wp-content\/uploads\/usu686\/2022\/03\/IMATGE-2.jpg\" alt=\"\" width=\"299\" height=\"168\" \/><\/a><\/p>\n<p style=\"text-align: left;\"><strong>Twiter de l\u2019escola<\/strong>:https:\/\/twitter.com\/santdomenec<\/p>\n<p style=\"text-align: left;\">El twiter de l\u2019escola \u00e9s una eina per tal de donar a con\u00e8ixer les diferents activitats que fa<br \/>\nl\u2019alumnat de manera creativa i arribant al m\u00e0xim possible de gent. Tamb\u00e9 es donen a<br \/>\ncon\u00e8ixer les activitats que ofereix l\u00b4ajuntament, biblioteca del municipi, etc.<br \/>\nEn les fotografies de twiter no poden apar\u00e8ixer imatges on es vegin les cares de l\u2019alumnat.<a href=\"https:\/\/twitter.com\/santdomenec\" rel=\"attachment wp-att-3138\"><img loading=\"lazy\" decoding=\"async\" class=\"wp-image-3138 size-medium aligncenter\" src=\"https:\/\/agora.xtec.cat\/ceip-sant-domenec-la-rapita\/wp-content\/uploads\/usu686\/2022\/03\/baixa-300x156.png\" alt=\"\" width=\"300\" height=\"156\" srcset=\"https:\/\/agora.xtec.cat\/ceip-sant-domenec-la-rapita\/wp-content\/uploads\/usu686\/2022\/03\/baixa-300x156.png 300w, https:\/\/agora.xtec.cat\/ceip-sant-domenec-la-rapita\/wp-content\/uploads\/usu686\/2022\/03\/baixa.png 311w\" sizes=\"auto, (max-width: 300px) 100vw, 300px\" \/><\/a><\/p>\n<p style=\"text-align: left;\"><strong>. Whatssap del centre<\/strong><br \/>\nEl wassap de centre \u00e9s un altra canal de comunicaci\u00f3 amb les fam\u00edlies. \u00c9s un canal unilateral on<br \/>\nels pares reben Informaci\u00f3 pero no poden contestar.<\/p>\n<p>&nbsp;<\/p>\n<p><a href=\"https:\/\/agora.xtec.cat\/ceip-sant-domenec-la-rapita\/portals-webs-i-xarxes-socials\/attachment\/imatge-2\/\" rel=\"attachment wp-att-3140\"><img loading=\"lazy\" decoding=\"async\" class=\"size-full wp-image-3140 aligncenter\" src=\"https:\/\/agora.xtec.cat\/ceip-sant-domenec-la-rapita\/wp-content\/uploads\/usu686\/2022\/03\/IMATGE-1.jpg\" alt=\"\" width=\"275\" height=\"183\" \/><\/a><\/p>\n<p>&nbsp;<\/p>\n<p style=\"text-align: center;\">\n","protected":false},"excerpt":{"rendered":"<p>A l\u00b4escola utilitzem diferents xarxes socials i portals webs. A continuaci\u00f3 us les presentem. P\u00e0gina web de l\u2019escola \u00e9s un [&hellip;]<\/p>\n","protected":false},"author":1,"featured_media":0,"parent":0,"menu_order":0,"comment_status":"closed","ping_status":"closed","template":"","meta":{"_bbp_topic_count":0,"_bbp_reply_count":0,"_bbp_total_topic_count":0,"_bbp_total_reply_count":0,"_bbp_voice_count":0,"_bbp_anonymous_reply_count":0,"_bbp_topic_count_hidden":0,"_bbp_reply_count_hidden":0,"_bbp_forum_subforum_count":0,"site-sidebar-layout":"default","site-content-layout":"","ast-site-content-layout":"","site-content-style":"default","site-sidebar-style":"default","ast-global-header-display":"","ast-banner-title-visibility":"","ast-main-header-display":"","ast-hfb-above-header-display":"","ast-hfb-below-header-display":"","ast-hfb-mobile-header-display":"","site-post-title":"","ast-breadcrumbs-content":"","ast-featured-img":"","footer-sml-layout":"","theme-transparent-header-meta":"","adv-header-id-meta":"","stick-header-meta":"","header-above-stick-meta":"","header-main-stick-meta":"","header-below-stick-meta":"","astra-migrate-meta-layouts":"default","ast-page-background-enabled":"default","ast-page-background-meta":{"desktop":{"background-color":"var(--ast-global-color-4)","background-image":"","background-repeat":"repeat","background-position":"center center","background-size":"auto","background-attachment":"scroll","background-type":"","background-media":"","overlay-type":"","overlay-color":"","overlay-opacity":"","overlay-gradient":""},"tablet":{"background-color":"","background-image":"","background-repeat":"repeat","background-position":"center center","background-size":"auto","background-attachment":"scroll","background-type":"","background-media":"","overlay-type":"","overlay-color":"","overlay-opacity":"","overlay-gradient":""},"mobile":{"background-color":"","background-image":"","background-repeat":"repeat","background-position":"center center","background-size":"auto","background-attachment":"scroll","background-type":"","background-media":"","overlay-type":"","overlay-color":"","overlay-opacity":"","overlay-gradient":""}},"ast-content-background-meta":{"desktop":{"background-color":"var(--ast-global-color-5)","background-image":"","background-repeat":"repeat","background-position":"center center","background-size":"auto","background-attachment":"scroll","background-type":"","background-media":"","overlay-type":"","overlay-color":"","overlay-opacity":"","overlay-gradient":""},"tablet":{"background-color":"var(--ast-global-color-5)","background-image":"","background-repeat":"repeat","background-position":"center center","background-size":"auto","background-attachment":"scroll","background-type":"","background-media":"","overlay-type":"","overlay-color":"","overlay-opacity":"","overlay-gradient":""},"mobile":{"background-color":"var(--ast-global-color-5)","background-image":"","background-repeat":"repeat","background-position":"center center","background-size":"auto","background-attachment":"scroll","background-type":"","background-media":"","overlay-type":"","overlay-color":"","overlay-opacity":"","overlay-gradient":""}},"footnotes":""},"class_list":["post-3137","page","type-page","status-publish","hentry"],"post_mailing_queue_ids":[],"_links":{"self":[{"href":"https:\/\/agora.xtec.cat\/ceip-sant-domenec-la-rapita\/wp-json\/wp\/v2\/pages\/3137","targetHints":{"allow":["GET"]}}],"collection":[{"href":"https:\/\/agora.xtec.cat\/ceip-sant-domenec-la-rapita\/wp-json\/wp\/v2\/pages"}],"about":[{"href":"https:\/\/agora.xtec.cat\/ceip-sant-domenec-la-rapita\/wp-json\/wp\/v2\/types\/page"}],"author":[{"embeddable":true,"href":"https:\/\/agora.xtec.cat\/ceip-sant-domenec-la-rapita\/wp-json\/wp\/v2\/users\/1"}],"replies":[{"embeddable":true,"href":"https:\/\/agora.xtec.cat\/ceip-sant-domenec-la-rapita\/wp-json\/wp\/v2\/comments?post=3137"}],"version-history":[{"count":3,"href":"https:\/\/agora.xtec.cat\/ceip-sant-domenec-la-rapita\/wp-json\/wp\/v2\/pages\/3137\/revisions"}],"predecessor-version":[{"id":3249,"href":"https:\/\/agora.xtec.cat\/ceip-sant-domenec-la-rapita\/wp-json\/wp\/v2\/pages\/3137\/revisions\/3249"}],"wp:attachment":[{"href":"https:\/\/agora.xtec.cat\/ceip-sant-domenec-la-rapita\/wp-json\/wp\/v2\/media?parent=3137"}],"curies":[{"name":"wp","href":"https:\/\/api.w.org\/{rel}","templated":true}]}}