{"id":28,"date":"2014-09-18T12:29:35","date_gmt":"2014-09-18T11:29:35","guid":{"rendered":"http:\/\/agora.xtec.cat\/ceip-sant-domenec-la-rapita\/?page_id=28"},"modified":"2026-01-30T12:45:19","modified_gmt":"2026-01-30T11:45:19","slug":"consell-escolar","status":"publish","type":"page","link":"https:\/\/agora.xtec.cat\/ceip-sant-domenec-la-rapita\/lescola\/consell-escolar\/","title":{"rendered":"CONSELL ESCOLAR"},"content":{"rendered":"<p style=\"color: #444444;\"><img loading=\"lazy\" decoding=\"async\" class=\"size-thumbnail wp-image-751 alignleft\" src=\"https:\/\/agora.xtec.cat\/ceip-sant-domenec-la-rapita\/wp-content\/uploads\/usu686\/2020\/06\/Unknown-2-150x150.jpeg\" alt=\"\" width=\"150\" height=\"150\" \/>El Consell escolar de centre \u00e9s un \u00f2rgan de govern col.legiat on es troba representada tota la comunitat educativa. \u00c9s un \u00f2rgan de decisi\u00f3 i participaci\u00f3 que juga un paper important en el funcionament del centre.<\/p>\n<p><b>CONSELL ESCOLAR \u00a0<\/b><br \/>\n<b>Equip Directiu<\/b> Lourdes Alguer\u00f3, Gemma Mata i Mireia Espasa<br \/>\n<b>Representants Mestres<\/b> Magda Bernat, Irena Coral,\u00a0 Marta Masdeu, Estefania Montilla,Susana del Valle,<br \/>\n<b>Representants Pares i Mares,<\/b> Jordina Camps, Antoni Obrad\u00f3,\u00a0 Mireia\u00a0 Mars\u00f3, Olga Ravent\u00f3s.<br \/>\n<b>Representant de l&#8217;AMPA<\/b> Tonyi Ojeda<br \/>\n<b>Representant de l&#8217;Ajuntament<\/b>\u00a0 Maite L\u00f3pez<br \/>\n<b>Personal d&#8217;Administraci\u00f3 i Serveis<\/b> Anna G\u00f3mez<\/p>\n<p style=\"text-align: center;\"><strong>ACORDS CONSELL ESCOLAR 2025-26<\/strong><\/p>\n<p><a href=\"https:\/\/drive.google.com\/file\/d\/1r3mpilqhTOA_s7mGqeXTWogsX4rlpxRq\/view?usp=drive_link\">Consell escolar 1<\/a><\/p>\n<p><a href=\"https:\/\/drive.google.com\/file\/d\/1j9U-3CHB8676l4iiUnn1URTfD1XorWeS\/view?usp=drive_link\">Consell escolar 2<\/a><\/p>\n<p style=\"text-align: center;\"><strong>ACORDS CONSELL ESCOLAR 2024-25<\/strong><\/p>\n<p><a href=\"https:\/\/drive.google.com\/file\/d\/1nLEGfWrxPumJbd3S4FcgL80-PRzaA18f\/view?usp=drive_link\">Consell escolar 1<\/a><\/p>\n<p><a href=\"https:\/\/drive.google.com\/file\/d\/1rcb_tj1dZkG38FH1w7Ed_zX2H1RYt-H7\/view?usp=drive_link\">Consell escolar 2<\/a><\/p>\n<p style=\"text-align: center;\"><strong>ACORDS CONSELL ESCOLAR 2023-24<\/strong><\/p>\n<p><a href=\"https:\/\/drive.google.com\/file\/d\/1TJbG_nY_bTDdboNDrIfzLufOb7j18eoh\/view?usp=sharing\">Consell escolar 1<\/a><\/p>\n<p><a href=\"https:\/\/drive.google.com\/file\/d\/1l0qoqILeWvw6nQXyX9vimIf7lHkBHGTo\/view?usp=sharing\">Consell escolar 2<\/a><\/p>\n<p><a href=\"https:\/\/drive.google.com\/file\/d\/12DmsiN-rhjBCq_KVlYVKoLQwrDPw8vMq\/view?usp=sharing\">Consell escolar 3<\/a><\/p>\n<p><a href=\"https:\/\/drive.google.com\/file\/d\/1iJ_WwXmoskEznUa2ylZ0DVUTH1M-CcLg\/view?usp=drive_link\">Consell escolar 4<\/a><\/p>\n<p><a href=\"https:\/\/drive.google.com\/file\/d\/1nyK8oakxEDWBgGOwbNf8leRWIBfzIjiA\/view?usp=drive_link\">Consell escolar 5<\/a><\/p>\n<p style=\"text-align: center;\"><strong>ACORDS CONSELL ESCOLAR 2022-23<\/strong><\/p>\n<p><a href=\"https:\/\/drive.google.com\/file\/d\/1jcKZz9BcrMAsLJUQlfFcwBxy22FjaS_0\/view?usp=sharing\">Consell escolar 1<\/a><\/p>\n<p><a href=\"https:\/\/drive.google.com\/file\/d\/1Bc68FhE6lPS1KswirlXLlaEY-qeDi0jJ\/view?usp=sharing\">Consell escolar 2<\/a><\/p>\n<p><a href=\"https:\/\/drive.google.com\/file\/d\/1tk358yibN-iZ3GfJ3mbZbFBkmtJL53kO\/view?usp=sharing\">Consell escolar 3<\/a><\/p>\n<p><a href=\"https:\/\/drive.google.com\/file\/d\/1TMZlyq9vwFP7yGGKT1PUQyKfRLULvqZm\/view?usp=sharing\">Consell escolar 4<\/a><\/p>\n<p style=\"text-align: center;\"><strong>ACORDS CONSELL ESCOLAR 2021-2022<\/strong><\/p>\n<p><a href=\"https:\/\/agora.xtec.cat\/ceip-sant-domenec-la-rapita\/lescola\/consell-escolar\/attachment\/consell-escolar-1-4\/\" rel=\"attachment wp-att-2882\">Consell Escolar 1<\/a><\/p>\n<p><a href=\"https:\/\/agora.xtec.cat\/ceip-sant-domenec-la-rapita\/lescola\/consell-escolar\/attachment\/consell-escolar-2\/\" rel=\"attachment wp-att-2873\">Consell Escolar 2<\/a><\/p>\n<p><a href=\"https:\/\/drive.google.com\/file\/d\/12K0y2RxnfLZ9NxdxM_C3M6vXTFNB3w7l\/view?usp=sharing\">Consell Escolar 3<\/a><\/p>\n<p><a href=\"https:\/\/drive.google.com\/file\/d\/1h1gztMgtlzqspScBM5KjxeHednN_lAaL\/view?usp=sharing\">Consell Escolar 4<\/a><\/p>\n<p><a href=\"https:\/\/drive.google.com\/file\/d\/18irpi6lubUz9H5R3eA8yK_--AHM2N-e2\/view?usp=sharing\">Consell Escolar 5<\/a><\/p>\n","protected":false},"excerpt":{"rendered":"<p>El Consell escolar de centre \u00e9s un \u00f2rgan de govern col.legiat on es troba representada tota la comunitat educativa. \u00c9s [&hellip;]<\/p>\n","protected":false},"author":1,"featured_media":0,"parent":22,"menu_order":22,"comment_status":"closed","ping_status":"closed","template":"","meta":{"_bbp_topic_count":0,"_bbp_reply_count":0,"_bbp_total_topic_count":0,"_bbp_total_reply_count":0,"_bbp_voice_count":0,"_bbp_anonymous_reply_count":0,"_bbp_topic_count_hidden":0,"_bbp_reply_count_hidden":0,"_bbp_forum_subforum_count":0,"site-sidebar-layout":"default","site-content-layout":"","ast-site-content-layout":"default","site-content-style":"default","site-sidebar-style":"default","ast-global-header-display":"","ast-banner-title-visibility":"","ast-main-header-display":"","ast-hfb-above-header-display":"","ast-hfb-below-header-display":"","ast-hfb-mobile-header-display":"","site-post-title":"","ast-breadcrumbs-content":"","ast-featured-img":"","footer-sml-layout":"","theme-transparent-header-meta":"","adv-header-id-meta":"","stick-header-meta":"","header-above-stick-meta":"","header-main-stick-meta":"","header-below-stick-meta":"","astra-migrate-meta-layouts":"set","ast-page-background-enabled":"default","ast-page-background-meta":{"desktop":{"background-color":"var(--ast-global-color-4)","background-image":"","background-repeat":"repeat","background-position":"center center","background-size":"auto","background-attachment":"scroll","background-type":"","background-media":"","overlay-type":"","overlay-color":"","overlay-opacity":"","overlay-gradient":""},"tablet":{"background-color":"","background-image":"","background-repeat":"repeat","background-position":"center center","background-size":"auto","background-attachment":"scroll","background-type":"","background-media":"","overlay-type":"","overlay-color":"","overlay-opacity":"","overlay-gradient":""},"mobile":{"background-color":"","background-image":"","background-repeat":"repeat","background-position":"center center","background-size":"auto","background-attachment":"scroll","background-type":"","background-media":"","overlay-type":"","overlay-color":"","overlay-opacity":"","overlay-gradient":""}},"ast-content-background-meta":{"desktop":{"background-color":"var(--ast-global-color-5)","background-image":"","background-repeat":"repeat","background-position":"center center","background-size":"auto","background-attachment":"scroll","background-type":"","background-media":"","overlay-type":"","overlay-color":"","overlay-opacity":"","overlay-gradient":""},"tablet":{"background-color":"var(--ast-global-color-5)","background-image":"","background-repeat":"repeat","background-position":"center center","background-size":"auto","background-attachment":"scroll","background-type":"","background-media":"","overlay-type":"","overlay-color":"","overlay-opacity":"","overlay-gradient":""},"mobile":{"background-color":"var(--ast-global-color-5)","background-image":"","background-repeat":"repeat","background-position":"center center","background-size":"auto","background-attachment":"scroll","background-type":"","background-media":"","overlay-type":"","overlay-color":"","overlay-opacity":"","overlay-gradient":""}},"footnotes":""},"class_list":["post-28","page","type-page","status-publish","hentry"],"post_mailing_queue_ids":[],"_links":{"self":[{"href":"https:\/\/agora.xtec.cat\/ceip-sant-domenec-la-rapita\/wp-json\/wp\/v2\/pages\/28","targetHints":{"allow":["GET"]}}],"collection":[{"href":"https:\/\/agora.xtec.cat\/ceip-sant-domenec-la-rapita\/wp-json\/wp\/v2\/pages"}],"about":[{"href":"https:\/\/agora.xtec.cat\/ceip-sant-domenec-la-rapita\/wp-json\/wp\/v2\/types\/page"}],"author":[{"embeddable":true,"href":"https:\/\/agora.xtec.cat\/ceip-sant-domenec-la-rapita\/wp-json\/wp\/v2\/users\/1"}],"replies":[{"embeddable":true,"href":"https:\/\/agora.xtec.cat\/ceip-sant-domenec-la-rapita\/wp-json\/wp\/v2\/comments?post=28"}],"version-history":[{"count":6,"href":"https:\/\/agora.xtec.cat\/ceip-sant-domenec-la-rapita\/wp-json\/wp\/v2\/pages\/28\/revisions"}],"predecessor-version":[{"id":5262,"href":"https:\/\/agora.xtec.cat\/ceip-sant-domenec-la-rapita\/wp-json\/wp\/v2\/pages\/28\/revisions\/5262"}],"up":[{"embeddable":true,"href":"https:\/\/agora.xtec.cat\/ceip-sant-domenec-la-rapita\/wp-json\/wp\/v2\/pages\/22"}],"wp:attachment":[{"href":"https:\/\/agora.xtec.cat\/ceip-sant-domenec-la-rapita\/wp-json\/wp\/v2\/media?parent=28"}],"curies":[{"name":"wp","href":"https:\/\/api.w.org\/{rel}","templated":true}]}}

<p style="color: #444444;"><img loading="lazy" decoding="async" class="size-thumbnail wp-image-751 alignleft" src="https://agora.xtec.cat/ceip-sant-domenec-la-rapita/wp-content/uploads/usu686/2020/06/Unknown-2-150x150.jpeg" alt="" width="150" height="150" />El Consell escolar de centre és un òrgan de govern col.legiat on es troba representada tota la comunitat educativa. És un òrgan de decisió i participació que juga un paper important en el funcionament del centre.</p>
<p><b>CONSELL ESCOLAR  </b><br />
<b>Equip Directiu</b> Lourdes Algueró, Gemma Mata i Mireia Espasa<br />
<b>Representants Mestres</b> Magda Bernat, Irena Coral,  Marta Masdeu, Estefania Montilla,Susana del Valle,<br />
<b>Representants Pares i Mares,</b> Jordina Camps, Antoni Obradó,  Mireia  Marsó, Olga Raventós.<br />
<b>Representant de l&#8217;AMPA</b> Tonyi Ojeda<br />
<b>Representant de l&#8217;Ajuntament</b>  Maite López<br />
<b>Personal d&#8217;Administració i Serveis</b> Anna Gómez</p>
<p style="text-align: center;"><strong>ACORDS CONSELL ESCOLAR 2025-26</strong></p>
<p><a href="https://drive.google.com/file/d/1r3mpilqhTOA_s7mGqeXTWogsX4rlpxRq/view?usp=drive_link">Consell escolar 1</a></p>
<p><a href="https://drive.google.com/file/d/1j9U-3CHB8676l4iiUnn1URTfD1XorWeS/view?usp=drive_link">Consell escolar 2</a></p>
<p style="text-align: center;"><strong>ACORDS CONSELL ESCOLAR 2024-25</strong></p>
<p><a href="https://drive.google.com/file/d/1nLEGfWrxPumJbd3S4FcgL80-PRzaA18f/view?usp=drive_link">Consell escolar 1</a></p>
<p><a href="https://drive.google.com/file/d/1rcb_tj1dZkG38FH1w7Ed_zX2H1RYt-H7/view?usp=drive_link">Consell escolar 2</a></p>
<p style="text-align: center;"><strong>ACORDS CONSELL ESCOLAR 2023-24</strong></p>
<p><a href="https://drive.google.com/file/d/1TJbG_nY_bTDdboNDrIfzLufOb7j18eoh/view?usp=sharing">Consell escolar 1</a></p>
<p><a href="https://drive.google.com/file/d/1l0qoqILeWvw6nQXyX9vimIf7lHkBHGTo/view?usp=sharing">Consell escolar 2</a></p>
<p><a href="https://drive.google.com/file/d/12DmsiN-rhjBCq_KVlYVKoLQwrDPw8vMq/view?usp=sharing">Consell escolar 3</a></p>
<p><a href="https://drive.google.com/file/d/1iJ_WwXmoskEznUa2ylZ0DVUTH1M-CcLg/view?usp=drive_link">Consell escolar 4</a></p>
<p><a href="https://drive.google.com/file/d/1nyK8oakxEDWBgGOwbNf8leRWIBfzIjiA/view?usp=drive_link">Consell escolar 5</a></p>
<p style="text-align: center;"><strong>ACORDS CONSELL ESCOLAR 2022-23</strong></p>
<p><a href="https://drive.google.com/file/d/1jcKZz9BcrMAsLJUQlfFcwBxy22FjaS_0/view?usp=sharing">Consell escolar 1</a></p>
<p><a href="https://drive.google.com/file/d/1Bc68FhE6lPS1KswirlXLlaEY-qeDi0jJ/view?usp=sharing">Consell escolar 2</a></p>
<p><a href="https://drive.google.com/file/d/1tk358yibN-iZ3GfJ3mbZbFBkmtJL53kO/view?usp=sharing">Consell escolar 3</a></p>
<p><a href="https://drive.google.com/file/d/1TMZlyq9vwFP7yGGKT1PUQyKfRLULvqZm/view?usp=sharing">Consell escolar 4</a></p>
<p style="text-align: center;"><strong>ACORDS CONSELL ESCOLAR 2021-2022</strong></p>
<p><a href="https://agora.xtec.cat/ceip-sant-domenec-la-rapita/lescola/consell-escolar/attachment/consell-escolar-1-4/" rel="attachment wp-att-2882">Consell Escolar 1</a></p>
<p><a href="https://agora.xtec.cat/ceip-sant-domenec-la-rapita/lescola/consell-escolar/attachment/consell-escolar-2/" rel="attachment wp-att-2873">Consell Escolar 2</a></p>
<p><a href="https://drive.google.com/file/d/12K0y2RxnfLZ9NxdxM_C3M6vXTFNB3w7l/view?usp=sharing">Consell Escolar 3</a></p>
<p><a href="https://drive.google.com/file/d/1h1gztMgtlzqspScBM5KjxeHednN_lAaL/view?usp=sharing">Consell Escolar 4</a></p>
<p><a href="https://drive.google.com/file/d/18irpi6lubUz9H5R3eA8yK_--AHM2N-e2/view?usp=sharing">Consell Escolar 5</a></p>

<p>El Consell escolar de centre és un òrgan de govern col.legiat on es troba representada tota la comunitat educativa. És [&hellip;]</p>
