{"id":26,"date":"2014-09-18T12:24:32","date_gmt":"2014-09-18T11:24:32","guid":{"rendered":"http:\/\/agora.xtec.cat\/ceip-sant-domenec-la-rapita\/?page_id=26"},"modified":"2020-01-11T10:59:24","modified_gmt":"2020-01-11T09:59:24","slug":"historia","status":"publish","type":"page","link":"https:\/\/agora.xtec.cat\/ceip-sant-domenec-la-rapita\/lescola\/historia\/","title":{"rendered":"HIST\u00d2RIA"},"content":{"rendered":"<p><sub>L&#8217;escola est\u00e0 situada a l&#8217;extrem sud de la comarca de l&#8217;Alt Pened\u00e8s, a uns 6 quil\u00f2metres de Vilafranca del Pened\u00e8s.<\/sub><span style=\"font-size: small;\"><br \/>\nEl dia 1 de gener de 1927 es va col\u00b7locar la primera pedra de l&#8217;edifici que constava de dues aules molt grans, una per als nens i una per a les nenes, i de dues cases per als mestres. Al mes de novembre de 1931 es posaven en funcionament les escoles, sent-ne els seus mestres: Salvador Fontdevila Carb\u00f3 i Em\u00edlia Sivill Curtiada.<br \/>\nCap als anys 70, amb les concentraci\u00f3ns escolars, els nens i les nenes foren escolaritzats a l&#8217;escola dels Monjos, des de 2n d&#8217;EGB. Els de 4 i 5 anys i els de 1r d&#8217;EGB es van quedar a l&#8217;escola en una sola aula amb un mestre\/a.<br \/>\nAls anys 80 es procedeix a una reforma en profunditat de les depend\u00e8ncies escolars. Aix\u00ed, del setembre del 1982 al setembre del 1987, l&#8217;escola passa de tenir dues aules a tenir-ne nou, a m\u00e9s d&#8217;altres depend\u00e8ncies igualment necess\u00e0ries. I tot aix\u00f2 gr\u00e0cies a la remodelaci\u00f3 de les dues aules, de les cases dels mestres i de la fa\u00e7ana.<\/span><\/p>\n<p>&nbsp;<\/p>\n<div><\/div>\n<div><\/div>\n<p><span style=\"font-size: small;\">El febrer de 1990 es posa en funcionament de manera experimental R\u00e0dio R\u00e0pia, una emissora escolar. El 23 d&#8217;abril de 1990 s&#8217;inaugura oficialment.<br \/>\nEn aquests \u00faltims anys l&#8217;escola ha fet l&#8217;esfor\u00e7 d&#8217;introduir aspectes novedosos per tal de millorar la qualitat d&#8217;ensenyament. Alguns d&#8217;ells s\u00f3n: Racons, Projectes, Noves Tecnologies (inform\u00e0tica, audiovisuals), introducci\u00f3 de la Llengua Anglesa a P5.<\/span><\/p>\n<p>Aquest esfor\u00e7 s&#8217;ha vist recompensat, en part, amb els premis i reconeixements que hem obtingut:<span style=\"font-size: small;\"><br \/>\n<\/span><\/p>\n<ul>\n<li><span style=\"font-size: small;\"><b>1994 <\/b>Concessi\u00f3 per part del Departament d&#8217;Ensenyament d&#8217;un ajut per a la realitzaci\u00f3 d&#8217;experi\u00e8ncies audiovisuals.<\/span><\/li>\n<\/ul>\n<ul>\n<li><span style=\"font-size: small;\"><b>1996<\/b> Concessi\u00f3 del Premi Est\u00edmul a les emissores locals de Catalunya 1995 a la millor contribuci\u00f3 a la radiodifusi\u00f3 cultural convocat per la fundaci\u00f3 Rafael Peris.<\/span><\/li>\n<\/ul>\n<ul>\n<li><span style=\"font-size: small;\"><b>1999<\/b> Concessi\u00f3 del Premi Civisme als Mitjans de Comunicaci\u00f3<b> <\/b>1998 per part del Departament de Benestar Social de la Generalitat de Catalunya.<\/span><\/li>\n<\/ul>\n<ul>\n<li><span style=\"font-size: small;\"><b>2001<\/b> Premi Orator de Llengua Anglesa.<\/span> <span style=\"font-size: small;\">Participaci\u00f3 en l&#8217;elaboraci\u00f3 de programes de TV3, Televisi\u00f3 Layret. Participaci\u00f3, com a ponents, en cursos dirigits a altres escoles i professionals. Col\u00b7laboraci\u00f3 en diferents mitjans de comunicaci\u00f3 de la comarca.<\/span><span style=\"font-size: small;\"> Obtenci\u00f3 del Pla Estrat\u00e8gic 2001-2005. <\/span><span style=\"font-size: small;\"><br \/>\n<\/span><\/li>\n<\/ul>\n<ul>\n<li><span style=\"font-size: small;\"><b>2004<\/b> Premi Orator de Llengua Anglesa.<\/span><span style=\"font-size: small;\">Premi Baldiri Reixach als alumnes de Cicle Mitj\u00e0 i de Cicle Superior de l&#8217;escola pel treball &#8220;La Vinya i el Vi&#8221;<\/span><span style=\"font-size: small;\"><br \/>\n<\/span><\/li>\n<\/ul>\n<ul>\n<li><span style=\"font-size: small;\"><b>2005<\/b> Dins el Programa d&#8217;Innovaci\u00f3 Educativa entrem a formar part en el Projecte de Ciutadania.<\/span><\/li>\n<\/ul>\n<ul>\n<li><span style=\"font-size: small;\"><b>2006<\/b> Primer premi en la Categoria de Professorat del Consell Audiovisual de Catalunya &#8220;El CAC a l&#8217;escola&#8221;.<\/span><span style=\"font-size: small;\">Dins el Programa d&#8217;Innovaci\u00f3 Educativa entrem a formar part en el projecte de Comunicaci\u00f3 Audiovisual.<br \/>\n<\/span><\/li>\n<\/ul>\n<ul>\n<li><span style=\"font-size: small;\"><b>2007<\/b> El dia 7 de novembre rebem el distintiu d&#8217;Escola Verda. Premi de la Mostra 2007 (Mostra de Produccions Audiovisuals Escolars) en l&#8217;apartat de r\u00e0dio.<\/span><\/li>\n<\/ul>\n<ul>\n<li><span style=\"font-size: small;\"><b>2008<\/b> L&#8217;alumnat de 2CS va guanyar la primera temporada del programa Play (K3).<\/span><\/li>\n<\/ul>\n<ul>\n<li><span style=\"font-size: small;\"><b>2009<\/b> Premi Baldiri Reixac en la categoria d&#8217;escoles, alumnes i mestres. Premi de la Mostra de Produccions Audiovisuals Escolars en l&#8217;apartat de r\u00e0dio. L\u2019alumnat de cinqu\u00e8 i sis\u00e8 guanya el premi del XV Concurs el Gust per la Lectura.<\/span><\/li>\n<\/ul>\n<ul>\n<li><span style=\"font-size: small;\"><b>2010<\/b> Premi &#8220;El gust per la lectura&#8221;. Els alumnes de 5\u00e8 van quedar finalistes amb el treball &#8220;En Mecanifle&#8221; i els de 6\u00e8 van ser els guanyadors amb el treball <\/span><span style=\"font-size: small;\">&#8220;La nit del malson&#8221;.<\/span><\/li>\n<\/ul>\n<ul>\n<li><span style=\"font-size: small;\"><b>2013<\/b> Premi concurs L&#8217;Arca de Babel d&#8217;en M\u00e0rius Serra. Els alumnes de 6\u00e8 van quedar finalistes durant v\u00e0ries setmanes i en una d&#8217;elles guanyadors.<\/span><\/li>\n<\/ul>\n<ul>\n<li><span style=\"font-size: small;\"><b>2015<\/b>. <sub>Premi Escoles Verdes. <\/sub><\/span><span style=\"font-size: large;\"><sub>El jurat ha otorgat el premi de la categoria adre\u00e7ada a l&#8217;Actuaci\u00f3 vinculada al consum responsable al projecte \u201cPesa i pensa\u201d de\u00a0l\u2019Escola Sant Dom\u00e8nec\u00a0de Sant Margarida i els Monjos.<\/sub><\/span><\/li>\n<\/ul>\n","protected":false},"excerpt":{"rendered":"<p>L&#8217;escola est\u00e0 situada a l&#8217;extrem sud de la comarca de l&#8217;Alt Pened\u00e8s, a uns 6 quil\u00f2metres de Vilafranca del Pened\u00e8s. [&hellip;]<\/p>\n","protected":false},"author":1,"featured_media":0,"parent":22,"menu_order":20,"comment_status":"closed","ping_status":"closed","template":"page-templates\/side-menu.php","meta":{"_bbp_topic_count":0,"_bbp_reply_count":0,"_bbp_total_topic_count":0,"_bbp_total_reply_count":0,"_bbp_voice_count":0,"_bbp_anonymous_reply_count":0,"_bbp_topic_count_hidden":0,"_bbp_reply_count_hidden":0,"_bbp_forum_subforum_count":0,"site-sidebar-layout":"default","site-content-layout":"","ast-site-content-layout":"","site-content-style":"default","site-sidebar-style":"default","ast-global-header-display":"","ast-banner-title-visibility":"","ast-main-header-display":"","ast-hfb-above-header-display":"","ast-hfb-below-header-display":"","ast-hfb-mobile-header-display":"","site-post-title":"","ast-breadcrumbs-content":"","ast-featured-img":"","footer-sml-layout":"","theme-transparent-header-meta":"","adv-header-id-meta":"","stick-header-meta":"","header-above-stick-meta":"","header-main-stick-meta":"","header-below-stick-meta":"","astra-migrate-meta-layouts":"default","ast-page-background-enabled":"default","ast-page-background-meta":{"desktop":{"background-color":"var(--ast-global-color-4)","background-image":"","background-repeat":"repeat","background-position":"center center","background-size":"auto","background-attachment":"scroll","background-type":"","background-media":"","overlay-type":"","overlay-color":"","overlay-opacity":"","overlay-gradient":""},"tablet":{"background-color":"","background-image":"","background-repeat":"repeat","background-position":"center center","background-size":"auto","background-attachment":"scroll","background-type":"","background-media":"","overlay-type":"","overlay-color":"","overlay-opacity":"","overlay-gradient":""},"mobile":{"background-color":"","background-image":"","background-repeat":"repeat","background-position":"center center","background-size":"auto","background-attachment":"scroll","background-type":"","background-media":"","overlay-type":"","overlay-color":"","overlay-opacity":"","overlay-gradient":""}},"ast-content-background-meta":{"desktop":{"background-color":"var(--ast-global-color-5)","background-image":"","background-repeat":"repeat","background-position":"center center","background-size":"auto","background-attachment":"scroll","background-type":"","background-media":"","overlay-type":"","overlay-color":"","overlay-opacity":"","overlay-gradient":""},"tablet":{"background-color":"var(--ast-global-color-5)","background-image":"","background-repeat":"repeat","background-position":"center center","background-size":"auto","background-attachment":"scroll","background-type":"","background-media":"","overlay-type":"","overlay-color":"","overlay-opacity":"","overlay-gradient":""},"mobile":{"background-color":"var(--ast-global-color-5)","background-image":"","background-repeat":"repeat","background-position":"center center","background-size":"auto","background-attachment":"scroll","background-type":"","background-media":"","overlay-type":"","overlay-color":"","overlay-opacity":"","overlay-gradient":""}},"footnotes":""},"class_list":["post-26","page","type-page","status-publish","hentry"],"post_mailing_queue_ids":[],"_links":{"self":[{"href":"https:\/\/agora.xtec.cat\/ceip-sant-domenec-la-rapita\/wp-json\/wp\/v2\/pages\/26","targetHints":{"allow":["GET"]}}],"collection":[{"href":"https:\/\/agora.xtec.cat\/ceip-sant-domenec-la-rapita\/wp-json\/wp\/v2\/pages"}],"about":[{"href":"https:\/\/agora.xtec.cat\/ceip-sant-domenec-la-rapita\/wp-json\/wp\/v2\/types\/page"}],"author":[{"embeddable":true,"href":"https:\/\/agora.xtec.cat\/ceip-sant-domenec-la-rapita\/wp-json\/wp\/v2\/users\/1"}],"replies":[{"embeddable":true,"href":"https:\/\/agora.xtec.cat\/ceip-sant-domenec-la-rapita\/wp-json\/wp\/v2\/comments?post=26"}],"version-history":[{"count":3,"href":"https:\/\/agora.xtec.cat\/ceip-sant-domenec-la-rapita\/wp-json\/wp\/v2\/pages\/26\/revisions"}],"predecessor-version":[{"id":449,"href":"https:\/\/agora.xtec.cat\/ceip-sant-domenec-la-rapita\/wp-json\/wp\/v2\/pages\/26\/revisions\/449"}],"up":[{"embeddable":true,"href":"https:\/\/agora.xtec.cat\/ceip-sant-domenec-la-rapita\/wp-json\/wp\/v2\/pages\/22"}],"wp:attachment":[{"href":"https:\/\/agora.xtec.cat\/ceip-sant-domenec-la-rapita\/wp-json\/wp\/v2\/media?parent=26"}],"curies":[{"name":"wp","href":"https:\/\/api.w.org\/{rel}","templated":true}]}}

HISTÒRIA

<p><sub>L&#8217;escola està situada a l&#8217;extrem sud de la comarca de l&#8217;Alt Penedès, a uns 6 quilòmetres de Vilafranca del Penedès.</sub><span style="font-size: small;"><br />
El dia 1 de gener de 1927 es va col·locar la primera pedra de l&#8217;edifici que constava de dues aules molt grans, una per als nens i una per a les nenes, i de dues cases per als mestres. Al mes de novembre de 1931 es posaven en funcionament les escoles, sent-ne els seus mestres: Salvador Fontdevila Carbó i Emília Sivill Curtiada.<br />
Cap als anys 70, amb les concentracións escolars, els nens i les nenes foren escolaritzats a l&#8217;escola dels Monjos, des de 2n d&#8217;EGB. Els de 4 i 5 anys i els de 1r d&#8217;EGB es van quedar a l&#8217;escola en una sola aula amb un mestre/a.<br />
Als anys 80 es procedeix a una reforma en profunditat de les dependències escolars. Així, del setembre del 1982 al setembre del 1987, l&#8217;escola passa de tenir dues aules a tenir-ne nou, a més d&#8217;altres dependències igualment necessàries. I tot això gràcies a la remodelació de les dues aules, de les cases dels mestres i de la façana.</span></p>
<p>&nbsp;</p>
<div></div>
<div></div>
<p><span style="font-size: small;">El febrer de 1990 es posa en funcionament de manera experimental Ràdio Ràpia, una emissora escolar. El 23 d&#8217;abril de 1990 s&#8217;inaugura oficialment.<br />
En aquests últims anys l&#8217;escola ha fet l&#8217;esforç d&#8217;introduir aspectes novedosos per tal de millorar la qualitat d&#8217;ensenyament. Alguns d&#8217;ells són: Racons, Projectes, Noves Tecnologies (informàtica, audiovisuals), introducció de la Llengua Anglesa a P5.</span></p>
<p>Aquest esforç s&#8217;ha vist recompensat, en part, amb els premis i reconeixements que hem obtingut:<span style="font-size: small;"><br />
</span></p>
<ul>
<li><span style="font-size: small;"><b>1994 </b>Concessió per part del Departament d&#8217;Ensenyament d&#8217;un ajut per a la realització d&#8217;experiències audiovisuals.</span></li>
</ul>
<ul>
<li><span style="font-size: small;"><b>1996</b> Concessió del Premi Estímul a les emissores locals de Catalunya 1995 a la millor contribució a la radiodifusió cultural convocat per la fundació Rafael Peris.</span></li>
</ul>
<ul>
<li><span style="font-size: small;"><b>1999</b> Concessió del Premi Civisme als Mitjans de Comunicació<b> </b>1998 per part del Departament de Benestar Social de la Generalitat de Catalunya.</span></li>
</ul>
<ul>
<li><span style="font-size: small;"><b>2001</b> Premi Orator de Llengua Anglesa.</span> <span style="font-size: small;">Participació en l&#8217;elaboració de programes de TV3, Televisió Layret. Participació, com a ponents, en cursos dirigits a altres escoles i professionals. Col·laboració en diferents mitjans de comunicació de la comarca.</span><span style="font-size: small;"> Obtenció del Pla Estratègic 2001-2005. </span><span style="font-size: small;"><br />
</span></li>
</ul>
<ul>
<li><span style="font-size: small;"><b>2004</b> Premi Orator de Llengua Anglesa.</span><span style="font-size: small;">Premi Baldiri Reixach als alumnes de Cicle Mitjà i de Cicle Superior de l&#8217;escola pel treball &#8220;La Vinya i el Vi&#8221;</span><span style="font-size: small;"><br />
</span></li>
</ul>
<ul>
<li><span style="font-size: small;"><b>2005</b> Dins el Programa d&#8217;Innovació Educativa entrem a formar part en el Projecte de Ciutadania.</span></li>
</ul>
<ul>
<li><span style="font-size: small;"><b>2006</b> Primer premi en la Categoria de Professorat del Consell Audiovisual de Catalunya &#8220;El CAC a l&#8217;escola&#8221;.</span><span style="font-size: small;">Dins el Programa d&#8217;Innovació Educativa entrem a formar part en el projecte de Comunicació Audiovisual.<br />
</span></li>
</ul>
<ul>
<li><span style="font-size: small;"><b>2007</b> El dia 7 de novembre rebem el distintiu d&#8217;Escola Verda. Premi de la Mostra 2007 (Mostra de Produccions Audiovisuals Escolars) en l&#8217;apartat de ràdio.</span></li>
</ul>
<ul>
<li><span style="font-size: small;"><b>2008</b> L&#8217;alumnat de 2CS va guanyar la primera temporada del programa Play (K3).</span></li>
</ul>
<ul>
<li><span style="font-size: small;"><b>2009</b> Premi Baldiri Reixac en la categoria d&#8217;escoles, alumnes i mestres. Premi de la Mostra de Produccions Audiovisuals Escolars en l&#8217;apartat de ràdio. L’alumnat de cinquè i sisè guanya el premi del XV Concurs el Gust per la Lectura.</span></li>
</ul>
<ul>
<li><span style="font-size: small;"><b>2010</b> Premi &#8220;El gust per la lectura&#8221;. Els alumnes de 5è van quedar finalistes amb el treball &#8220;En Mecanifle&#8221; i els de 6è van ser els guanyadors amb el treball </span><span style="font-size: small;">&#8220;La nit del malson&#8221;.</span></li>
</ul>
<ul>
<li><span style="font-size: small;"><b>2013</b> Premi concurs L&#8217;Arca de Babel d&#8217;en Màrius Serra. Els alumnes de 6è van quedar finalistes durant vàries setmanes i en una d&#8217;elles guanyadors.</span></li>
</ul>
<ul>
<li><span style="font-size: small;"><b>2015</b>. <sub>Premi Escoles Verdes. </sub></span><span style="font-size: large;"><sub>El jurat ha otorgat el premi de la categoria adreçada a l&#8217;Actuació vinculada al consum responsable al projecte “Pesa i pensa” de l’Escola Sant Domènec de Sant Margarida i els Monjos.</sub></span></li>
</ul>

<p>L&#8217;escola està situada a l&#8217;extrem sud de la comarca de l&#8217;Alt Penedès, a uns 6 quilòmetres de Vilafranca del Penedès. [&hellip;]</p>
