{"id":8977,"date":"2025-11-17T09:39:30","date_gmt":"2025-11-17T08:39:30","guid":{"rendered":"https:\/\/agora.xtec.cat\/ceip-salvador-espriu-roda\/?page_id=8977"},"modified":"2025-11-24T09:52:19","modified_gmt":"2025-11-24T08:52:19","slug":"musica","status":"publish","type":"page","link":"https:\/\/agora.xtec.cat\/ceip-salvador-espriu-roda\/musica\/","title":{"rendered":"M\u00fasica"},"content":{"rendered":"<p style=\"text-align: justify;\">En aquest apartat del web hi podreu trobar can\u00e7ons, v\u00eddeos&#8230; tot relacionat amb l&#8217;\u00e0rea de m\u00fasica.<span style=\"font-family: inherit; font-size: 1em;\"> A m\u00e9s, l&#8217;acc\u00e9s a les dues corals que tenim a l&#8217;escola: La Coral &#8220;Somnis&#8221; de la comunitat de grans i La Coral &#8220;Les Notes&#8221; de la comunitat de mitjans.<\/span><\/p>\n<p style=\"text-align: justify;\">A la barra esquerra teniu els diferents cursos i corals per accedir als recursos penjats.<\/p>\n<p><a href=\"https:\/\/agora.xtec.cat\/ceip-salvador-espriu-roda\/wp-content\/uploads\/usu1367\/2025\/11\/image.png\"><img loading=\"lazy\" decoding=\"async\" class=\"aligncenter wp-image-9125 size-full\" src=\"https:\/\/agora.xtec.cat\/ceip-salvador-espriu-roda\/wp-content\/uploads\/usu1367\/2025\/11\/image.png\" alt=\"\" width=\"720\" height=\"436\" srcset=\"https:\/\/agora.xtec.cat\/ceip-salvador-espriu-roda\/wp-content\/uploads\/usu1367\/2025\/11\/image.png 720w, https:\/\/agora.xtec.cat\/ceip-salvador-espriu-roda\/wp-content\/uploads\/usu1367\/2025\/11\/image-300x182.png 300w\" sizes=\"auto, (max-width: 720px) 100vw, 720px\" \/><\/a><\/p>\n","protected":false},"excerpt":{"rendered":"<p>En aquest apartat del web hi podreu trobar can\u00e7ons, v\u00eddeos&#8230; tot relacionat amb l&#8217;\u00e0rea de m\u00fasica. A m\u00e9s, l&#8217;acc\u00e9s a les dues corals que tenim a l&#8217;escola: La Coral &#8220;Somnis&#8221; de la comunitat de grans i La Coral &#8220;Les Notes&#8221; de la comunitat de mitjans.<br \/>\nA&hellip;  <a href=\"https:\/\/agora.xtec.cat\/ceip-salvador-espriu-roda\/musica\/\" title=\"Read M\u00fasica\">Llegeix m\u00e9s\u00bb<\/a><\/p>\n","protected":false},"author":1,"featured_media":0,"parent":0,"menu_order":0,"comment_status":"closed","ping_status":"closed","template":"page-templates\/side-menu.php","meta":{"_bbp_topic_count":0,"_bbp_reply_count":0,"_bbp_total_topic_count":0,"_bbp_total_reply_count":0,"_bbp_voice_count":0,"_bbp_anonymous_reply_count":0,"_bbp_topic_count_hidden":0,"_bbp_reply_count_hidden":0,"_bbp_forum_subforum_count":0,"footnotes":""},"class_list":["post-8977","page","type-page","status-publish","hentry"],"post_mailing_queue_ids":[],"_links":{"self":[{"href":"https:\/\/agora.xtec.cat\/ceip-salvador-espriu-roda\/wp-json\/wp\/v2\/pages\/8977","targetHints":{"allow":["GET"]}}],"collection":[{"href":"https:\/\/agora.xtec.cat\/ceip-salvador-espriu-roda\/wp-json\/wp\/v2\/pages"}],"about":[{"href":"https:\/\/agora.xtec.cat\/ceip-salvador-espriu-roda\/wp-json\/wp\/v2\/types\/page"}],"author":[{"embeddable":true,"href":"https:\/\/agora.xtec.cat\/ceip-salvador-espriu-roda\/wp-json\/wp\/v2\/users\/1"}],"replies":[{"embeddable":true,"href":"https:\/\/agora.xtec.cat\/ceip-salvador-espriu-roda\/wp-json\/wp\/v2\/comments?post=8977"}],"version-history":[{"count":6,"href":"https:\/\/agora.xtec.cat\/ceip-salvador-espriu-roda\/wp-json\/wp\/v2\/pages\/8977\/revisions"}],"predecessor-version":[{"id":9138,"href":"https:\/\/agora.xtec.cat\/ceip-salvador-espriu-roda\/wp-json\/wp\/v2\/pages\/8977\/revisions\/9138"}],"wp:attachment":[{"href":"https:\/\/agora.xtec.cat\/ceip-salvador-espriu-roda\/wp-json\/wp\/v2\/media?parent=8977"}],"curies":[{"name":"wp","href":"https:\/\/api.w.org\/{rel}","templated":true}]}}

Música

<p style="text-align: justify;">En aquest apartat del web hi podreu trobar cançons, vídeos&#8230; tot relacionat amb l&#8217;àrea de música.<span style="font-family: inherit; font-size: 1em;"> A més, l&#8217;accés a les dues corals que tenim a l&#8217;escola: La Coral &#8220;Somnis&#8221; de la comunitat de grans i La Coral &#8220;Les Notes&#8221; de la comunitat de mitjans.</span></p>
<p style="text-align: justify;">A la barra esquerra teniu els diferents cursos i corals per accedir als recursos penjats.</p>
<p><a href="https://agora.xtec.cat/ceip-salvador-espriu-roda/wp-content/uploads/usu1367/2025/11/image.png"><img loading="lazy" decoding="async" class="aligncenter wp-image-9125 size-full" src="https://agora.xtec.cat/ceip-salvador-espriu-roda/wp-content/uploads/usu1367/2025/11/image.png" alt="" width="720" height="436" srcset="https://agora.xtec.cat/ceip-salvador-espriu-roda/wp-content/uploads/usu1367/2025/11/image.png 720w, https://agora.xtec.cat/ceip-salvador-espriu-roda/wp-content/uploads/usu1367/2025/11/image-300x182.png 300w" sizes="auto, (max-width: 720px) 100vw, 720px" /></a></p>

<p>En aquest apartat del web hi podreu trobar cançons, vídeos&#8230; tot relacionat amb l&#8217;àrea de música. A més, l&#8217;accés a les dues corals que tenim a l&#8217;escola: La Coral &#8220;Somnis&#8221; de la comunitat de grans i La Coral &#8220;Les Notes&#8221; de la comunitat de mitjans.<br />
A&hellip;  <a href="https://agora.xtec.cat/ceip-salvador-espriu-roda/musica/" title="Read Música">Llegeix més»</a></p>
