{"id":708,"date":"2017-01-12T09:16:00","date_gmt":"2017-01-12T08:16:00","guid":{"rendered":"http:\/\/agora.xtec.cat\/ceip-salvador-espriu-roda\/?page_id=708"},"modified":"2019-09-16T13:31:00","modified_gmt":"2019-09-16T11:31:00","slug":"instal%c2%b7lacionsequipaments","status":"publish","type":"page","link":"https:\/\/agora.xtec.cat\/ceip-salvador-espriu-roda\/lescola\/instal%c2%b7lacionsequipaments\/","title":{"rendered":"Instal\u00b7lacions\/ equipaments"},"content":{"rendered":"<p>L\u2019educaci\u00f3 infantil i l\u2019educaci\u00f3 prim\u00e0ria tenen instal\u00b7lacions pr\u00f2pies, amb aules de desdoblament per a refor\u00e7ar diferents \u00e0rees, aix\u00ed com zones esportives i d\u2019esbarjo adequades a l\u2019edat. A nivell d\u2019espais el centre disposa d\u2019un edifici principal, amb planta baixa i un pis i d\u2019un edifici annex.<\/p>\n<p>En la planta baixa de l\u2019edifici principal hi trobem:<\/p>\n<ul>\n<li>Les aules d\u2019educaci\u00f3 infantil, 4 d\u2019elles equipades amb pissarra digital.<\/li>\n<li>Els espais annexos a les aules amb serveis d\u2019higiene personal adequats per els m\u00e9s petits\/es i per guardar-hi material divers.<\/li>\n<li>La sala de psicomotricitat i equipaments diversos.<\/li>\n<li>L\u2019aula de refor\u00e7.<\/li>\n<li>La biblioteca equipada amb uns 4.000 volums, comptant els llibres de lectura i consulta.<\/li>\n<li>El menjador amb cuina annexa, equipada per a la preparaci\u00f3 de tot tipus de men\u00fas.<\/li>\n<li>La consergeria amb sala de reprografia i enquadernaci\u00f3.<\/li>\n<li>Els despatxos per a la secretaria.<\/li>\n<li>Els despatxos per al\/a la cap d\u2019estudis i la direcci\u00f3.<\/li>\n<li>El despatx pels serveis educatius.<\/li>\n<li>L\u2019arxiu.<\/li>\n<li>El despatx de l\u2019AMPA, amb els seus corresponents serveis.<\/li>\n<li>L\u2019edifici principal disposa d\u2019ascensor.<\/li>\n<\/ul>\n<p>En el primer pis:<\/p>\n<ul>\n<li>Les 12 aules aptes per a l\u2019educaci\u00f3 prim\u00e0ria, 10 de les quals equipades amb pissarres digitals.<\/li>\n<li>L\u2019aula de m\u00fasica equipada amb pissarra digital.<\/li>\n<li>L\u2019aula d\u2019angl\u00e8s.<\/li>\n<li>L\u2019aula de ci\u00e8ncies.<\/li>\n<li>L\u2019aula d\u2019inform\u00e0tica equipada amb un can\u00f3 de projecci\u00f3 i ordinadors de sobretaula.<\/li>\n<li>L\u2019aula de religi\u00f3.<\/li>\n<li>Les dues aules d\u2019educaci\u00f3 especial.<\/li>\n<li>Una aula de refor\u00e7.<\/li>\n<li>Els corresponents lavabos.<\/li>\n<\/ul>\n<p>En l\u2019edifici annex hi ha:<\/p>\n<ul>\n<li>El gimn\u00e0s amb equipaments diversos per a la pr\u00e0ctica de l\u2019educaci\u00f3 f\u00edsica. En aquest espai hi ha incorporat un petit escenari per a les activitats de teatre.<\/li>\n<li>Els 2 vestuaris i els seus corresponents lavabos i 1 lavabo per a minusv\u00e0lids.<\/li>\n<\/ul>\n<p>Espais exteriors:<\/p>\n<ul>\n<li>Els espais exteriors d\u2019esbarjo amb jard\u00ed, camp de futbol i de b\u00e0squet, sorreres i jocs infantils diferenciats per a educaci\u00f3 infantil i prim\u00e0ria.<\/li>\n<li>Els espais per a la pr\u00e0ctica de la jardineria: l\u2019hort i la zona dels arbres fruiters.<\/li>\n<\/ul>\n","protected":false},"excerpt":{"rendered":"<p>L\u2019educaci\u00f3 infantil i l\u2019educaci\u00f3 prim\u00e0ria tenen instal\u00b7lacions pr\u00f2pies, amb aules de desdoblament per a refor\u00e7ar diferents \u00e0rees, aix\u00ed com zones esportives i d\u2019esbarjo adequades a l\u2019edat. A nivell d\u2019espais el centre disposa d\u2019un edifici principal, amb planta baixa i un pis i d\u2019un edifici annex.<br \/>\nEn&hellip;  <a href=\"https:\/\/agora.xtec.cat\/ceip-salvador-espriu-roda\/lescola\/instal%c2%b7lacionsequipaments\/\" title=\"Read Instal\u00b7lacions\/ equipaments\">Llegeix m\u00e9s\u00bb<\/a><\/p>\n","protected":false},"author":1,"featured_media":0,"parent":22,"menu_order":30,"comment_status":"closed","ping_status":"closed","template":"page-templates\/side-menu.php","meta":{"_bbp_topic_count":0,"_bbp_reply_count":0,"_bbp_total_topic_count":0,"_bbp_total_reply_count":0,"_bbp_voice_count":0,"_bbp_anonymous_reply_count":0,"_bbp_topic_count_hidden":0,"_bbp_reply_count_hidden":0,"_bbp_forum_subforum_count":0,"footnotes":""},"class_list":["post-708","page","type-page","status-publish","hentry"],"post_mailing_queue_ids":[],"_links":{"self":[{"href":"https:\/\/agora.xtec.cat\/ceip-salvador-espriu-roda\/wp-json\/wp\/v2\/pages\/708","targetHints":{"allow":["GET"]}}],"collection":[{"href":"https:\/\/agora.xtec.cat\/ceip-salvador-espriu-roda\/wp-json\/wp\/v2\/pages"}],"about":[{"href":"https:\/\/agora.xtec.cat\/ceip-salvador-espriu-roda\/wp-json\/wp\/v2\/types\/page"}],"author":[{"embeddable":true,"href":"https:\/\/agora.xtec.cat\/ceip-salvador-espriu-roda\/wp-json\/wp\/v2\/users\/1"}],"replies":[{"embeddable":true,"href":"https:\/\/agora.xtec.cat\/ceip-salvador-espriu-roda\/wp-json\/wp\/v2\/comments?post=708"}],"version-history":[{"count":3,"href":"https:\/\/agora.xtec.cat\/ceip-salvador-espriu-roda\/wp-json\/wp\/v2\/pages\/708\/revisions"}],"predecessor-version":[{"id":3089,"href":"https:\/\/agora.xtec.cat\/ceip-salvador-espriu-roda\/wp-json\/wp\/v2\/pages\/708\/revisions\/3089"}],"up":[{"embeddable":true,"href":"https:\/\/agora.xtec.cat\/ceip-salvador-espriu-roda\/wp-json\/wp\/v2\/pages\/22"}],"wp:attachment":[{"href":"https:\/\/agora.xtec.cat\/ceip-salvador-espriu-roda\/wp-json\/wp\/v2\/media?parent=708"}],"curies":[{"name":"wp","href":"https:\/\/api.w.org\/{rel}","templated":true}]}}

<p>L’educació infantil i l’educació primària tenen instal·lacions pròpies, amb aules de desdoblament per a reforçar diferents àrees, així com zones esportives i d’esbarjo adequades a l’edat. A nivell d’espais el centre disposa d’un edifici principal, amb planta baixa i un pis i d’un edifici annex.</p>
<p>En la planta baixa de l’edifici principal hi trobem:</p>
<ul>
<li>Les aules d’educació infantil, 4 d’elles equipades amb pissarra digital.</li>
<li>Els espais annexos a les aules amb serveis d’higiene personal adequats per els més petits/es i per guardar-hi material divers.</li>
<li>La sala de psicomotricitat i equipaments diversos.</li>
<li>L’aula de reforç.</li>
<li>La biblioteca equipada amb uns 4.000 volums, comptant els llibres de lectura i consulta.</li>
<li>El menjador amb cuina annexa, equipada per a la preparació de tot tipus de menús.</li>
<li>La consergeria amb sala de reprografia i enquadernació.</li>
<li>Els despatxos per a la secretaria.</li>
<li>Els despatxos per al/a la cap d’estudis i la direcció.</li>
<li>El despatx pels serveis educatius.</li>
<li>L’arxiu.</li>
<li>El despatx de l’AMPA, amb els seus corresponents serveis.</li>
<li>L’edifici principal disposa d’ascensor.</li>
</ul>
<p>En el primer pis:</p>
<ul>
<li>Les 12 aules aptes per a l’educació primària, 10 de les quals equipades amb pissarres digitals.</li>
<li>L’aula de música equipada amb pissarra digital.</li>
<li>L’aula d’anglès.</li>
<li>L’aula de ciències.</li>
<li>L’aula d’informàtica equipada amb un canó de projecció i ordinadors de sobretaula.</li>
<li>L’aula de religió.</li>
<li>Les dues aules d’educació especial.</li>
<li>Una aula de reforç.</li>
<li>Els corresponents lavabos.</li>
</ul>
<p>En l’edifici annex hi ha:</p>
<ul>
<li>El gimnàs amb equipaments diversos per a la pràctica de l’educació física. En aquest espai hi ha incorporat un petit escenari per a les activitats de teatre.</li>
<li>Els 2 vestuaris i els seus corresponents lavabos i 1 lavabo per a minusvàlids.</li>
</ul>
<p>Espais exteriors:</p>
<ul>
<li>Els espais exteriors d’esbarjo amb jardí, camp de futbol i de bàsquet, sorreres i jocs infantils diferenciats per a educació infantil i primària.</li>
<li>Els espais per a la pràctica de la jardineria: l’hort i la zona dels arbres fruiters.</li>
</ul>

<p>L’educació infantil i l’educació primària tenen instal·lacions pròpies, amb aules de desdoblament per a reforçar diferents àrees, així com zones esportives i d’esbarjo adequades a l’edat. A nivell d’espais el centre disposa d’un edifici principal, amb planta baixa i un pis i d’un edifici annex.<br />
En&hellip;  <a href="https://agora.xtec.cat/ceip-salvador-espriu-roda/lescola/instal%c2%b7lacionsequipaments/" title="Read Instal·lacions/ equipaments">Llegeix més»</a></p>
