{"id":7,"date":"2014-09-17T15:07:41","date_gmt":"2014-09-17T14:07:41","guid":{"rendered":"http:\/\/agora.xtec.cat\/ceip-salvador-espriu-roda\/?page_id=7"},"modified":"2025-02-19T09:51:04","modified_gmt":"2025-02-19T08:51:04","slug":"pagines-dinici","status":"publish","type":"page","link":"https:\/\/agora.xtec.cat\/ceip-salvador-espriu-roda\/","title":{"rendered":"La nostra escola"},"content":{"rendered":"<h1>La nostra escola<\/h1>\n<p>Benvolgudes fam\u00edlies, ens fa molta il\u00b7lusi\u00f3 compartir amb vosaltres un v\u00eddeo que mostra el dia a dia a la nostra escola.<\/p>\n<p>Gr\u00e0cies a totes les fam\u00edlies volunt\u00e0ries, i a l\u2019entusiasme dels nostres alumnes, que s\u00f3n els veritables protagonistes d\u2019aquesta aventura.<\/p>\n<p>Gr\u00e0cies per formar part de la nostra comunitat educativa!<\/p>\n<p>Si cliqueu a la imatge, podreu accedir al v\u00eddeo:<\/p>\n<p><a href=\"https:\/\/photos.app.goo.gl\/uitCkX4DKQwZUDb7A\"><img loading=\"lazy\" decoding=\"async\" class=\"aligncenter wp-image-8245 size-large\" src=\"https:\/\/agora.xtec.cat\/ceip-salvador-espriu-roda\/wp-content\/uploads\/usu1367\/2025\/02\/escola-1024x411.jpg\" alt=\"\" width=\"1024\" height=\"411\" srcset=\"https:\/\/agora.xtec.cat\/ceip-salvador-espriu-roda\/wp-content\/uploads\/usu1367\/2025\/02\/escola-1024x411.jpg 1024w, https:\/\/agora.xtec.cat\/ceip-salvador-espriu-roda\/wp-content\/uploads\/usu1367\/2025\/02\/escola-300x120.jpg 300w, https:\/\/agora.xtec.cat\/ceip-salvador-espriu-roda\/wp-content\/uploads\/usu1367\/2025\/02\/escola-768x308.jpg 768w, https:\/\/agora.xtec.cat\/ceip-salvador-espriu-roda\/wp-content\/uploads\/usu1367\/2025\/02\/escola-1536x616.jpg 1536w, https:\/\/agora.xtec.cat\/ceip-salvador-espriu-roda\/wp-content\/uploads\/usu1367\/2025\/02\/escola.jpg 1852w\" sizes=\"auto, (max-width: 1024px) 100vw, 1024px\" \/><\/a><\/p>\n<p>&nbsp;<\/p>\n<p>&nbsp;<\/p>\n<p>&nbsp;<\/p>\n<p>&nbsp;<\/p>\n<p>&nbsp;<\/p>\n","protected":false},"excerpt":{"rendered":"<p>La nostra escola<br \/>\nBenvolgudes fam\u00edlies, ens fa molta il\u00b7lusi\u00f3 compartir amb vosaltres un v\u00eddeo que mostra el dia a dia a la nostra escola.<br \/>\nGr\u00e0cies a totes les fam\u00edlies volunt\u00e0ries, i a l\u2019entusiasme dels nostres alumnes, que s\u00f3n els veritables protagonistes d\u2019aquesta aventura.<br \/>\nGr\u00e0cies per formar part de&hellip;  <a href=\"https:\/\/agora.xtec.cat\/ceip-salvador-espriu-roda\/\" title=\"Read La nostra escola\">Llegeix m\u00e9s\u00bb<\/a><\/p>\n","protected":false},"author":1,"featured_media":0,"parent":436,"menu_order":0,"comment_status":"closed","ping_status":"closed","template":"page-templates\/front-page.php","meta":{"_bbp_topic_count":0,"_bbp_reply_count":0,"_bbp_total_topic_count":0,"_bbp_total_reply_count":0,"_bbp_voice_count":0,"_bbp_anonymous_reply_count":0,"_bbp_topic_count_hidden":0,"_bbp_reply_count_hidden":0,"_bbp_forum_subforum_count":0,"footnotes":""},"class_list":["post-7","page","type-page","status-publish","hentry"],"post_mailing_queue_ids":[],"_links":{"self":[{"href":"https:\/\/agora.xtec.cat\/ceip-salvador-espriu-roda\/wp-json\/wp\/v2\/pages\/7","targetHints":{"allow":["GET"]}}],"collection":[{"href":"https:\/\/agora.xtec.cat\/ceip-salvador-espriu-roda\/wp-json\/wp\/v2\/pages"}],"about":[{"href":"https:\/\/agora.xtec.cat\/ceip-salvador-espriu-roda\/wp-json\/wp\/v2\/types\/page"}],"author":[{"embeddable":true,"href":"https:\/\/agora.xtec.cat\/ceip-salvador-espriu-roda\/wp-json\/wp\/v2\/users\/1"}],"replies":[{"embeddable":true,"href":"https:\/\/agora.xtec.cat\/ceip-salvador-espriu-roda\/wp-json\/wp\/v2\/comments?post=7"}],"version-history":[{"count":8,"href":"https:\/\/agora.xtec.cat\/ceip-salvador-espriu-roda\/wp-json\/wp\/v2\/pages\/7\/revisions"}],"predecessor-version":[{"id":8255,"href":"https:\/\/agora.xtec.cat\/ceip-salvador-espriu-roda\/wp-json\/wp\/v2\/pages\/7\/revisions\/8255"}],"up":[{"embeddable":true,"href":"https:\/\/agora.xtec.cat\/ceip-salvador-espriu-roda\/wp-json\/wp\/v2\/buddypress\/436"}],"wp:attachment":[{"href":"https:\/\/agora.xtec.cat\/ceip-salvador-espriu-roda\/wp-json\/wp\/v2\/media?parent=7"}],"curies":[{"name":"wp","href":"https:\/\/api.w.org\/{rel}","templated":true}]}}

<h1>La nostra escola</h1>
<p>Benvolgudes famílies, ens fa molta il·lusió compartir amb vosaltres un vídeo que mostra el dia a dia a la nostra escola.</p>
<p>Gràcies a totes les famílies voluntàries, i a l’entusiasme dels nostres alumnes, que són els veritables protagonistes d’aquesta aventura.</p>
<p>Gràcies per formar part de la nostra comunitat educativa!</p>
<p>Si cliqueu a la imatge, podreu accedir al vídeo:</p>
<p><a href="https://photos.app.goo.gl/uitCkX4DKQwZUDb7A"><img loading="lazy" decoding="async" class="aligncenter wp-image-8245 size-large" src="https://agora.xtec.cat/ceip-salvador-espriu-roda/wp-content/uploads/usu1367/2025/02/escola-1024x411.jpg" alt="" width="1024" height="411" srcset="https://agora.xtec.cat/ceip-salvador-espriu-roda/wp-content/uploads/usu1367/2025/02/escola-1024x411.jpg 1024w, https://agora.xtec.cat/ceip-salvador-espriu-roda/wp-content/uploads/usu1367/2025/02/escola-300x120.jpg 300w, https://agora.xtec.cat/ceip-salvador-espriu-roda/wp-content/uploads/usu1367/2025/02/escola-768x308.jpg 768w, https://agora.xtec.cat/ceip-salvador-espriu-roda/wp-content/uploads/usu1367/2025/02/escola-1536x616.jpg 1536w, https://agora.xtec.cat/ceip-salvador-espriu-roda/wp-content/uploads/usu1367/2025/02/escola.jpg 1852w" sizes="auto, (max-width: 1024px) 100vw, 1024px" /></a></p>
<p>&nbsp;</p>
<p>&nbsp;</p>
<p>&nbsp;</p>
<p>&nbsp;</p>
<p>&nbsp;</p>

<p>La nostra escola<br />
Benvolgudes famílies, ens fa molta il·lusió compartir amb vosaltres un vídeo que mostra el dia a dia a la nostra escola.<br />
Gràcies a totes les famílies voluntàries, i a l’entusiasme dels nostres alumnes, que són els veritables protagonistes d’aquesta aventura.<br />
Gràcies per formar part de&hellip;  <a href="https://agora.xtec.cat/ceip-salvador-espriu-roda/" title="Read La nostra escola">Llegeix més»</a></p>
