{"id":5868,"date":"2022-06-20T09:44:30","date_gmt":"2022-06-20T07:44:30","guid":{"rendered":"https:\/\/agora.xtec.cat\/ceip-salvador-espriu-roda\/?page_id=5868"},"modified":"2023-05-17T11:28:27","modified_gmt":"2023-05-17T09:28:27","slug":"estrategia-digital-de-centre-en-construccio","status":"publish","type":"page","link":"https:\/\/agora.xtec.cat\/ceip-salvador-espriu-roda\/estrategia-digital-de-centre-en-construccio\/","title":{"rendered":"Estrat\u00e8gia Digital de Centre"},"content":{"rendered":"<p style=\"text-align: justify;\">L&#8217;Estrat\u00e8gia Digital de Centre (EDC) \u00e9s el conjunt d&#8217;accions i documents referents a l&#8217;\u00e0mbit digital d&#8217;un centre educatiu i que serveixen per avan\u00e7ar en la millora i documentar tot el que fa refer\u00e8ncia en aquest \u00e0mbit i que es treballa en el centre.<\/p>\n<p style=\"text-align: justify;\">L&#8217;EDC s&#8217;estructura en dues l\u00ednies: <strong>la part estrat\u00e8gica i la part de cultura digital.<\/strong> Cada una d&#8217;aquestes dues l\u00ednies la podem dividir en les parts que veiem a continuaci\u00f3.<\/p>\n<p style=\"text-align: justify;\"><a href=\"https:\/\/agora.xtec.cat\/ceip-salvador-espriu-roda\/wp-content\/uploads\/usu1367\/2023\/05\/1_Que-es-lEDC_v3_page-0001.jpg\"><img loading=\"lazy\" decoding=\"async\" class=\"aligncenter wp-image-6556\" src=\"https:\/\/agora.xtec.cat\/ceip-salvador-espriu-roda\/wp-content\/uploads\/usu1367\/2023\/05\/1_Que-es-lEDC_v3_page-0001-300x212.jpg\" alt=\"\" width=\"600\" height=\"424\" srcset=\"https:\/\/agora.xtec.cat\/ceip-salvador-espriu-roda\/wp-content\/uploads\/usu1367\/2023\/05\/1_Que-es-lEDC_v3_page-0001-300x212.jpg 300w, https:\/\/agora.xtec.cat\/ceip-salvador-espriu-roda\/wp-content\/uploads\/usu1367\/2023\/05\/1_Que-es-lEDC_v3_page-0001-1024x724.jpg 1024w, https:\/\/agora.xtec.cat\/ceip-salvador-espriu-roda\/wp-content\/uploads\/usu1367\/2023\/05\/1_Que-es-lEDC_v3_page-0001-768x543.jpg 768w, https:\/\/agora.xtec.cat\/ceip-salvador-espriu-roda\/wp-content\/uploads\/usu1367\/2023\/05\/1_Que-es-lEDC_v3_page-0001-1536x1086.jpg 1536w, https:\/\/agora.xtec.cat\/ceip-salvador-espriu-roda\/wp-content\/uploads\/usu1367\/2023\/05\/1_Que-es-lEDC_v3_page-0001.jpg 1755w\" sizes=\"auto, (max-width: 600px) 100vw, 600px\" \/><\/a><\/p>\n<p>&nbsp;<\/p>\n","protected":false},"excerpt":{"rendered":"<p>L&#8217;Estrat\u00e8gia Digital de Centre (EDC) \u00e9s el conjunt d&#8217;accions i documents referents a l&#8217;\u00e0mbit digital d&#8217;un centre educatiu i que serveixen per avan\u00e7ar en la millora i documentar tot el que fa refer\u00e8ncia en aquest \u00e0mbit i que es treballa en el centre.<br \/>\nL&#8217;EDC s&#8217;estructura en&hellip;  <a href=\"https:\/\/agora.xtec.cat\/ceip-salvador-espriu-roda\/estrategia-digital-de-centre-en-construccio\/\" title=\"Read Estrat\u00e8gia Digital de Centre\">Llegeix m\u00e9s\u00bb<\/a><\/p>\n","protected":false},"author":1,"featured_media":0,"parent":0,"menu_order":0,"comment_status":"closed","ping_status":"closed","template":"page-templates\/side-menu.php","meta":{"_bbp_topic_count":0,"_bbp_reply_count":0,"_bbp_total_topic_count":0,"_bbp_total_reply_count":0,"_bbp_voice_count":0,"_bbp_anonymous_reply_count":0,"_bbp_topic_count_hidden":0,"_bbp_reply_count_hidden":0,"_bbp_forum_subforum_count":0,"footnotes":""},"class_list":["post-5868","page","type-page","status-publish","hentry"],"post_mailing_queue_ids":[],"_links":{"self":[{"href":"https:\/\/agora.xtec.cat\/ceip-salvador-espriu-roda\/wp-json\/wp\/v2\/pages\/5868","targetHints":{"allow":["GET"]}}],"collection":[{"href":"https:\/\/agora.xtec.cat\/ceip-salvador-espriu-roda\/wp-json\/wp\/v2\/pages"}],"about":[{"href":"https:\/\/agora.xtec.cat\/ceip-salvador-espriu-roda\/wp-json\/wp\/v2\/types\/page"}],"author":[{"embeddable":true,"href":"https:\/\/agora.xtec.cat\/ceip-salvador-espriu-roda\/wp-json\/wp\/v2\/users\/1"}],"replies":[{"embeddable":true,"href":"https:\/\/agora.xtec.cat\/ceip-salvador-espriu-roda\/wp-json\/wp\/v2\/comments?post=5868"}],"version-history":[{"count":2,"href":"https:\/\/agora.xtec.cat\/ceip-salvador-espriu-roda\/wp-json\/wp\/v2\/pages\/5868\/revisions"}],"predecessor-version":[{"id":6565,"href":"https:\/\/agora.xtec.cat\/ceip-salvador-espriu-roda\/wp-json\/wp\/v2\/pages\/5868\/revisions\/6565"}],"wp:attachment":[{"href":"https:\/\/agora.xtec.cat\/ceip-salvador-espriu-roda\/wp-json\/wp\/v2\/media?parent=5868"}],"curies":[{"name":"wp","href":"https:\/\/api.w.org\/{rel}","templated":true}]}}