{"id":26,"date":"2014-09-18T12:24:32","date_gmt":"2014-09-18T11:24:32","guid":{"rendered":"http:\/\/agora.xtec.cat\/ceip-salvador-espriu-roda\/?page_id=26"},"modified":"2017-11-27T10:57:22","modified_gmt":"2017-11-27T09:57:22","slug":"historia-2","status":"publish","type":"page","link":"https:\/\/agora.xtec.cat\/ceip-salvador-espriu-roda\/lescola\/historia-2\/","title":{"rendered":"Hist\u00f2ria"},"content":{"rendered":"<p style=\"text-align: justify;\">L\u2019escola Salvador Espriu \u00e9s un centre educatiu p\u00fablic, de nova construcci\u00f3, situat al municipi de Roda de Bar\u00e0.<\/p>\n<p style=\"text-align: justify;\">L\u2019any 1978, els i les mestres i l\u2019Associaci\u00f3 de Mares i Pares dels i les Alumnes (AMPA) que hi havia en aquells moments a l\u2019escola, van dir diversos noms com a propostes per anomenar l\u2019escola. Entre aquestes, la decisi\u00f3 que es va prendre va ser anomenar l\u2019escola Salvador Espriu gr\u00e0cies als arguments pedag\u00f2gics sobre la v\u00e0lua de l\u2019escriptor. Des d\u2019aquell any, el centre educatiu es va anomenar Salvador Espriu.<\/p>\n<p style=\"text-align: justify;\">Al comen\u00e7ament, l\u2019escola estava ubicada on es troba actualment l\u2019altre centre del poble, El Cucurull, per\u00f2 l\u2019any 2006-2007 es va construir el nou edifici, en uns terrenys de l\u2019entrada del poble, inaugurat l\u2019any 2008.<\/p>\n<p style=\"text-align: justify;\">El centre educatiu es coordina amb l\u2019altra escola i institut del municipi, l\u2019AMPA, l\u2019Ajuntament, les fam\u00edlies, la R\u00e0dio i la biblioteca del poble i associacions. A m\u00e9s, ofereix diversos serveis com: acollida matinal, transport escolar, menjador escolar amb cuina pr\u00f2pia, activitats extraescolars i llibres de text per part de l\u2019AMPA.<\/p>\n<p style=\"text-align: justify;\">L\u2019escola est\u00e0 formada per aproximadament de 360 alumnes, repartits en 5 unitats d\u2019Educaci\u00f3 d\u2019Infantil i 11 unitats a Prim\u00e0ria, amb una r\u00e0tio per classe de 20\/23 nens i nenes.<\/p>\n<p>Quant a espais, el centre disposa d\u2019un edifici central, el qual t\u00e9 planta baixa i un pis, i un edifici annex. Cal destacar que tant Educaci\u00f3 Infantil com Educaci\u00f3 Prim\u00e0ria disposen d\u2019instal\u00b7lacions pr\u00f2pies, amb zones esportives i d\u2019esbarjo adequades a l\u2019edat dels i les alumnes, i aules de desdoblament per a refor\u00e7ar diferents \u00e0rees curriculars.<\/p>\n<p>&nbsp;<\/p>\n","protected":false},"excerpt":{"rendered":"<p>L\u2019escola Salvador Espriu \u00e9s un centre educatiu p\u00fablic, de nova construcci\u00f3, situat al municipi de Roda de Bar\u00e0.<br \/>\nL\u2019any 1978, els i les mestres i l\u2019Associaci\u00f3 de Mares i Pares dels i les Alumnes (AMPA) que hi havia en aquells moments a l\u2019escola, van dir diversos&hellip;  <a href=\"https:\/\/agora.xtec.cat\/ceip-salvador-espriu-roda\/lescola\/historia-2\/\" title=\"Read Hist\u00f2ria\">Llegeix m\u00e9s\u00bb<\/a><\/p>\n","protected":false},"author":1,"featured_media":0,"parent":22,"menu_order":20,"comment_status":"closed","ping_status":"closed","template":"page-templates\/side-menu.php","meta":{"_bbp_topic_count":0,"_bbp_reply_count":0,"_bbp_total_topic_count":0,"_bbp_total_reply_count":0,"_bbp_voice_count":0,"_bbp_anonymous_reply_count":0,"_bbp_topic_count_hidden":0,"_bbp_reply_count_hidden":0,"_bbp_forum_subforum_count":0,"footnotes":""},"class_list":["post-26","page","type-page","status-publish","hentry"],"post_mailing_queue_ids":[],"_links":{"self":[{"href":"https:\/\/agora.xtec.cat\/ceip-salvador-espriu-roda\/wp-json\/wp\/v2\/pages\/26","targetHints":{"allow":["GET"]}}],"collection":[{"href":"https:\/\/agora.xtec.cat\/ceip-salvador-espriu-roda\/wp-json\/wp\/v2\/pages"}],"about":[{"href":"https:\/\/agora.xtec.cat\/ceip-salvador-espriu-roda\/wp-json\/wp\/v2\/types\/page"}],"author":[{"embeddable":true,"href":"https:\/\/agora.xtec.cat\/ceip-salvador-espriu-roda\/wp-json\/wp\/v2\/users\/1"}],"replies":[{"embeddable":true,"href":"https:\/\/agora.xtec.cat\/ceip-salvador-espriu-roda\/wp-json\/wp\/v2\/comments?post=26"}],"version-history":[{"count":4,"href":"https:\/\/agora.xtec.cat\/ceip-salvador-espriu-roda\/wp-json\/wp\/v2\/pages\/26\/revisions"}],"predecessor-version":[{"id":1275,"href":"https:\/\/agora.xtec.cat\/ceip-salvador-espriu-roda\/wp-json\/wp\/v2\/pages\/26\/revisions\/1275"}],"up":[{"embeddable":true,"href":"https:\/\/agora.xtec.cat\/ceip-salvador-espriu-roda\/wp-json\/wp\/v2\/pages\/22"}],"wp:attachment":[{"href":"https:\/\/agora.xtec.cat\/ceip-salvador-espriu-roda\/wp-json\/wp\/v2\/media?parent=26"}],"curies":[{"name":"wp","href":"https:\/\/api.w.org\/{rel}","templated":true}]}}

Història

<p style="text-align: justify;">L’escola Salvador Espriu és un centre educatiu públic, de nova construcció, situat al municipi de Roda de Barà.</p>
<p style="text-align: justify;">L’any 1978, els i les mestres i l’Associació de Mares i Pares dels i les Alumnes (AMPA) que hi havia en aquells moments a l’escola, van dir diversos noms com a propostes per anomenar l’escola. Entre aquestes, la decisió que es va prendre va ser anomenar l’escola Salvador Espriu gràcies als arguments pedagògics sobre la vàlua de l’escriptor. Des d’aquell any, el centre educatiu es va anomenar Salvador Espriu.</p>
<p style="text-align: justify;">Al començament, l’escola estava ubicada on es troba actualment l’altre centre del poble, El Cucurull, però l’any 2006-2007 es va construir el nou edifici, en uns terrenys de l’entrada del poble, inaugurat l’any 2008.</p>
<p style="text-align: justify;">El centre educatiu es coordina amb l’altra escola i institut del municipi, l’AMPA, l’Ajuntament, les famílies, la Ràdio i la biblioteca del poble i associacions. A més, ofereix diversos serveis com: acollida matinal, transport escolar, menjador escolar amb cuina pròpia, activitats extraescolars i llibres de text per part de l’AMPA.</p>
<p style="text-align: justify;">L’escola està formada per aproximadament de 360 alumnes, repartits en 5 unitats d’Educació d’Infantil i 11 unitats a Primària, amb una ràtio per classe de 20/23 nens i nenes.</p>
<p>Quant a espais, el centre disposa d’un edifici central, el qual té planta baixa i un pis, i un edifici annex. Cal destacar que tant Educació Infantil com Educació Primària disposen d’instal·lacions pròpies, amb zones esportives i d’esbarjo adequades a l’edat dels i les alumnes, i aules de desdoblament per a reforçar diferents àrees curriculars.</p>
<p>&nbsp;</p>

<p>L’escola Salvador Espriu és un centre educatiu públic, de nova construcció, situat al municipi de Roda de Barà.<br />
L’any 1978, els i les mestres i l’Associació de Mares i Pares dels i les Alumnes (AMPA) que hi havia en aquells moments a l’escola, van dir diversos&hellip;  <a href="https://agora.xtec.cat/ceip-salvador-espriu-roda/lescola/historia-2/" title="Read Història">Llegeix més»</a></p>
