{"id":845,"date":"2025-08-16T14:24:15","date_gmt":"2025-08-16T12:24:15","guid":{"rendered":"https:\/\/agora.xtec.cat\/ceip-rosella\/?page_id=845"},"modified":"2025-08-16T14:34:29","modified_gmt":"2025-08-16T12:34:29","slug":"qui-som","status":"publish","type":"page","link":"https:\/\/agora.xtec.cat\/ceip-rosella\/lescola\/qui-som\/","title":{"rendered":"Qui som?"},"content":{"rendered":"\n<p>L&#8217;escola Rosella \u00e9s una escola p\u00fablica de doble l\u00ednia, catalana, laica, inclusiva i plural.<\/p>\n\n\n\n<p>Va n\u00e9ixer l&#8217;any 1986 i el curs 11-12 vam celebrar el 25\u00e8 aniversari. Amb un seguit d&#8217;actes i actuacions al llarg del curs, vam poder gaudir de moments entranyables.<\/p>\n\n\n\n<p>Actualment, hi ha gaireb\u00e9 500 alumnes de 3 a 12 anys, que cursen des de P3 a 6\u00e8 de Prim\u00e0ria.<\/p>\n\n\n\n<p>Tota la comunitat educativa (alumnes, mestres, fam\u00edlies i poble) som protagonistes d&#8217;un projecte d&#8217;escola que potencia les capacitats de cada un dels seus alumnes, mira cap al futur i fomenta la solidaritat, la conviv\u00e8ncia i la cohesi\u00f3 social.<\/p>\n\n\n\n<p>A partir d&#8217;actuacions diverses participem en la vida cultural de Viladecavalls i afavorim les experi\u00e8ncies entre els alumnes de diferents cicles.<\/p>\n\n\n\n<p>Des del curs 2012-2013 som escola verda.<\/p>\n\n\n\n<p>Iniciem l&#8217;angl\u00e8s a P3 i, a partir de 1r, tamb\u00e9 fem science i tallers en angl\u00e8s per consolidar el car\u00e0cter pluriling\u00fce i la vocaci\u00f3 internacional de l&#8217;escola.<\/p>\n\n\n\n<p><em><strong>Vine a l&#8217;Escola Rosella, junts constru\u00efm el futur<\/strong><\/em><\/p>\n\n\n\n<p><em><strong>Come to Rosella School, together we&#8217;ll build the future<\/strong><\/em><\/p>\n\n\n\n<figure class=\"wp-block-embed is-type-video is-provider-youtube wp-block-embed-youtube wp-embed-aspect-16-9 wp-has-aspect-ratio\"><div class=\"wp-block-embed__wrapper\">\n<div class=\"ast-oembed-container \" style=\"height: 100%;\"><iframe loading=\"lazy\" title=\"Rosella PortesObertes21HQ\" width=\"500\" height=\"281\" src=\"https:\/\/www.youtube.com\/embed\/T39ercYJSYc?feature=oembed\" frameborder=\"0\" allow=\"accelerometer; autoplay; clipboard-write; encrypted-media; gyroscope; picture-in-picture; web-share\" referrerpolicy=\"strict-origin-when-cross-origin\" allowfullscreen><\/iframe><\/div>\n<\/div><\/figure>\n","protected":false},"excerpt":{"rendered":"<p>L&#8217;escola Rosella \u00e9s una escola p\u00fablica de doble l\u00ednia, catalana, laica, inclusiva i plural. Va n\u00e9ixer l&#8217;any 1986 i el curs 11-12 vam celebrar el 25\u00e8 aniversari. Amb un seguit d&#8217;actes i actuacions al llarg del curs, vam poder gaudir de moments entranyables. Actualment, hi ha gaireb\u00e9 500 alumnes de 3 a 12 anys, que [&hellip;]<\/p>\n","protected":false},"author":1,"featured_media":0,"parent":22,"menu_order":0,"comment_status":"closed","ping_status":"closed","template":"","meta":{"site-sidebar-layout":"default","site-content-layout":"","ast-site-content-layout":"default","site-content-style":"default","site-sidebar-style":"default","ast-global-header-display":"","ast-banner-title-visibility":"","ast-main-header-display":"","ast-hfb-above-header-display":"","ast-hfb-below-header-display":"","ast-hfb-mobile-header-display":"","site-post-title":"","ast-breadcrumbs-content":"","ast-featured-img":"","footer-sml-layout":"","theme-transparent-header-meta":"","adv-header-id-meta":"","stick-header-meta":"","header-above-stick-meta":"","header-main-stick-meta":"","header-below-stick-meta":"","astra-migrate-meta-layouts":"set","ast-page-background-enabled":"default","ast-page-background-meta":{"desktop":{"background-color":"var(--ast-global-color-4)","background-image":"","background-repeat":"repeat","background-position":"center center","background-size":"auto","background-attachment":"scroll","background-type":"","background-media":"","overlay-type":"","overlay-color":"","overlay-opacity":"","overlay-gradient":""},"tablet":{"background-color":"","background-image":"","background-repeat":"repeat","background-position":"center center","background-size":"auto","background-attachment":"scroll","background-type":"","background-media":"","overlay-type":"","overlay-color":"","overlay-opacity":"","overlay-gradient":""},"mobile":{"background-color":"","background-image":"","background-repeat":"repeat","background-position":"center center","background-size":"auto","background-attachment":"scroll","background-type":"","background-media":"","overlay-type":"","overlay-color":"","overlay-opacity":"","overlay-gradient":""}},"ast-content-background-meta":{"desktop":{"background-color":"var(--ast-global-color-5)","background-image":"","background-repeat":"repeat","background-position":"center center","background-size":"auto","background-attachment":"scroll","background-type":"","background-media":"","overlay-type":"","overlay-color":"","overlay-opacity":"","overlay-gradient":""},"tablet":{"background-color":"var(--ast-global-color-5)","background-image":"","background-repeat":"repeat","background-position":"center center","background-size":"auto","background-attachment":"scroll","background-type":"","background-media":"","overlay-type":"","overlay-color":"","overlay-opacity":"","overlay-gradient":""},"mobile":{"background-color":"var(--ast-global-color-5)","background-image":"","background-repeat":"repeat","background-position":"center center","background-size":"auto","background-attachment":"scroll","background-type":"","background-media":"","overlay-type":"","overlay-color":"","overlay-opacity":"","overlay-gradient":""}},"footnotes":""},"class_list":["post-845","page","type-page","status-publish","hentry"],"post_mailing_queue_ids":[],"_links":{"self":[{"href":"https:\/\/agora.xtec.cat\/ceip-rosella\/wp-json\/wp\/v2\/pages\/845","targetHints":{"allow":["GET"]}}],"collection":[{"href":"https:\/\/agora.xtec.cat\/ceip-rosella\/wp-json\/wp\/v2\/pages"}],"about":[{"href":"https:\/\/agora.xtec.cat\/ceip-rosella\/wp-json\/wp\/v2\/types\/page"}],"author":[{"embeddable":true,"href":"https:\/\/agora.xtec.cat\/ceip-rosella\/wp-json\/wp\/v2\/users\/1"}],"replies":[{"embeddable":true,"href":"https:\/\/agora.xtec.cat\/ceip-rosella\/wp-json\/wp\/v2\/comments?post=845"}],"version-history":[{"count":1,"href":"https:\/\/agora.xtec.cat\/ceip-rosella\/wp-json\/wp\/v2\/pages\/845\/revisions"}],"predecessor-version":[{"id":847,"href":"https:\/\/agora.xtec.cat\/ceip-rosella\/wp-json\/wp\/v2\/pages\/845\/revisions\/847"}],"up":[{"embeddable":true,"href":"https:\/\/agora.xtec.cat\/ceip-rosella\/wp-json\/wp\/v2\/pages\/22"}],"wp:attachment":[{"href":"https:\/\/agora.xtec.cat\/ceip-rosella\/wp-json\/wp\/v2\/media?parent=845"}],"curies":[{"name":"wp","href":"https:\/\/api.w.org\/{rel}","templated":true}]}}

<p>L&#8217;escola Rosella és una escola pública de doble línia, catalana, laica, inclusiva i plural.</p>



<p>Va néixer l&#8217;any 1986 i el curs 11-12 vam celebrar el 25è aniversari. Amb un seguit d&#8217;actes i actuacions al llarg del curs, vam poder gaudir de moments entranyables.</p>



<p>Actualment, hi ha gairebé 500 alumnes de 3 a 12 anys, que cursen des de P3 a 6è de Primària.</p>



<p>Tota la comunitat educativa (alumnes, mestres, famílies i poble) som protagonistes d&#8217;un projecte d&#8217;escola que potencia les capacitats de cada un dels seus alumnes, mira cap al futur i fomenta la solidaritat, la convivència i la cohesió social.</p>



<p>A partir d&#8217;actuacions diverses participem en la vida cultural de Viladecavalls i afavorim les experiències entre els alumnes de diferents cicles.</p>



<p>Des del curs 2012-2013 som escola verda.</p>



<p>Iniciem l&#8217;anglès a P3 i, a partir de 1r, també fem science i tallers en anglès per consolidar el caràcter plurilingüe i la vocació internacional de l&#8217;escola.</p>



<p><em><strong>Vine a l&#8217;Escola Rosella, junts construïm el futur</strong></em></p>



<p><em><strong>Come to Rosella School, together we&#8217;ll build the future</strong></em></p>



<figure class="wp-block-embed is-type-video is-provider-youtube wp-block-embed-youtube wp-embed-aspect-16-9 wp-has-aspect-ratio"><div class="wp-block-embed__wrapper">
<div class="ast-oembed-container " style="height: 100%;"><iframe loading="lazy" title="Rosella PortesObertes21HQ" width="500" height="281" src="https://www.youtube.com/embed/T39ercYJSYc?feature=oembed" frameborder="0" allow="accelerometer; autoplay; clipboard-write; encrypted-media; gyroscope; picture-in-picture; web-share" referrerpolicy="strict-origin-when-cross-origin" allowfullscreen></iframe></div>
</div></figure>

<p>L&#8217;escola Rosella és una escola pública de doble línia, catalana, laica, inclusiva i plural. Va néixer l&#8217;any 1986 i el curs 11-12 vam celebrar el 25è aniversari. Amb un seguit d&#8217;actes i actuacions al llarg del curs, vam poder gaudir de moments entranyables. Actualment, hi ha gairebé 500 alumnes de 3 a 12 anys, que [&hellip;]</p>
