{"id":28,"date":"2014-09-18T12:29:35","date_gmt":"2014-09-18T11:29:35","guid":{"rendered":"https:\/\/agora.xtec.cat\/ceip-rosella\/?page_id=28"},"modified":"2025-12-20T19:18:19","modified_gmt":"2025-12-20T18:18:19","slug":"consell-escolar","status":"publish","type":"page","link":"https:\/\/agora.xtec.cat\/ceip-rosella\/lescola\/consell-escolar\/","title":{"rendered":"Consell Escolar"},"content":{"rendered":"\n<p><a href=\"#competencies\" data-type=\"page\" data-id=\"28\">Compet\u00e8ncies del Consell Escolar<\/a><\/p>\n\n\n\n<p id=\"composicio\"><a href=\"#salt\">Composici\u00f3<\/a><\/p>\n\n\n\n<p><a href=\"#comissions\">Comissions<\/a><\/p>\n\n\n\n<p><a href=\"#acords\">Acords<\/a><\/p>\n\n\n\n<p><a href=\"https:\/\/agora.xtec.cat\/ceip-rosella\/tag\/eleccions\/\" data-type=\"post_tag\" data-id=\"113\">Eleccions al Consell Escolar 2025<\/a><\/p>\n\n\n\n<p><\/p>\n\n\n\n<p id=\"competencies\">Compet\u00e8ncies del Consell Escolar:<\/p>\n\n\n\n<p>Article 33 Decret 198\/96:<br>El consell escolar del centre<br>33.1 El consell escolar del centre \u00e9s l\u2019\u00f2rgan de participaci\u00f3 de la comunitat escolar en el govern dels col\u00b7legis d\u2019educaci\u00f3 infantil i prim\u00e0ria i l\u2019\u00f2rgan de programaci\u00f3, seguiment i avaluaci\u00f3 general de les seves activitats.<br>33.2 S\u00f3n compet\u00e8ncies del consell escolar:<br>a) Elegir el director i con\u00e8ixer la seva proposta de nomenament de l\u2019equip directiu.<br>b) Proposar a la delegaci\u00f3 territorial del Departament d&#8217;Ensenyament la revocaci\u00f3 del nomenament del director, en la forma establerta a l\u2019article<br>30.4 d\u2019aquest Reglament.<br>c) Aprovar la creaci\u00f3 d\u2019altres \u00f2rgans de coordinaci\u00f3 del col\u00b7legi i assignar-los compet\u00e8ncies, sens perjudici de les funcions dels \u00f2rgans<br>de coordinaci\u00f3 preexistents.<br>d) Decidir sobre l\u2019admissi\u00f3 d\u2019alumnes, dins el marc de la normativa vigent.<br>e) Resoldre els conflictes i imposar els correctius amb finalitat pedag\u00f2gica en mat\u00e8ria de disciplina d\u2019alumnes, d\u2019acord amb les normes que regulen els seus drets i deures.<br>f) Establir les directrius per a l\u2019elaboraci\u00f3 del projecte educatiu del col\u00b7legi, aprovar-lo i avaluar-ne el compliment.<br>g) Aprovar el pressupost del centre, fer-ne el seguiment i aprovar-ne la liquidaci\u00f3. <br>h) Aprovar el Reglament de r\u00e8gim interior del centre.<br>i) Elaborar les directrius per a la programaci\u00f3 i el desenvolupament de les activitats escolars complement\u00e0ries, de les activitats extraescolars i<br>dels serveis, si s\u2019escau, amb la col\u00b7laboraci\u00f3 de les associacions de pares d\u2019alumnes. Aprovar-ne la programaci\u00f3 i avaluar-ne l\u2019execuci\u00f3.<br>j) Avaluar i aprovar la programaci\u00f3 general del centre que, amb car\u00e0cter anual, elabori l\u2019equip directiu.<br>k) Avaluar i aprovar la mem\u00f2ria anual d\u2019activitats del centre.<br>l) Establir els criteris sobre la participaci\u00f3 del centre en activitats culturals, esportives i recreatives, aix\u00ed com aquelles accions<br>assistencials a les quals el centre pot prestar la seva col\u00b7laboraci\u00f3 escoltada l&#8217;associaci\u00f3 de fam\u00edlies.<br>m) Establir les relacions de col\u00b7laboraci\u00f3 amb altres centres amb finalitats culturals i educatives.<br>n) Promoure l\u2019optimitzaci\u00f3 de l\u2019\u00fas de les instal\u00b7lacions i el material escolar i la seva renovaci\u00f3, aix\u00ed com vetllar per la seva conservaci\u00f3,<br>sens perjudici del que disposa l\u2019article 7 d\u2019aquest Reglament.<br>o) Analitzar i valorar el funcionament general del centre, l\u2019evoluci\u00f3 del rendiment escolar i elaborar un informe que s\u2019inclou en la mem\u00f2ria anual.<br>p) Qualsevol altra funci\u00f3 que li sigui atribu\u00efda per disposici\u00f3 del Departament d&#8217;Ensenyament.<\/p>\n\n\n\n<p class=\"has-large-font-size\" id=\"salt\">Composici\u00f3<\/p>\n\n\n\n<div class=\"wp-block-columns is-layout-flex wp-container-core-columns-is-layout-1 wp-block-columns-is-layout-flex\">\n<div class=\"wp-block-column is-layout-flow wp-block-column-is-layout-flow\">\n<div class=\"wp-block-getwid-image-box has-text-center has-mobile-layout-default has-mobile-alignment-default\"><div class=\"wp-block-getwid-image-box__image-container is-position-top\"><div class=\"wp-block-getwid-image-box__image-wrapper\"><img loading=\"lazy\" decoding=\"async\" width=\"76\" height=\"93\" src=\"https:\/\/agora.xtec.cat\/ceip-rosella\/wp-content\/uploads\/usu3593\/2025\/08\/icono_persona-3.png\" alt=\"\" class=\"wp-block-getwid-image-box__image wp-image-837\"\/><\/div><\/div><div class=\"wp-block-getwid-image-box__content\">\n<h3 class=\"wp-block-heading\">PRESIDENTA<\/h3>\n\n\n\n<p>Maribel Cazorla<\/p>\n<\/div><\/div>\n<\/div>\n\n\n\n<div class=\"wp-block-column is-layout-flow wp-block-column-is-layout-flow\">\n<div class=\"wp-block-getwid-image-box has-text-center has-mobile-layout-default has-mobile-alignment-default\"><div class=\"wp-block-getwid-image-box__image-container is-position-top\"><div class=\"wp-block-getwid-image-box__image-wrapper\"><img loading=\"lazy\" decoding=\"async\" width=\"76\" height=\"93\" src=\"https:\/\/agora.xtec.cat\/ceip-rosella\/wp-content\/uploads\/usu3593\/2025\/08\/icono_persona-3.png\" alt=\"\" class=\"wp-block-getwid-image-box__image wp-image-837\"\/><\/div><\/div><div class=\"wp-block-getwid-image-box__content\">\n<h3 class=\"wp-block-heading\">CAP D&#8217;ESTUDIS<\/h3>\n\n\n\n<p>Olga Fain\u00e9<\/p>\n<\/div><\/div>\n<\/div>\n\n\n\n<div class=\"wp-block-column is-layout-flow wp-block-column-is-layout-flow\">\n<div class=\"wp-block-getwid-image-box has-text-center has-mobile-layout-default has-mobile-alignment-default\"><div class=\"wp-block-getwid-image-box__image-container is-position-top\"><div class=\"wp-block-getwid-image-box__image-wrapper\"><img loading=\"lazy\" decoding=\"async\" width=\"76\" height=\"93\" src=\"https:\/\/agora.xtec.cat\/ceip-rosella\/wp-content\/uploads\/usu3593\/2025\/08\/icono_persona-3.png\" alt=\"\" class=\"wp-block-getwid-image-box__image wp-image-837\"\/><\/div><\/div><div class=\"wp-block-getwid-image-box__content\">\n<h3 class=\"wp-block-heading\">SECRET\u00c0RIA<\/h3>\n\n\n\n<p>M. Carme Exp\u00f3sito<\/p>\n<\/div><\/div>\n<\/div>\n<\/div>\n\n\n\n<div class=\"wp-block-columns is-layout-flex wp-container-core-columns-is-layout-2 wp-block-columns-is-layout-flex\">\n<div class=\"wp-block-column is-layout-flow wp-block-column-is-layout-flow\">\n<div class=\"wp-block-getwid-image-box has-text-center has-mobile-layout-default has-mobile-alignment-default\"><div class=\"wp-block-getwid-image-box__image-container is-position-top\"><div class=\"wp-block-getwid-image-box__image-wrapper\"><img loading=\"lazy\" decoding=\"async\" width=\"76\" height=\"93\" src=\"https:\/\/agora.xtec.cat\/ceip-rosella\/wp-content\/uploads\/usu3593\/2025\/08\/icono_persona-3.png\" alt=\"\" class=\"wp-block-getwid-image-box__image wp-image-837\"\/><\/div><\/div><div class=\"wp-block-getwid-image-box__content\">\n<h3 class=\"wp-block-heading\">REPRESENTANT DE L&#8217;AJUNTAMENT<\/h3>\n\n\n\n<p>Raquel Jurado<\/p>\n<\/div><\/div>\n<\/div>\n\n\n\n<div class=\"wp-block-column is-layout-flow wp-block-column-is-layout-flow\">\n<div class=\"wp-block-getwid-image-box has-text-center has-mobile-layout-default has-mobile-alignment-default\"><div class=\"wp-block-getwid-image-box__image-container is-position-top\"><div class=\"wp-block-getwid-image-box__image-wrapper\"><img loading=\"lazy\" decoding=\"async\" width=\"76\" height=\"93\" src=\"https:\/\/agora.xtec.cat\/ceip-rosella\/wp-content\/uploads\/usu3593\/2025\/08\/icono_persona-3.png\" alt=\"\" class=\"wp-block-getwid-image-box__image wp-image-837\"\/><\/div><\/div><div class=\"wp-block-getwid-image-box__content\">\n<h3 class=\"wp-block-heading\">REPRESENTANT DEL SECTOR DE MESTRES<\/h3>\n\n\n\n<p>Elisabet Briones<\/p>\n\n\n\n<p>Enriqueta Mart\u00ednez<\/p>\n\n\n\n<p style=\"padding-top:0;padding-right:0;padding-bottom:0;padding-left:0\">Lourdes Fern\u00e1ndez<\/p>\n\n\n\n<p>Georgina Comas<\/p>\n\n\n\n<p>Laura Mayolas<\/p>\n\n\n\n<p>Rosa Maria Pons<\/p>\n<\/div><\/div>\n<\/div>\n\n\n\n<div class=\"wp-block-column is-layout-flow wp-block-column-is-layout-flow\">\n<div class=\"wp-block-getwid-image-box has-text-center has-mobile-layout-default has-mobile-alignment-default\"><div class=\"wp-block-getwid-image-box__image-container is-position-top\"><div class=\"wp-block-getwid-image-box__image-wrapper\"><img loading=\"lazy\" decoding=\"async\" width=\"76\" height=\"93\" src=\"https:\/\/agora.xtec.cat\/ceip-rosella\/wp-content\/uploads\/usu3593\/2025\/08\/icono_persona-3.png\" alt=\"\" class=\"wp-block-getwid-image-box__image wp-image-837\"\/><\/div><\/div><div class=\"wp-block-getwid-image-box__content\">\n<h3 class=\"wp-block-heading\">REPRESENTANTS DEL SECTOR DE FAM\u00cdLIES<\/h3>\n\n\n\n<p>Loida Blasco<\/p>\n\n\n\n<p>Nadia Giles<\/p>\n\n\n\n<p>Anna Bisbal<\/p>\n\n\n\n<p>Marcel Vila<\/p>\n\n\n\n<p>Anna Llobet<\/p>\n<\/div><\/div>\n<\/div>\n<\/div>\n\n\n\n<div class=\"wp-block-columns is-layout-flex wp-container-core-columns-is-layout-3 wp-block-columns-is-layout-flex\">\n<div class=\"wp-block-column is-layout-flow wp-block-column-is-layout-flow\">\n<div class=\"wp-block-getwid-image-box has-text-center has-mobile-layout-default has-mobile-alignment-default\"><div class=\"wp-block-getwid-image-box__image-container is-position-top\"><div class=\"wp-block-getwid-image-box__image-wrapper\"><img loading=\"lazy\" decoding=\"async\" width=\"76\" height=\"93\" src=\"https:\/\/agora.xtec.cat\/ceip-rosella\/wp-content\/uploads\/usu3593\/2025\/08\/icono_persona-3.png\" alt=\"\" class=\"wp-block-getwid-image-box__image wp-image-837\"\/><\/div><\/div><div class=\"wp-block-getwid-image-box__content\">\n<h3 class=\"wp-block-heading\">REPRESENTANT DE L&#8217;AFA<\/h3>\n\n\n\n<p>Paula Perales<\/p>\n<\/div><\/div>\n<\/div>\n\n\n\n<div class=\"wp-block-column is-layout-flow wp-block-column-is-layout-flow\"><\/div>\n\n\n\n<div class=\"wp-block-column is-layout-flow wp-block-column-is-layout-flow\">\n<div class=\"wp-block-getwid-image-box has-text-center has-mobile-layout-default has-mobile-alignment-default\"><div class=\"wp-block-getwid-image-box__image-container is-position-top\"><div class=\"wp-block-getwid-image-box__image-wrapper\"><img loading=\"lazy\" decoding=\"async\" width=\"76\" height=\"93\" src=\"https:\/\/agora.xtec.cat\/ceip-rosella\/wp-content\/uploads\/usu3593\/2025\/08\/icono_persona-3.png\" alt=\"\" class=\"wp-block-getwid-image-box__image wp-image-837\"\/><\/div><\/div><div class=\"wp-block-getwid-image-box__content\">\n<h3 class=\"wp-block-heading\">REPRESENTANT DEL SECTOR PAS<\/h3>\n\n\n\n<p>Rosa M\u00aa Vicente<\/p>\n<\/div><\/div>\n<\/div>\n<\/div>\n\n\n\n<p class=\"has-large-font-size\" id=\"comissions\">Comissions<\/p>\n\n\n\n<div class=\"wp-block-getwid-accordion has-icon-left\" data-active-element=\"none\">\n<div class=\"wp-block-getwid-accordion__header-wrapper\"><span class=\"wp-block-getwid-accordion__header\"><a href=\"#\"><span class=\"wp-block-getwid-accordion__header-title\">Comissi\u00f3 permanent<\/span><span class=\"wp-block-getwid-accordion__icon is-active\"><i class=\"fas fa-plus\"><\/i><\/span><span class=\"wp-block-getwid-accordion__icon is-passive\"><i class=\"fas fa-minus\"><\/i><\/span><\/a><\/span><\/div><div class=\"wp-block-getwid-accordion__content-wrapper\"><div class=\"wp-block-getwid-accordion__content\">\n<p>Presidenta:  Maribel Cazorla <\/p>\n\n\n\n<p>Secret\u00e0ria:  M. Carme Exposito<\/p>\n\n\n\n<p>Sector mestres:  Laura Mayolas<\/p>\n\n\n\n<p>Sector Fam\u00edlies: Marcel Vidal<\/p>\n\n\n\n<p>Sector PAE: Rosa M\u00aa Vicente<\/p>\n<\/div><\/div>\n\n\n\n<div class=\"wp-block-getwid-accordion__header-wrapper\"><span class=\"wp-block-getwid-accordion__header\"><a href=\"#\"><span class=\"wp-block-getwid-accordion__header-title\">Comissi\u00f3 econ\u00f2mica<\/span><span class=\"wp-block-getwid-accordion__icon is-active\"><i class=\"fas fa-plus\"><\/i><\/span><span class=\"wp-block-getwid-accordion__icon is-passive\"><i class=\"fas fa-minus\"><\/i><\/span><\/a><\/span><\/div><div class=\"wp-block-getwid-accordion__content-wrapper\"><div class=\"wp-block-getwid-accordion__content\">\n<p>Presidenta:  Maribel Cazorla <\/p>\n\n\n\n<p>Secret\u00e0ria:  M. Carme Exposito<\/p>\n\n\n\n<p>Sector mestres:  Georgina Comas<\/p>\n\n\n\n<p>Sector Fam\u00edlies: Paula Perales<\/p>\n\n\n\n<p>Representant de l&#8217;ajuntament: Raquel Jurado \/Eduard Jimena<\/p>\n<\/div><\/div>\n\n\n\n<div class=\"wp-block-getwid-accordion__header-wrapper\"><span class=\"wp-block-getwid-accordion__header\"><a href=\"#\"><span class=\"wp-block-getwid-accordion__header-title\">Comissi\u00f3 de conviv\u00e8ncia<\/span><span class=\"wp-block-getwid-accordion__icon is-active\"><i class=\"fas fa-plus\"><\/i><\/span><span class=\"wp-block-getwid-accordion__icon is-passive\"><i class=\"fas fa-minus\"><\/i><\/span><\/a><\/span><\/div><div class=\"wp-block-getwid-accordion__content-wrapper\"><div class=\"wp-block-getwid-accordion__content\">\n<p>Presidenta:  Maribel Cazorla <\/p>\n\n\n\n<p>Equip directiu: Olga Fain\u00e9<\/p>\n\n\n\n<p>Secret\u00e0ria:  M. Carme Exposito<\/p>\n\n\n\n<p>Sector mestres: Lourdes Fern\u00e1ndez<\/p>\n\n\n\n<p>Sector mestres: Rosa Pons<\/p>\n\n\n\n<p>Sector Fam\u00edlies: N\u00e0dia Giles<\/p>\n\n\n\n<p>Sector Fam\u00edlies: Anna Llobet<\/p>\n\n\n\n<p><\/p>\n<\/div><\/div>\n\n\n\n<div class=\"wp-block-getwid-accordion__header-wrapper\"><span class=\"wp-block-getwid-accordion__header\"><a href=\"#\"><span class=\"wp-block-getwid-accordion__header-title\">Comissi\u00f3 de menjador<\/span><span class=\"wp-block-getwid-accordion__icon is-active\"><i class=\"fas fa-plus\"><\/i><\/span><span class=\"wp-block-getwid-accordion__icon is-passive\"><i class=\"fas fa-minus\"><\/i><\/span><\/a><\/span><\/div><div class=\"wp-block-getwid-accordion__content-wrapper\"><div class=\"wp-block-getwid-accordion__content\">\n<p>Presidenta:  Maribel Cazorla <\/p>\n\n\n\n<p>Secret\u00e0ria:  M. Carme Exposito<\/p>\n\n\n\n<p>Sector mestres: Elisabet Briones<\/p>\n\n\n\n<p>Sector mestres: Enriqueta Mart\u00ednez<\/p>\n\n\n\n<p>Sector Fam\u00edlies: Loida Blasco<\/p>\n\n\n\n<p><\/p>\n<\/div><\/div>\n\n\n\n<div class=\"wp-block-getwid-accordion__header-wrapper\"><span class=\"wp-block-getwid-accordion__header\"><a href=\"#\"><span class=\"wp-block-getwid-accordion__header-title\">Comissi\u00f3 de coeducaci\u00f3<br><\/span><span class=\"wp-block-getwid-accordion__icon is-active\"><i class=\"fas fa-plus\"><\/i><\/span><span class=\"wp-block-getwid-accordion__icon is-passive\"><i class=\"fas fa-minus\"><\/i><\/span><\/a><\/span><\/div><div class=\"wp-block-getwid-accordion__content-wrapper\"><div class=\"wp-block-getwid-accordion__content\">\n<p>Presidenta: Maribel Cazorla<\/p>\n\n\n\n<p>Secretaria: Carme Exposito<\/p>\n\n\n\n<p>Sector mestres: Lourdes Fern\u00e1ndez<\/p>\n<\/div><\/div>\n<\/div>\n\n\n\n\n\n<p><\/p>\n\n\n\n<p><\/p>\n\n\n\n<h2 class=\"wp-block-heading has-medium-font-size\" id=\"acords\"><a href=\"https:\/\/drive.google.com\/drive\/folders\/1YLS7Pb4hZ7yF6YBDPamDtQek1MVbyGV-?usp=sharing\" data-type=\"link\" data-id=\"https:\/\/drive.google.com\/file\/d\/1qHxPRrNmbj3_ojV4AY-a8SV9IXUVq6aY\/view?usp=sharing\" target=\"_blank\" rel=\"noreferrer noopener nofollow\">Acords del Consell Escolar<\/a><\/h2>\n\n\n\n<p id=\"Eleccions\"><\/p>\n\n\n\n<p><\/p>\n","protected":false},"excerpt":{"rendered":"<p>Compet\u00e8ncies del Consell Escolar Composici\u00f3 Comissions Acords Eleccions al Consell Escolar 2025 Compet\u00e8ncies del Consell Escolar: Article 33 Decret 198\/96:El consell escolar del centre33.1 El consell escolar del centre \u00e9s l\u2019\u00f2rgan de participaci\u00f3 de la comunitat escolar en el govern dels col\u00b7legis d\u2019educaci\u00f3 infantil i prim\u00e0ria i l\u2019\u00f2rgan de programaci\u00f3, seguiment i avaluaci\u00f3 general de [&hellip;]<\/p>\n","protected":false},"author":1,"featured_media":0,"parent":22,"menu_order":30,"comment_status":"closed","ping_status":"closed","template":"","meta":{"site-sidebar-layout":"default","site-content-layout":"","ast-site-content-layout":"default","site-content-style":"default","site-sidebar-style":"default","ast-global-header-display":"","ast-banner-title-visibility":"","ast-main-header-display":"","ast-hfb-above-header-display":"","ast-hfb-below-header-display":"","ast-hfb-mobile-header-display":"","site-post-title":"","ast-breadcrumbs-content":"","ast-featured-img":"","footer-sml-layout":"","theme-transparent-header-meta":"","adv-header-id-meta":"","stick-header-meta":"","header-above-stick-meta":"","header-main-stick-meta":"","header-below-stick-meta":"","astra-migrate-meta-layouts":"set","ast-page-background-enabled":"default","ast-page-background-meta":{"desktop":{"background-color":"var(--ast-global-color-4)","background-image":"","background-repeat":"repeat","background-position":"center center","background-size":"auto","background-attachment":"scroll","background-type":"","background-media":"","overlay-type":"","overlay-color":"","overlay-opacity":"","overlay-gradient":""},"tablet":{"background-color":"","background-image":"","background-repeat":"repeat","background-position":"center center","background-size":"auto","background-attachment":"scroll","background-type":"","background-media":"","overlay-type":"","overlay-color":"","overlay-opacity":"","overlay-gradient":""},"mobile":{"background-color":"","background-image":"","background-repeat":"repeat","background-position":"center center","background-size":"auto","background-attachment":"scroll","background-type":"","background-media":"","overlay-type":"","overlay-color":"","overlay-opacity":"","overlay-gradient":""}},"ast-content-background-meta":{"desktop":{"background-color":"var(--ast-global-color-5)","background-image":"","background-repeat":"repeat","background-position":"center center","background-size":"auto","background-attachment":"scroll","background-type":"","background-media":"","overlay-type":"","overlay-color":"","overlay-opacity":"","overlay-gradient":""},"tablet":{"background-color":"var(--ast-global-color-5)","background-image":"","background-repeat":"repeat","background-position":"center center","background-size":"auto","background-attachment":"scroll","background-type":"","background-media":"","overlay-type":"","overlay-color":"","overlay-opacity":"","overlay-gradient":""},"mobile":{"background-color":"var(--ast-global-color-5)","background-image":"","background-repeat":"repeat","background-position":"center center","background-size":"auto","background-attachment":"scroll","background-type":"","background-media":"","overlay-type":"","overlay-color":"","overlay-opacity":"","overlay-gradient":""}},"footnotes":""},"class_list":["post-28","page","type-page","status-publish","hentry"],"post_mailing_queue_ids":[],"_links":{"self":[{"href":"https:\/\/agora.xtec.cat\/ceip-rosella\/wp-json\/wp\/v2\/pages\/28","targetHints":{"allow":["GET"]}}],"collection":[{"href":"https:\/\/agora.xtec.cat\/ceip-rosella\/wp-json\/wp\/v2\/pages"}],"about":[{"href":"https:\/\/agora.xtec.cat\/ceip-rosella\/wp-json\/wp\/v2\/types\/page"}],"author":[{"embeddable":true,"href":"https:\/\/agora.xtec.cat\/ceip-rosella\/wp-json\/wp\/v2\/users\/1"}],"replies":[{"embeddable":true,"href":"https:\/\/agora.xtec.cat\/ceip-rosella\/wp-json\/wp\/v2\/comments?post=28"}],"version-history":[{"count":5,"href":"https:\/\/agora.xtec.cat\/ceip-rosella\/wp-json\/wp\/v2\/pages\/28\/revisions"}],"predecessor-version":[{"id":2105,"href":"https:\/\/agora.xtec.cat\/ceip-rosella\/wp-json\/wp\/v2\/pages\/28\/revisions\/2105"}],"up":[{"embeddable":true,"href":"https:\/\/agora.xtec.cat\/ceip-rosella\/wp-json\/wp\/v2\/pages\/22"}],"wp:attachment":[{"href":"https:\/\/agora.xtec.cat\/ceip-rosella\/wp-json\/wp\/v2\/media?parent=28"}],"curies":[{"name":"wp","href":"https:\/\/api.w.org\/{rel}","templated":true}]}}