{"id":22,"date":"2014-09-18T12:19:57","date_gmt":"2014-09-18T11:19:57","guid":{"rendered":"https:\/\/agora.xtec.cat\/ceip-rosella\/?page_id=22"},"modified":"2025-09-19T12:53:13","modified_gmt":"2025-09-19T10:53:13","slug":"lescola","status":"publish","type":"page","link":"https:\/\/agora.xtec.cat\/ceip-rosella\/lescola\/","title":{"rendered":"L&#8217;escola"},"content":{"rendered":"\n<p>Aquesta secci\u00f3 cont\u00e9 les p\u00e0gines necess\u00e0ries per a oferir una descripci\u00f3 general de l&#8217;escola: <a href=\"https:\/\/agora.xtec.cat\/ceip-rosella\/lescola\/on-som\/\" data-type=\"page\" data-id=\"24\" target=\"_blank\" rel=\"noreferrer noopener nofollow\">On som<\/a>, <a href=\"https:\/\/agora.xtec.cat\/ceip-rosella\/lescola\/qui-som\/\" data-type=\"page\" data-id=\"845\" target=\"_blank\" rel=\"noreferrer noopener nofollow\">qui som?<\/a>, <a href=\"https:\/\/agora.xtec.cat\/ceip-rosella\/lescola\/equip-docent-i-personal-no-docent\/\" data-type=\"page\" data-id=\"1000\" target=\"_blank\" rel=\"noreferrer noopener nofollow\">equip docent<\/a>, <a href=\"https:\/\/agora.xtec.cat\/ceip-rosella\/lescola\/consell-escolar\/\" data-type=\"page\" data-id=\"28\" target=\"_blank\" rel=\"noreferrer noopener nofollow\">Consell Escolar<\/a>, <a href=\"https:\/\/agora.xtec.cat\/ceip-rosella\/lescola\/projecte-educatiu\/\" data-type=\"page\" data-id=\"64\" target=\"_blank\" rel=\"noreferrer noopener nofollow\">Projecte educatiu<\/a>, <a href=\"https:\/\/agora.xtec.cat\/ceip-rosella\/tag\/escola-verda\/\" data-type=\"post_tag\" data-id=\"73\" target=\"_blank\" rel=\"noreferrer noopener nofollow\">escola verda<\/a>, <a href=\"https:\/\/agora.xtec.cat\/ceip-rosella\/lescola\/som-escola\/\" data-type=\"page\" data-id=\"972\" target=\"_blank\" rel=\"noreferrer noopener nofollow\">Plataforma som escola<\/a>.<\/p>\n\n\n\n<p><\/p>\n","protected":false},"excerpt":{"rendered":"<p>Aquesta secci\u00f3 cont\u00e9 les p\u00e0gines necess\u00e0ries per a oferir una descripci\u00f3 general de l&#8217;escola: On som, qui som?, equip docent, Consell Escolar, Projecte educatiu, escola verda, Plataforma som escola.<\/p>\n","protected":false},"author":1,"featured_media":0,"parent":0,"menu_order":0,"comment_status":"closed","ping_status":"closed","template":"","meta":{"site-sidebar-layout":"default","site-content-layout":"","ast-site-content-layout":"default","site-content-style":"default","site-sidebar-style":"default","ast-global-header-display":"","ast-banner-title-visibility":"","ast-main-header-display":"","ast-hfb-above-header-display":"","ast-hfb-below-header-display":"","ast-hfb-mobile-header-display":"","site-post-title":"","ast-breadcrumbs-content":"","ast-featured-img":"","footer-sml-layout":"","theme-transparent-header-meta":"","adv-header-id-meta":"","stick-header-meta":"","header-above-stick-meta":"","header-main-stick-meta":"","header-below-stick-meta":"","astra-migrate-meta-layouts":"set","ast-page-background-enabled":"default","ast-page-background-meta":{"desktop":{"background-color":"var(--ast-global-color-4)","background-image":"","background-repeat":"repeat","background-position":"center center","background-size":"auto","background-attachment":"scroll","background-type":"","background-media":"","overlay-type":"","overlay-color":"","overlay-opacity":"","overlay-gradient":""},"tablet":{"background-color":"","background-image":"","background-repeat":"repeat","background-position":"center center","background-size":"auto","background-attachment":"scroll","background-type":"","background-media":"","overlay-type":"","overlay-color":"","overlay-opacity":"","overlay-gradient":""},"mobile":{"background-color":"","background-image":"","background-repeat":"repeat","background-position":"center center","background-size":"auto","background-attachment":"scroll","background-type":"","background-media":"","overlay-type":"","overlay-color":"","overlay-opacity":"","overlay-gradient":""}},"ast-content-background-meta":{"desktop":{"background-color":"var(--ast-global-color-5)","background-image":"","background-repeat":"repeat","background-position":"center center","background-size":"auto","background-attachment":"scroll","background-type":"","background-media":"","overlay-type":"","overlay-color":"","overlay-opacity":"","overlay-gradient":""},"tablet":{"background-color":"var(--ast-global-color-5)","background-image":"","background-repeat":"repeat","background-position":"center center","background-size":"auto","background-attachment":"scroll","background-type":"","background-media":"","overlay-type":"","overlay-color":"","overlay-opacity":"","overlay-gradient":""},"mobile":{"background-color":"var(--ast-global-color-5)","background-image":"","background-repeat":"repeat","background-position":"center center","background-size":"auto","background-attachment":"scroll","background-type":"","background-media":"","overlay-type":"","overlay-color":"","overlay-opacity":"","overlay-gradient":""}},"footnotes":""},"class_list":["post-22","page","type-page","status-publish","hentry"],"post_mailing_queue_ids":[],"_links":{"self":[{"href":"https:\/\/agora.xtec.cat\/ceip-rosella\/wp-json\/wp\/v2\/pages\/22","targetHints":{"allow":["GET"]}}],"collection":[{"href":"https:\/\/agora.xtec.cat\/ceip-rosella\/wp-json\/wp\/v2\/pages"}],"about":[{"href":"https:\/\/agora.xtec.cat\/ceip-rosella\/wp-json\/wp\/v2\/types\/page"}],"author":[{"embeddable":true,"href":"https:\/\/agora.xtec.cat\/ceip-rosella\/wp-json\/wp\/v2\/users\/1"}],"replies":[{"embeddable":true,"href":"https:\/\/agora.xtec.cat\/ceip-rosella\/wp-json\/wp\/v2\/comments?post=22"}],"version-history":[{"count":6,"href":"https:\/\/agora.xtec.cat\/ceip-rosella\/wp-json\/wp\/v2\/pages\/22\/revisions"}],"predecessor-version":[{"id":1098,"href":"https:\/\/agora.xtec.cat\/ceip-rosella\/wp-json\/wp\/v2\/pages\/22\/revisions\/1098"}],"wp:attachment":[{"href":"https:\/\/agora.xtec.cat\/ceip-rosella\/wp-json\/wp\/v2\/media?parent=22"}],"curies":[{"name":"wp","href":"https:\/\/api.w.org\/{rel}","templated":true}]}}

<p>Aquesta secció conté les pàgines necessàries per a oferir una descripció general de l&#8217;escola: <a href="https://agora.xtec.cat/ceip-rosella/lescola/on-som/" data-type="page" data-id="24" target="_blank" rel="noreferrer noopener nofollow">On som</a>, <a href="https://agora.xtec.cat/ceip-rosella/lescola/qui-som/" data-type="page" data-id="845" target="_blank" rel="noreferrer noopener nofollow">qui som?</a>, <a href="https://agora.xtec.cat/ceip-rosella/lescola/equip-docent-i-personal-no-docent/" data-type="page" data-id="1000" target="_blank" rel="noreferrer noopener nofollow">equip docent</a>, <a href="https://agora.xtec.cat/ceip-rosella/lescola/consell-escolar/" data-type="page" data-id="28" target="_blank" rel="noreferrer noopener nofollow">Consell Escolar</a>, <a href="https://agora.xtec.cat/ceip-rosella/lescola/projecte-educatiu/" data-type="page" data-id="64" target="_blank" rel="noreferrer noopener nofollow">Projecte educatiu</a>, <a href="https://agora.xtec.cat/ceip-rosella/tag/escola-verda/" data-type="post_tag" data-id="73" target="_blank" rel="noreferrer noopener nofollow">escola verda</a>, <a href="https://agora.xtec.cat/ceip-rosella/lescola/som-escola/" data-type="page" data-id="972" target="_blank" rel="noreferrer noopener nofollow">Plataforma som escola</a>.</p>



<p></p>

<p>Aquesta secció conté les pàgines necessàries per a oferir una descripció general de l&#8217;escola: On som, qui som?, equip docent, Consell Escolar, Projecte educatiu, escola verda, Plataforma som escola.</p>
