{"id":26,"date":"2014-09-18T12:24:32","date_gmt":"2014-09-18T11:24:32","guid":{"rendered":"http:\/\/agora.xtec.cat\/ceip-rosasensat-elmasnou\/?page_id=26"},"modified":"2026-02-09T13:13:34","modified_gmt":"2026-02-09T12:13:34","slug":"historia","status":"publish","type":"page","link":"https:\/\/agora.xtec.cat\/ceip-rosasensat-elmasnou\/lescola\/historia\/","title":{"rendered":"Qui som?"},"content":{"rendered":"<p style=\"text-align: center;\">Som un grup de professionals il\u00b7lusionades que vetlla per la formaci\u00f3 integral dels infants<\/p>\n\n\n<div class=\"wp-block-media-text is-stacked-on-mobile\"><figure class=\"wp-block-media-text__media\"><img loading=\"lazy\" decoding=\"async\" width=\"1024\" height=\"998\" src=\"https:\/\/agora.xtec.cat\/ceip-rosasensat-elmasnou\/wp-content\/uploads\/usu2177\/2024\/10\/IMG_9349-1024x998.jpg\" alt=\"\" class=\"wp-image-4232 size-full\" srcset=\"https:\/\/agora.xtec.cat\/ceip-rosasensat-elmasnou\/wp-content\/uploads\/usu2177\/2024\/10\/IMG_9349-1024x998.jpg 1024w, https:\/\/agora.xtec.cat\/ceip-rosasensat-elmasnou\/wp-content\/uploads\/usu2177\/2024\/10\/IMG_9349-300x292.jpg 300w, https:\/\/agora.xtec.cat\/ceip-rosasensat-elmasnou\/wp-content\/uploads\/usu2177\/2024\/10\/IMG_9349-768x748.jpg 768w, https:\/\/agora.xtec.cat\/ceip-rosasensat-elmasnou\/wp-content\/uploads\/usu2177\/2024\/10\/IMG_9349-1536x1496.jpg 1536w, https:\/\/agora.xtec.cat\/ceip-rosasensat-elmasnou\/wp-content\/uploads\/usu2177\/2024\/10\/IMG_9349.jpg 1897w\" sizes=\"auto, (max-width: 1024px) 100vw, 1024px\" \/><\/figure><div class=\"wp-block-media-text__content\">\n<p><\/p>\n\n\n\n<figure class=\"wp-block-table\"><table class=\"has-fixed-layout\"><tbody><tr><td>Infantil 3 anys &#8211; I3<\/td><td>Olga Cabezas<\/td><td>infantil3@rosasensat.com<\/td><\/tr><tr><td>Infantil 4 anys &#8211; I4<\/td><td>Yolanda Berg\u00e9s<\/td><td>infanti4@rosasensat.com<\/td><\/tr><tr><td>Infantil 5 anys &#8211; I5<\/td><td>Nat\u00e0lia de Castro<\/td><td>infantil5@rosasensat.com<\/td><\/tr><tr><td>Primer<\/td><td>&nbsp;Dolors Gramun<\/td><td>aulaprimer@rosasensat.com<\/td><\/tr><tr><td>Segon<\/td><td>&nbsp;Ester Gallastegui<\/td><td>aulasegon@rosasensat.com<\/td><\/tr><tr><td>Tercer<\/td><td>Carme Miranda<\/td><td>aulatercer@rosasensat.com<\/td><\/tr><tr><td>Quart<\/td><td>Itziar Mui\u00f1os<\/td><td>aulaquart@rosasensat.com<\/td><\/tr><tr><td>Cinqu\u00e8<\/td><td>\u00a0Laura Pujal <\/td><td>aulacinque@rosasensat.com<\/td><\/tr><tr><td>Sis\u00e8<\/td><td>Montse Pedret<\/td><td>aulasise@rosasensat.com<\/td><\/tr><tr><td>Angl\u00e8s<\/td><td>\u00a0Raquel Asensio<br> Mireia Barrera<\/td><td>angles@rosasensat.com<\/td><\/tr><tr><td>M\u00fasica<\/td><td>&nbsp;Jordina Chicot<\/td><td>musica@rosasensat.com<\/td><\/tr><tr><td>Religi\u00f3<\/td><td>Inma Mart\u00ednez<\/td><td>religio@rosasensat.com<\/td><\/tr><tr><td>Atenci\u00f3 a la diversitat<\/td><td>Ferran Castelo-Branco<\/td><td>mestrasuport@rosasensat.com<\/td><\/tr><tr><td>Educaci\u00f3 F\u00edsica<\/td><td>Al\u00edcia Vil\u00e0<\/td><td>educaciofisica@rosasensat.com<\/td><\/tr><\/tbody><\/table><\/figure>\n\n\n\n<p><\/p>\n<\/div><\/div>\n\n\n\n<div class=\"wp-block-getwid-section alignfull alignfull getwid-margin-top-medium getwid-section-content-custom-width\"><div class=\"wp-block-getwid-section__wrapper getwid-padding-left-medium getwid-padding-right-medium\"><div class=\"wp-block-getwid-section__inner-wrapper\" style=\"max-width:791px\"><div class=\"wp-block-getwid-section__background-holder\"><div class=\"wp-block-getwid-section__background\" style=\"background-image:url('https:\/\/agora.xtec.cat\/ceip-rosasensat-elmasnou\/wp-content\/uploads\/usu2177\/2025\/02\/jhgf.jpg')\"><div class=\"wp-block-getwid-section__background-image-wrapper\"><img decoding=\"async\" class=\"wp-block-getwid-section__background-image\" src=\"https:\/\/agora.xtec.cat\/ceip-rosasensat-elmasnou\/wp-content\/uploads\/usu2177\/2025\/02\/jhgf.jpg\" alt=\"\"\/><\/div><\/div><div class=\"wp-block-getwid-section__foreground\"><\/div><\/div><div class=\"wp-block-getwid-section__content\"><div class=\"wp-block-getwid-section__inner-content\">\n<div class=\"wp-block-getwid-advanced-heading\" style=\"margin-bottom:30px;margin-top:10px\"><h2 class=\"wp-block-getwid-advanced-heading__content has-text-color has-cyan-bluish-gray-color\" style=\"text-align:center\">Equip directiu <\/h2><\/div>\n\n\n\n<div class=\"wp-block-columns has-3-columns has-cyan-bluish-gray-color has-white-background-color has-text-color has-background has-link-color wp-elements-309b4e54b9cd6cc414393433109d7428 is-layout-flex wp-container-core-columns-is-layout-1 wp-block-columns-is-layout-flex\">\n<div class=\"wp-block-column is-layout-flow wp-block-column-is-layout-flow\">\n<div class=\"wp-block-getwid-icon-box has-text-center\"><div class=\"wp-block-getwid-icon-box__icon-container is-position-top\"><div class=\"wp-block-getwid-icon-box__icon-wrapper has-text-color\" style=\"font-size:36px;padding:0px;color:#000000\"><i class=\"far fa-bell\"><\/i><\/div><\/div><div class=\"wp-block-getwid-icon-box__content\">\n<div class=\"wp-block-getwid-advanced-heading\"><h3 class=\"wp-block-getwid-advanced-heading__content\"><a href=\"https:\/\/drive.google.com\/file\/d\/1v1vS2WBcxbF77MVWGDAsfjIBYLV4M8lX\/view?usp=drive_link\">Direcci\u00f3 <\/a><\/h3><\/div>\n\n\n\n<p>Liderem l\u2019escola amb comprom\u00eds, innovaci\u00f3 i una visi\u00f3 inclusiva per garantir una educaci\u00f3 de qualitat per a tots els infants.<\/p>\n<\/div><\/div>\n<\/div>\n\n\n\n<div class=\"wp-block-column is-layout-flow wp-block-column-is-layout-flow\">\n<div class=\"wp-block-getwid-icon-box has-text-center\"><div class=\"wp-block-getwid-icon-box__icon-container is-position-top\"><div class=\"wp-block-getwid-icon-box__icon-wrapper has-text-color\" style=\"font-size:36px;padding:0px;color:#000000\"><i class=\"far fa-comment\"><\/i><\/div><\/div><div class=\"wp-block-getwid-icon-box__content\">\n<div class=\"wp-block-getwid-advanced-heading\"><h3 class=\"wp-block-getwid-advanced-heading__content\"><a href=\"https:\/\/drive.google.com\/file\/d\/1Upt86COw5Vjqgt7mdImdMmfwR3ON2G90\/view?usp=sharing\">Cap d&#8217;estudis<\/a><\/h3><\/div>\n\n\n\n<p>Coordinem l\u2019organitzaci\u00f3 pedag\u00f2gica amb dedicaci\u00f3 i treball en equip per afavorir un aprenentatge significatiu.<\/p>\n<\/div><\/div>\n<\/div>\n\n\n\n<div class=\"wp-block-column is-layout-flow wp-block-column-is-layout-flow\">\n<div class=\"wp-block-getwid-icon-box has-text-center\"><div class=\"wp-block-getwid-icon-box__icon-container is-position-top\"><div class=\"wp-block-getwid-icon-box__icon-wrapper has-text-color\" style=\"font-size:36px;padding:0px;color:#000000\"><i class=\"far fa-lightbulb\"><\/i><\/div><\/div><div class=\"wp-block-getwid-icon-box__content\">\n<div class=\"wp-block-getwid-advanced-heading\"><h3 class=\"wp-block-getwid-advanced-heading__content\">Secretaria <\/h3><\/div>\n\n\n\n<p>Gestionem amb rigor i proximitat l\u2019administraci\u00f3 del centre per oferir un servei eficient a tota la comunitat educativa.<\/p>\n<\/div><\/div>\n<\/div>\n<\/div>\n<\/div><\/div><\/div><\/div><\/div>\n\n\n\n<p><\/p>\n","protected":false},"excerpt":{"rendered":"<p>Som un grup de professionals il\u00b7lusionades que vetlla per la formaci\u00f3 integral dels infants Infantil 3 anys &#8211; I3 Olga Cabezas infantil3@rosasensat.com Infantil 4 anys &#8211; I4 Yolanda Berg\u00e9s infanti4@rosasensat.com Infantil 5 anys &#8211; I5 Nat\u00e0lia de Castro infantil5@rosasensat.com Primer &nbsp;Dolors Gramun aulaprimer@rosasensat.com Segon &nbsp;Ester Gallastegui aulasegon@rosasensat.com Tercer Carme Miranda aulatercer@rosasensat.com Quart Itziar Mui\u00f1os aulaquart@rosasensat.com [&hellip;]<\/p>\n","protected":false},"author":1,"featured_media":0,"parent":22,"menu_order":20,"comment_status":"closed","ping_status":"closed","template":"","meta":{"_bbp_topic_count":0,"_bbp_reply_count":0,"_bbp_total_topic_count":0,"_bbp_total_reply_count":0,"_bbp_voice_count":0,"_bbp_anonymous_reply_count":0,"_bbp_topic_count_hidden":0,"_bbp_reply_count_hidden":0,"_bbp_forum_subforum_count":0,"site-sidebar-layout":"default","site-content-layout":"","ast-site-content-layout":"default","site-content-style":"default","site-sidebar-style":"default","ast-global-header-display":"","ast-banner-title-visibility":"","ast-main-header-display":"","ast-hfb-above-header-display":"","ast-hfb-below-header-display":"","ast-hfb-mobile-header-display":"","site-post-title":"","ast-breadcrumbs-content":"","ast-featured-img":"","footer-sml-layout":"","theme-transparent-header-meta":"","adv-header-id-meta":"","stick-header-meta":"","header-above-stick-meta":"","header-main-stick-meta":"","header-below-stick-meta":"","astra-migrate-meta-layouts":"set","ast-page-background-enabled":"default","ast-page-background-meta":{"desktop":{"background-color":"var(--ast-global-color-4)","background-image":"","background-repeat":"repeat","background-position":"center center","background-size":"auto","background-attachment":"scroll","background-type":"","background-media":"","overlay-type":"","overlay-color":"","overlay-opacity":"","overlay-gradient":""},"tablet":{"background-color":"","background-image":"","background-repeat":"repeat","background-position":"center center","background-size":"auto","background-attachment":"scroll","background-type":"","background-media":"","overlay-type":"","overlay-color":"","overlay-opacity":"","overlay-gradient":""},"mobile":{"background-color":"","background-image":"","background-repeat":"repeat","background-position":"center center","background-size":"auto","background-attachment":"scroll","background-type":"","background-media":"","overlay-type":"","overlay-color":"","overlay-opacity":"","overlay-gradient":""}},"ast-content-background-meta":{"desktop":{"background-color":"var(--ast-global-color-5)","background-image":"","background-repeat":"repeat","background-position":"center center","background-size":"auto","background-attachment":"scroll","background-type":"","background-media":"","overlay-type":"","overlay-color":"","overlay-opacity":"","overlay-gradient":""},"tablet":{"background-color":"var(--ast-global-color-5)","background-image":"","background-repeat":"repeat","background-position":"center center","background-size":"auto","background-attachment":"scroll","background-type":"","background-media":"","overlay-type":"","overlay-color":"","overlay-opacity":"","overlay-gradient":""},"mobile":{"background-color":"var(--ast-global-color-5)","background-image":"","background-repeat":"repeat","background-position":"center center","background-size":"auto","background-attachment":"scroll","background-type":"","background-media":"","overlay-type":"","overlay-color":"","overlay-opacity":"","overlay-gradient":""}},"footnotes":""},"class_list":["post-26","page","type-page","status-publish","hentry"],"post_mailing_queue_ids":[],"_links":{"self":[{"href":"https:\/\/agora.xtec.cat\/ceip-rosasensat-elmasnou\/wp-json\/wp\/v2\/pages\/26","targetHints":{"allow":["GET"]}}],"collection":[{"href":"https:\/\/agora.xtec.cat\/ceip-rosasensat-elmasnou\/wp-json\/wp\/v2\/pages"}],"about":[{"href":"https:\/\/agora.xtec.cat\/ceip-rosasensat-elmasnou\/wp-json\/wp\/v2\/types\/page"}],"author":[{"embeddable":true,"href":"https:\/\/agora.xtec.cat\/ceip-rosasensat-elmasnou\/wp-json\/wp\/v2\/users\/1"}],"replies":[{"embeddable":true,"href":"https:\/\/agora.xtec.cat\/ceip-rosasensat-elmasnou\/wp-json\/wp\/v2\/comments?post=26"}],"version-history":[{"count":6,"href":"https:\/\/agora.xtec.cat\/ceip-rosasensat-elmasnou\/wp-json\/wp\/v2\/pages\/26\/revisions"}],"predecessor-version":[{"id":6039,"href":"https:\/\/agora.xtec.cat\/ceip-rosasensat-elmasnou\/wp-json\/wp\/v2\/pages\/26\/revisions\/6039"}],"up":[{"embeddable":true,"href":"https:\/\/agora.xtec.cat\/ceip-rosasensat-elmasnou\/wp-json\/wp\/v2\/pages\/22"}],"wp:attachment":[{"href":"https:\/\/agora.xtec.cat\/ceip-rosasensat-elmasnou\/wp-json\/wp\/v2\/media?parent=26"}],"curies":[{"name":"wp","href":"https:\/\/api.w.org\/{rel}","templated":true}]}}