{"id":26,"date":"2014-09-18T12:24:32","date_gmt":"2014-09-18T10:24:32","guid":{"rendered":"http:\/\/agora.xtec.cat\/ceip-rnx-manresa\/?page_id=26"},"modified":"2026-01-27T13:41:05","modified_gmt":"2026-01-27T12:41:05","slug":"historia","status":"publish","type":"page","link":"https:\/\/agora.xtec.cat\/ceip-rnx-manresa\/lescola\/historia\/","title":{"rendered":"Hist\u00f2ria"},"content":{"rendered":"<p><b>El Grup Escolar Renaixen\u00e7a<\/b><\/p>\n<p><center><img decoding=\"async\" src=\"https:\/\/www.memoria.cat\/mestres\/wp-content\/uploads\/sites\/195\/2025\/03\/mes-1_6.jpg\" \/><\/center>15\/9\/1934: l\u2018edifici del Grup Escolar Renaixen\u00e7a, el dia de la seva inauguraci\u00f3, el 15 de setembre de 1934 (Col\u00b7lecci\u00f3 particular fam\u00edlia Montserrat-Delhom)<\/p>\n<p><center><img decoding=\"async\" src=\"https:\/\/www.memoria.cat\/mestres\/wp-content\/uploads\/sites\/195\/2025\/03\/mes-10_1.jpg\" \/><\/center>&nbsp;<\/p>\n<p><center><img decoding=\"async\" src=\"https:\/\/www.memoria.cat\/mestres\/wp-content\/uploads\/sites\/195\/2025\/03\/mes-9_1.jpg\" \/><\/center>15\/9\/1934: Inauguraci\u00f3 del Grup Escolar Renaixen\u00e7a a c\u00e0rrec del president de la Generalitat Llu\u00eds Companys i del conseller de Cultura Ventura Gassol. (Arxiu Comarcal del Bages i col\u00b7lecci\u00f3 particular fam\u00edlia Aloy-Riera)<\/p>\n<p><center><img decoding=\"async\" src=\"https:\/\/www.memoria.cat\/mestres\/wp-content\/uploads\/sites\/195\/2025\/03\/mes-renaixenca-1934-rosamarialoy.jpg\" \/><\/center>Curs 1934-1935: fotografia del primer grup de mestres que van inaugurar el Grup Escolar Renaixen\u00e7a el curs 1934-1935. A la fila davantera, bo i asseguts, hi distingim d\u2018esquerra a dreta, Jaume Roig\u00e9, Josefa Maria Bara, Rosa Delhom, Rosa Virgili i Hermenegild Llad\u00f3. A la fila del darrere, bo i drets i d\u2018esquerra a dreta, hi veiem un mestre sense identificar, Pere Aloy, Josep M. Gabriel, Francesca Treserras, \u00c0ngela Mat\u00f3, Josepa Borr\u00e0s, Teresa Sansa, Vicenta Cuende, un mestre sense identificar, Rosa Macau i Joan Mart\u00ed. (Col.lecci\u00f3 particular fam\u00edlia Aloy-Riera)<\/p>\n<p><img decoding=\"async\" src=\"https:\/\/www.memoria.cat\/mestres\/wp-content\/uploads\/sites\/195\/2025\/03\/mes-1_7.jpg\" \/><\/p>\n<p><center><img decoding=\"async\" src=\"https:\/\/www.memoria.cat\/mestres\/wp-content\/uploads\/sites\/195\/2025\/03\/mes-1_7.jpg\" \/><\/center>1934: recull de les imatges incloses en el reportatge que el n\u00famero 16 de la revista A.C. Documentos de Actividad Contempornea dedic\u00e0 a l&#8217;arquitectura de la Renaixen\u00e7a. Aquesta revista trimestral era publicada pel GATEPAC, acr\u00f2nim de Grupo de Artistas y T\u00e9cnicos Espa\u00f1oles para el Progreso de la Arquitectura Contempor\u00e1nea, que va promoure l&#8217;arquitectura racionalista durant la d\u00e8cada de 1930. (A.C Documentos de Actividad Contemporanea)<\/p>\n<p><center><a href=\"https:\/\/agora.xtec.cat\/ceip-rnx-manresa\/wp-content\/uploads\/usu1177\/2026\/01\/mes-sin-titulo-14.jpg\"><img loading=\"lazy\" decoding=\"async\" class=\"aligncenter size-full wp-image-17645\" src=\"https:\/\/agora.xtec.cat\/ceip-rnx-manresa\/wp-content\/uploads\/usu1177\/2026\/01\/mes-sin-titulo-14.jpg\" alt=\"\" width=\"500\" height=\"347\" srcset=\"https:\/\/agora.xtec.cat\/ceip-rnx-manresa\/wp-content\/uploads\/usu1177\/2026\/01\/mes-sin-titulo-14.jpg 500w, https:\/\/agora.xtec.cat\/ceip-rnx-manresa\/wp-content\/uploads\/usu1177\/2026\/01\/mes-sin-titulo-14-300x208.jpg 300w\" sizes=\"auto, (max-width: 500px) 100vw, 500px\" \/><\/a><\/center>Novembre 1935: foto divertida d\u2018un grup de mestres imitant els alumnes. Hi veiem les mestres del Grup Escolar Renaixen\u00e7a Josepa Riera Vives, dreta davant la pissarra, i Maria Llaveries Viladomiu, en primer terme a la dreta, fent veure que escriu. (Col.lecci\u00f3 particular de la fam\u00edlia Aloy-Riera)<\/p>\n<p><center><img decoding=\"async\" src=\"https:\/\/www.memoria.cat\/mestres\/wp-content\/uploads\/sites\/195\/2025\/03\/mes-piscina_municipal.jpg\" \/><\/center>1935-36: fotografia de mestres del Grup Escolar Renaixen\u00e7a, possiblement del curs 1935-1936, feta davant la piscina municipal de Manresa. Hi podem veure Josep M. Gabriel, Merc\u00e8 Bot\u00f3, Jaume Roig, Francesca Treserras i Hermenegild Llad\u00f3 a la fila davantera i, al darrere, Pere Aloy, Josep Borr\u00e0s, Josepa Riera, Maria Llaveries i una mestra no identificada. (Collecci\u00f3 particular de la fam\u00edlia Aloy-Riera)<\/p>\n<p><center><img decoding=\"async\" src=\"https:\/\/www.memoria.cat\/mestres\/wp-content\/uploads\/sites\/195\/2025\/03\/mes-1935-sant_ignasi.jpg\" \/><\/center>1936: fotografia de mestres del Grup Escolar Renaixen\u00e7a a l\u2018edifici de Sant Ignasi feta possiblement a l\u2018any 1936. D\u2018esquerra a dreta hi veiem Joan Mart\u00ed, Josepa Riera, Francesca Treserras, Hermenegild Llad\u00f3, Josepa Borr\u00e0s, Merc\u00e8 Bot\u00f3, Pere Aloy, Maria Llaveries i Josep M. Gabriel. (Col.lecci\u00f3 particular de la fam\u00edlia Aloy-Riera)<\/p>\n<p><center><img decoding=\"async\" src=\"https:\/\/www.memoria.cat\/mestres\/wp-content\/uploads\/sites\/195\/2025\/03\/mes-foto-4.jpg\" \/><\/center>1936: fotografia de mestres del Grup Escolar Renaixen\u00e7a; d\u2018esquerra a dreta s\u00f3n Maria Llaveries, Merc\u00e8 Bot\u00f3, Vicenta Cuende, Josepa Riera, Josepa Borr\u00e0s i \u00c0ngela Mat\u00f3. (Col.lecci\u2014 particular de la fam\u00edlia Aloy-Riera)<\/p>\n<p><center><img decoding=\"async\" src=\"https:\/\/www.memoria.cat\/mestres\/wp-content\/uploads\/sites\/195\/2025\/03\/mes-mestres_renaixenca_35-36.jpg\" \/><\/center>17\/9\/1936: fotografia dels mestres del Grup Escolar Renaixen\u00e7a. Bo i assegudes, d\u2018esquerra a dreta, hi veiem Maria Llaveries, Josepa Riera, Vicenta Cuende, Rosa Delhom, Josepa Borr\u00e0s, \u00cbngela Mata i Merc\u00e8 Bot\u00f3. Darrere, bo i drets, hi ha Francesca Treserras, Pere Aloy, Josep M. Gabriel, un mestre sense identificar, Ricardo Molner, Te\u00f3filo Anguiano, Joan Mart\u00ed, Hermenegild Llad\u00f3 i Jaume Roig. (Arxiu Comarcal del Bages)<\/p>\n<p><center><img decoding=\"async\" src=\"https:\/\/www.memoria.cat\/mestres\/wp-content\/uploads\/sites\/195\/2025\/03\/mes-foto-3.jpg\" \/><\/center>1936: fotografia de mestres del Grup Escolar Renaixen\u00e7a feta possiblement a l\u2018any 1936. A la fila davantera Hi ha un mestre no identificat, Josep M. Gabriel, Vicenta Cuende, Josepa Rira i Te\u00f3filo Anguiano; a la segona fila Hermenegild Llad\u00f3, Merc\u00e8 Bote, Francesc Treserras, Josepa Borr\u00e0s, Maria Llaveries, una mestra no identificada i Joan Mart\u00ed; i a la tercera fila Ricardo Molner, Jaume Roig, una mestra sense identificar, Pere Aloy i \u00c0ngela Mat\u00f3. (Col.lecci\u00f3 particular de la fam\u00edlia Aloy-Riera)<\/p>\n<p><center><a href=\"https:\/\/agora.xtec.cat\/ceip-rnx-manresa\/wp-content\/uploads\/usu1177\/2026\/01\/mes-sin-titulo-1.jpg\"><img loading=\"lazy\" decoding=\"async\" class=\"aligncenter size-full wp-image-17649\" src=\"https:\/\/agora.xtec.cat\/ceip-rnx-manresa\/wp-content\/uploads\/usu1177\/2026\/01\/mes-sin-titulo-1.jpg\" alt=\"\" width=\"500\" height=\"323\" srcset=\"https:\/\/agora.xtec.cat\/ceip-rnx-manresa\/wp-content\/uploads\/usu1177\/2026\/01\/mes-sin-titulo-1.jpg 500w, https:\/\/agora.xtec.cat\/ceip-rnx-manresa\/wp-content\/uploads\/usu1177\/2026\/01\/mes-sin-titulo-1-300x194.jpg 300w\" sizes=\"auto, (max-width: 500px) 100vw, 500px\" \/><\/a> <a href=\"https:\/\/agora.xtec.cat\/ceip-rnx-manresa\/wp-content\/uploads\/usu1177\/2026\/01\/mes-sin-titulo-6.jpg\"><img loading=\"lazy\" decoding=\"async\" class=\"aligncenter size-large wp-image-17650\" src=\"https:\/\/agora.xtec.cat\/ceip-rnx-manresa\/wp-content\/uploads\/usu1177\/2026\/01\/mes-sin-titulo-6.jpg\" alt=\"\" width=\"500\" height=\"360\" srcset=\"https:\/\/agora.xtec.cat\/ceip-rnx-manresa\/wp-content\/uploads\/usu1177\/2026\/01\/mes-sin-titulo-6.jpg 500w, https:\/\/agora.xtec.cat\/ceip-rnx-manresa\/wp-content\/uploads\/usu1177\/2026\/01\/mes-sin-titulo-6-300x216.jpg 300w\" sizes=\"auto, (max-width: 500px) 100vw, 500px\" \/><\/a> <a href=\"https:\/\/agora.xtec.cat\/ceip-rnx-manresa\/wp-content\/uploads\/usu1177\/2026\/01\/timthumb.jpg\"><img loading=\"lazy\" decoding=\"async\" class=\"aligncenter size-large wp-image-17651\" src=\"https:\/\/agora.xtec.cat\/ceip-rnx-manresa\/wp-content\/uploads\/usu1177\/2026\/01\/timthumb.jpg\" alt=\"\" width=\"500\" height=\"333\" srcset=\"https:\/\/agora.xtec.cat\/ceip-rnx-manresa\/wp-content\/uploads\/usu1177\/2026\/01\/timthumb.jpg 500w, https:\/\/agora.xtec.cat\/ceip-rnx-manresa\/wp-content\/uploads\/usu1177\/2026\/01\/timthumb-300x200.jpg 300w\" sizes=\"auto, (max-width: 500px) 100vw, 500px\" \/><\/a><\/center>Imatges de diferents sortides d\u2018un grup de mestres del Grup Escolar Renaixen\u00e7a. (Col.lecci\u00f3 particular fam\u00edlia Aloy-Riera)<\/p>\n<p><img decoding=\"async\" src=\"https:\/\/www.memoria.cat\/mestres\/wp-content\/uploads\/sites\/195\/2025\/03\/mes-11_0.jpg\" \/><\/p>\n<p><img decoding=\"async\" src=\"https:\/\/www.memoria.cat\/mestres\/wp-content\/uploads\/sites\/195\/2025\/03\/mes-13_0.jpg\" \/><\/p>\n<p>12\/7\/1936: celebraci\u00f3 dels Jocs Florals Infantils en la Festa Major del Grup Escolar Renaixen\u00e7a, amb motiu de la finalitzaci\u00f3 del curs escolar 1935-36. Una setmana despr\u00e9s comen\u00e7ava la Guerra Civil. (Arxiu Comarcal del Bages)<\/p>\n<p><center><img decoding=\"async\" src=\"https:\/\/www.memoria.cat\/mestres\/wp-content\/uploads\/sites\/195\/2025\/03\/mes-escola_reinaxenca_generalisimo_franco1_copia.jpg\" \/><\/center>s\/d: l\u2018escola amb el nom que li va imposar el franquisme: &#8220;Grupo Escolar General\u00edsimo Franco&#8221;. Aquesta imatge correspon al principi de la d\u00e8cada de 1940. (Arxiu Comarcal del Bages)<\/p>\n<p><center><img decoding=\"async\" src=\"https:\/\/www.memoria.cat\/mestres\/wp-content\/uploads\/sites\/195\/2025\/03\/mes-1._tarres.jpg\" \/><\/center><img decoding=\"async\" src=\"https:\/\/www.memoria.cat\/mestres\/wp-content\/uploads\/sites\/195\/2025\/03\/mes-1._tarres.jpg\" \/><\/p>\n<p>Estoig que Ignasi Tarr\u00e9s Llad\u00f3 duia al Grup Escolar Renaixen\u00e7a. (Col.lecci\u00f3 particular de la fam\u00edlia d\u2018Ignasi Tarr\u00e9s)<\/p>\n<p><center><img decoding=\"async\" src=\"https:\/\/www.memoria.cat\/mestres\/wp-content\/uploads\/sites\/195\/2025\/03\/mes-2._tarres.jpg\" \/><\/center>Xapa que li van regalar a Ignasi Tarr\u00e9s Llad\u00f3 en una festa del llibre del Grup Escolar Renaixen\u00e7a. (Col.lecci\u00f3 particular de la fam\u00edlia d\u2018Ignasi Tarr\u00e9s)<\/p>\n","protected":false},"excerpt":{"rendered":"<p>El Grup Escolar Renaixen\u00e7a 15\/9\/1934: l\u2018edifici del Grup Escolar Renaixen\u00e7a, el dia de la seva inauguraci\u00f3, el 15 de setembre de 1934 (Col\u00b7lecci\u00f3 particular fam\u00edlia Montserrat-Delhom) &nbsp; 15\/9\/1934: Inauguraci\u00f3 del Grup Escolar Renaixen\u00e7a a c\u00e0rrec del president de la Generalitat Llu\u00eds Companys i del conseller de Cultura Ventura Gassol. (Arxiu Comarcal del Bages i col\u00b7lecci\u00f3 [&hellip;]<\/p>\n","protected":false},"author":1,"featured_media":0,"parent":22,"menu_order":20,"comment_status":"closed","ping_status":"closed","template":"","meta":{"_bbp_topic_count":0,"_bbp_reply_count":0,"_bbp_total_topic_count":0,"_bbp_total_reply_count":0,"_bbp_voice_count":0,"_bbp_anonymous_reply_count":0,"_bbp_topic_count_hidden":0,"_bbp_reply_count_hidden":0,"_bbp_forum_subforum_count":0,"site-sidebar-layout":"default","site-content-layout":"","ast-site-content-layout":"default","site-content-style":"default","site-sidebar-style":"default","ast-global-header-display":"","ast-banner-title-visibility":"","ast-main-header-display":"","ast-hfb-above-header-display":"","ast-hfb-below-header-display":"","ast-hfb-mobile-header-display":"","site-post-title":"","ast-breadcrumbs-content":"","ast-featured-img":"","footer-sml-layout":"","theme-transparent-header-meta":"default","adv-header-id-meta":"","stick-header-meta":"","header-above-stick-meta":"","header-main-stick-meta":"","header-below-stick-meta":"","astra-migrate-meta-layouts":"set","ast-page-background-enabled":"default","ast-page-background-meta":{"desktop":{"background-color":"var(--ast-global-color-4)","background-image":"","background-repeat":"repeat","background-position":"center center","background-size":"auto","background-attachment":"scroll","background-type":"","background-media":"","overlay-type":"","overlay-color":"","overlay-opacity":"","overlay-gradient":""},"tablet":{"background-color":"","background-image":"","background-repeat":"repeat","background-position":"center center","background-size":"auto","background-attachment":"scroll","background-type":"","background-media":"","overlay-type":"","overlay-color":"","overlay-opacity":"","overlay-gradient":""},"mobile":{"background-color":"","background-image":"","background-repeat":"repeat","background-position":"center center","background-size":"auto","background-attachment":"scroll","background-type":"","background-media":"","overlay-type":"","overlay-color":"","overlay-opacity":"","overlay-gradient":""}},"ast-content-background-meta":{"desktop":{"background-color":"var(--ast-global-color-5)","background-image":"","background-repeat":"repeat","background-position":"center center","background-size":"auto","background-attachment":"scroll","background-type":"","background-media":"","overlay-type":"","overlay-color":"","overlay-opacity":"","overlay-gradient":""},"tablet":{"background-color":"var(--ast-global-color-5)","background-image":"","background-repeat":"repeat","background-position":"center center","background-size":"auto","background-attachment":"scroll","background-type":"","background-media":"","overlay-type":"","overlay-color":"","overlay-opacity":"","overlay-gradient":""},"mobile":{"background-color":"var(--ast-global-color-5)","background-image":"","background-repeat":"repeat","background-position":"center center","background-size":"auto","background-attachment":"scroll","background-type":"","background-media":"","overlay-type":"","overlay-color":"","overlay-opacity":"","overlay-gradient":""}},"footnotes":""},"class_list":["post-26","page","type-page","status-publish","hentry"],"post_mailing_queue_ids":[],"_links":{"self":[{"href":"https:\/\/agora.xtec.cat\/ceip-rnx-manresa\/wp-json\/wp\/v2\/pages\/26","targetHints":{"allow":["GET"]}}],"collection":[{"href":"https:\/\/agora.xtec.cat\/ceip-rnx-manresa\/wp-json\/wp\/v2\/pages"}],"about":[{"href":"https:\/\/agora.xtec.cat\/ceip-rnx-manresa\/wp-json\/wp\/v2\/types\/page"}],"author":[{"embeddable":true,"href":"https:\/\/agora.xtec.cat\/ceip-rnx-manresa\/wp-json\/wp\/v2\/users\/1"}],"replies":[{"embeddable":true,"href":"https:\/\/agora.xtec.cat\/ceip-rnx-manresa\/wp-json\/wp\/v2\/comments?post=26"}],"version-history":[{"count":6,"href":"https:\/\/agora.xtec.cat\/ceip-rnx-manresa\/wp-json\/wp\/v2\/pages\/26\/revisions"}],"predecessor-version":[{"id":17654,"href":"https:\/\/agora.xtec.cat\/ceip-rnx-manresa\/wp-json\/wp\/v2\/pages\/26\/revisions\/17654"}],"up":[{"embeddable":true,"href":"https:\/\/agora.xtec.cat\/ceip-rnx-manresa\/wp-json\/wp\/v2\/pages\/22"}],"wp:attachment":[{"href":"https:\/\/agora.xtec.cat\/ceip-rnx-manresa\/wp-json\/wp\/v2\/media?parent=26"}],"curies":[{"name":"wp","href":"https:\/\/api.w.org\/{rel}","templated":true}]}}