{"id":805,"date":"2017-12-18T23:57:25","date_gmt":"2017-12-18T22:57:25","guid":{"rendered":"http:\/\/agora.xtec.cat\/ceip-rllullrubi\/?page_id=805"},"modified":"2023-08-06T13:14:11","modified_gmt":"2023-08-06T11:14:11","slug":"pla-de-menjador","status":"publish","type":"page","link":"https:\/\/agora.xtec.cat\/ceip-rllullrubi\/projecte-educatiu\/pla-de-menjador\/","title":{"rendered":"Menjador Escolar"},"content":{"rendered":"<p><span style=\"text-decoration: underline;\"><b>Pla de funcionament del Servei Escolar de Menjador<\/b><\/span><\/p>\n<p><b>Gesti\u00f3 del servei<\/b><\/p>\n<p><span style=\"font-weight: 400;\">At\u00e8s el qu\u00e8 disposa el Decret 160\/1996 de 14 de maig, la gesti\u00f3 del servei escolar de menjador del nostre centre \u00e9s cedit a l\u2019 AFA i que es realitza mitjan\u00e7ant el servei a una empresa del sector. <\/span><\/p>\n<p><b>Espais i instal\u00b7lacions<\/b><\/p>\n<p><span style=\"font-weight: 400;\">Per el correcte funcionament d\u2019aquest servei s\u2019utilitzen els seg\u00fcents espais: Office, Menjador (de P\u00b74 a 6\u00e8), Sala d\u2019usos m\u00faltiples. Aules (en el cas de P\u00b73), Biblioteca, Teatre, Patis, Lavabos d\u2019Educaci\u00f3 Infantil i Sala de mestres<\/span><i><span style=\"font-weight: 400;\"> (per \u00fas exclusiu del personal docent, d\u2019administraci\u00f3 i serveis i d\u2019altres professionals de l\u2019educaci\u00f3).<\/span><\/i><\/p>\n<p><span style=\"font-weight: 400;\">Segons les inclem\u00e8ncies meteorol\u00f2giques i\/o activitats que es realitzen a l\u2019espai de menjador, es fa \u00fas d\u2019altres espais amb l\u2019autoritzaci\u00f3 de direcci\u00f3.<\/span><\/p>\n<p><b>Capacitat<\/b><\/p>\n<p><span style=\"font-weight: 400;\">La capacitat m\u00e0xima d\u2019usuaris \u00e9s de 105 comensals per poder gaudir d\u2019unes condicions favorables.<\/span><\/p>\n<p><span style=\"font-weight: 400;\">Quan la capacitat m\u00e0xima de comensals es supera, es valora l&#8217;\u00fas d&#8217;altres espais perqu\u00e8 l&#8217;alumnat dini. Es vetlla per tal que les condicions de seguretat i higiene siguin les m\u00e9s \u00f2ptimes possibles.<\/span><\/p>\n<p><b>Usuaris<\/b><\/p>\n<p><span style=\"font-weight: 400;\">S\u00f3n possibles usuaris del servei tot l&#8217;alumnat. Tamb\u00e9 pot fer \u00fas del servei el personal docent i d&#8217;administraci\u00f3 i serveis, aix\u00ed com els membres de la Comunitat Educativa (si s&#8217;escau).<\/span><\/p>\n<p><b>Torns <\/b><\/p>\n<p><span style=\"font-weight: 400;\">Per tal d\u2019adaptar el servei al nombre d\u2019usuaris, es fan dos o tres torns, segons necessitats. <\/span><\/p>\n<p><b>Personal<\/b><\/p>\n<p><span style=\"font-weight: 400;\">Per cobrir les necessitats del servei, treballa un equip de \u00a0professionals amb la titulaci\u00f3 m\u00ednima de monitor\/a de menjador i acreditats amb el carnet de manipulador d\u2019aliments, i supervisat per un\/a coordinador\/a.<\/span><\/p>\n<p><b>Estudi quantitatiu i qualitatiu<\/b><\/p>\n<p><span style=\"font-weight: 400;\">L\u2019empresa de c\u00e0tering fa els men\u00fas i els inspecciona Departament de Salut en col\u00b7laboraci\u00f3 amb el Departament d\u2019Educaci\u00f3.<\/span><\/p>\n<p><b>Preu del servei<\/b><\/p>\n<p><span style=\"font-weight: 400;\">El preu proposat no pot ser superior al qu\u00e8 estableix per a cada curs el Departament d\u2019Educaci\u00f3.<\/span><\/p>\n<p><b>Objectius educatius i criteris alimentaris<\/b><\/p>\n<p><span style=\"font-weight: 400;\">Cobrir les necessitats nutritives dels\/les alumnes.<\/span><\/p>\n<p><span style=\"font-weight: 400;\">Adquisici\u00f3 dels h\u00e0bits socials, higi\u00e8nics i alimentaris en un marc de conviv\u00e8ncia dins del centre educatiu.<\/span><\/p>\n<p><span style=\"font-weight: 400;\">Educaci\u00f3 mediambiental: tractament de residus.<\/span><\/p>\n<p><b>Programaci\u00f3 d\u2019activitats <\/b><\/p>\n<p><span style=\"font-weight: 400;\">El programa d\u2019activitats l\u2019elabora l\u2019empresa de c\u00e0tering \u00a0i est\u00e0 dins el marc dels objectius esmentats.<\/span><\/p>\n<p><span style=\"font-weight: 400;\">El\/la coordinador\/a supervisar\u00e0 les activitats realitzades en aquesta franja hor\u00e0ria (visionat de pel\u00b7l\u00edcules, audicions, hort, tallers\u2026)<\/span><\/p>\n<p><b>Informaci\u00f3 a les fam\u00edlies<\/b><\/p>\n<p><span style=\"font-weight: 400;\">Es comunica a les fam\u00edlies el Projecte del menjador escolar, normativa, organitzaci\u00f3 i gesti\u00f3 a trav\u00e9s de fulls informatius.<\/span><\/p>\n<p><span style=\"font-weight: 400;\">S\u2019informa a les fam\u00edlies dels progressos dels nens i les nenes en els h\u00e0bits i les activitats treballades, de manera peri\u00f2dica.<\/span><\/p>\n<p><em>Darrera modificaci\u00f3 6 de juny de 2019<\/em><\/p>\n<p>Aqu\u00ed trobareu m\u00e9s informaci\u00f3 sobre el\u00a0 <a href=\"https:\/\/agora.xtec.cat\/ceip-rllullrubi\/ampa-2\/menjador-escolar\/\" target=\"_blank\" rel=\"noopener noreferrer\">PROJECTE<\/a> del menjador de l&#8217;escola.<\/p>\n<p>&nbsp;<\/p>\n","protected":false},"excerpt":{"rendered":"<p>Pla de funcionament del Servei Escolar de Menjador<br \/>\nGesti\u00f3 del servei<br \/>\nAt\u00e8s el qu\u00e8 disposa el Decret 160\/1996 de 14 de maig, la gesti\u00f3 del servei escolar de menjador del nostre centre \u00e9s cedit a l\u2019 AFA i que es realitza mitjan\u00e7ant el servei a una empresa&hellip;  <a href=\"https:\/\/agora.xtec.cat\/ceip-rllullrubi\/projecte-educatiu\/pla-de-menjador\/\" title=\"Read Menjador Escolar\">Llegeix m\u00e9s\u00bb<\/a><\/p>\n","protected":false},"author":1,"featured_media":0,"parent":64,"menu_order":60,"comment_status":"closed","ping_status":"closed","template":"page-templates\/side-menu.php","meta":{"_bbp_topic_count":0,"_bbp_reply_count":0,"_bbp_total_topic_count":0,"_bbp_total_reply_count":0,"_bbp_voice_count":0,"_bbp_anonymous_reply_count":0,"_bbp_topic_count_hidden":0,"_bbp_reply_count_hidden":0,"_bbp_forum_subforum_count":0,"footnotes":""},"class_list":["post-805","page","type-page","status-publish","hentry"],"post_mailing_queue_ids":[],"_links":{"self":[{"href":"https:\/\/agora.xtec.cat\/ceip-rllullrubi\/wp-json\/wp\/v2\/pages\/805","targetHints":{"allow":["GET"]}}],"collection":[{"href":"https:\/\/agora.xtec.cat\/ceip-rllullrubi\/wp-json\/wp\/v2\/pages"}],"about":[{"href":"https:\/\/agora.xtec.cat\/ceip-rllullrubi\/wp-json\/wp\/v2\/types\/page"}],"author":[{"embeddable":true,"href":"https:\/\/agora.xtec.cat\/ceip-rllullrubi\/wp-json\/wp\/v2\/users\/1"}],"replies":[{"embeddable":true,"href":"https:\/\/agora.xtec.cat\/ceip-rllullrubi\/wp-json\/wp\/v2\/comments?post=805"}],"version-history":[{"count":4,"href":"https:\/\/agora.xtec.cat\/ceip-rllullrubi\/wp-json\/wp\/v2\/pages\/805\/revisions"}],"predecessor-version":[{"id":8641,"href":"https:\/\/agora.xtec.cat\/ceip-rllullrubi\/wp-json\/wp\/v2\/pages\/805\/revisions\/8641"}],"up":[{"embeddable":true,"href":"https:\/\/agora.xtec.cat\/ceip-rllullrubi\/wp-json\/wp\/v2\/pages\/64"}],"wp:attachment":[{"href":"https:\/\/agora.xtec.cat\/ceip-rllullrubi\/wp-json\/wp\/v2\/media?parent=805"}],"curies":[{"name":"wp","href":"https:\/\/api.w.org\/{rel}","templated":true}]}}