{"id":30,"date":"2014-09-18T12:30:23","date_gmt":"2014-09-18T11:30:23","guid":{"rendered":"http:\/\/agora.xtec.cat\/ceip-rllullrubi\/?page_id=30"},"modified":"2024-07-17T16:15:50","modified_gmt":"2024-07-17T14:15:50","slug":"instal%c2%b7lacions","status":"publish","type":"page","link":"https:\/\/agora.xtec.cat\/ceip-rllullrubi\/lescola\/instal%c2%b7lacions\/","title":{"rendered":"Instal\u00b7lacions"},"content":{"rendered":"<p>L&#8217;Escola Ramon Llull \u00e9s un edifici emblem\u00e0tic de Rubi, de l&#8217;arquitecte\u00a0Sr. Francesc Mitjans.<\/p>\n<p>Compte amb:<\/p>\n<ul>\n<li>classes assoleiades i espaioses dotades amb ordinadors, projectors i pissares digitals,<\/li>\n<li>sala d\u2019usos m\u00faltiples -gimn\u00e0s- (espatlleres, corda a sostre, matal\u00e0s i materials per circuits, pre-esport i esport),<\/li>\n<li>tatami (materials sensorials i circuits de psicomotricitat),<\/li>\n<li>biblioteca escolar <em>Isabel S\u00e1nchez (<\/em>ordinadors, projector, llibres infantil i juvenil),<\/li>\n<li>aula de rob\u00f2tica,<\/li>\n<li>armaris d&#8217;ordinadors port\u00e0tils, chromebooks i tablets,<\/li>\n<li>teatre (escenari, il\u00b7luminaci\u00f3 teatral, ordinador i projector),<\/li>\n<li>dues aules d\u2019angl\u00e8s (ordinadors i pissarra digital),<\/li>\n<li>aula de m\u00fasica (teclat, instruments musical, projector i pissarra digital),<\/li>\n<li><em>aula de colors<\/em> (aula de diversitat),<\/li>\n<li>menjador escolar amb men\u00fas en base a unes mat\u00e8ries primeres ecol\u00f2giques i de proximitat,<\/li>\n<li>vestuaris amb dutxes,<\/li>\n<li>8.138m<sup>2<\/sup> de pati amb una p\u00e8rgola, sorral i espai de jocs infantils, jocs tradicionals a terra, taules de <em>ping pong,\u00a0<\/em>pistes poliesportives de b\u00e0squet i futbol,<\/li>\n<li>hort,<\/li>\n<li>roc\u00f2drom,<\/li>\n<li>aix\u00ed com diferents espais per reunions i\/o coordinacions.<\/li>\n<\/ul>\n<p><a href=\"https:\/\/photos.app.goo.gl\/Ig4j4uyhv388Iptw1\" target=\"_blank\" rel=\"noopener noreferrer\"><img loading=\"lazy\" decoding=\"async\" class=\"aligncenter wp-image-1527 \" src=\"https:\/\/agora.xtec.cat\/ceip-rllullrubi\/wp-content\/uploads\/usu1358\/2014\/09\/portada.jpg\" alt=\"\" width=\"888\" height=\"592\" srcset=\"https:\/\/agora.xtec.cat\/ceip-rllullrubi\/wp-content\/uploads\/usu1358\/2014\/09\/portada.jpg 1024w, https:\/\/agora.xtec.cat\/ceip-rllullrubi\/wp-content\/uploads\/usu1358\/2014\/09\/portada-300x200.jpg 300w, https:\/\/agora.xtec.cat\/ceip-rllullrubi\/wp-content\/uploads\/usu1358\/2014\/09\/portada-768x512.jpg 768w\" sizes=\"auto, (max-width: 888px) 100vw, 888px\" \/><\/a><\/p>\n<p>&nbsp;<\/p>\n","protected":false},"excerpt":{"rendered":"<p>L&#8217;Escola Ramon Llull \u00e9s un edifici emblem\u00e0tic de Rubi, de l&#8217;arquitecte\u00a0Sr. Francesc Mitjans.<br \/>\nCompte amb:<\/p>\n<ul>\n<li>classes assoleiades i espaioses dotades amb ordinadors, projectors i pissares digitals,<\/li>\n<li>sala d\u2019usos m\u00faltiples -gimn\u00e0s- (espatlleres, corda a sostre, matal\u00e0s i materials per circuits, pre-esport i esport),<\/li>\n<li>tatami (materials sensorials i circuits de psicomotricitat),<\/li>\n<li>biblioteca&hellip;  <a href=\"https:\/\/agora.xtec.cat\/ceip-rllullrubi\/lescola\/instal%c2%b7lacions\/\" title=\"Read Instal\u00b7lacions\">Llegeix m\u00e9s\u00bb<\/a><br \/>\n","protected":false},"author":1,"featured_media":0,"parent":22,"menu_order":40,"comment_status":"closed","ping_status":"closed","template":"page-templates\/side-menu.php","meta":{"_bbp_topic_count":0,"_bbp_reply_count":0,"_bbp_total_topic_count":0,"_bbp_total_reply_count":0,"_bbp_voice_count":0,"_bbp_anonymous_reply_count":0,"_bbp_topic_count_hidden":0,"_bbp_reply_count_hidden":0,"_bbp_forum_subforum_count":0,"footnotes":""},"class_list":["post-30","page","type-page","status-publish","hentry"],"post_mailing_queue_ids":[],"_links":{"self":[{"href":"https:\/\/agora.xtec.cat\/ceip-rllullrubi\/wp-json\/wp\/v2\/pages\/30","targetHints":{"allow":["GET"]}}],"collection":[{"href":"https:\/\/agora.xtec.cat\/ceip-rllullrubi\/wp-json\/wp\/v2\/pages"}],"about":[{"href":"https:\/\/agora.xtec.cat\/ceip-rllullrubi\/wp-json\/wp\/v2\/types\/page"}],"author":[{"embeddable":true,"href":"https:\/\/agora.xtec.cat\/ceip-rllullrubi\/wp-json\/wp\/v2\/users\/1"}],"replies":[{"embeddable":true,"href":"https:\/\/agora.xtec.cat\/ceip-rllullrubi\/wp-json\/wp\/v2\/comments?post=30"}],"version-history":[{"count":5,"href":"https:\/\/agora.xtec.cat\/ceip-rllullrubi\/wp-json\/wp\/v2\/pages\/30\/revisions"}],"predecessor-version":[{"id":15050,"href":"https:\/\/agora.xtec.cat\/ceip-rllullrubi\/wp-json\/wp\/v2\/pages\/30\/revisions\/15050"}],"up":[{"embeddable":true,"href":"https:\/\/agora.xtec.cat\/ceip-rllullrubi\/wp-json\/wp\/v2\/pages\/22"}],"wp:attachment":[{"href":"https:\/\/agora.xtec.cat\/ceip-rllullrubi\/wp-json\/wp\/v2\/media?parent=30"}],"curies":[{"name":"wp","href":"https:\/\/api.w.org\/{rel}","templated":true}]}}