{"id":2660,"date":"2018-11-16T13:29:01","date_gmt":"2018-11-16T12:29:01","guid":{"rendered":"http:\/\/agora.xtec.cat\/ceip-rllullrubi\/?page_id=2660"},"modified":"2025-10-29T15:12:49","modified_gmt":"2025-10-29T14:12:49","slug":"publicacio-de-vacants","status":"publish","type":"page","link":"https:\/\/agora.xtec.cat\/ceip-rllullrubi\/lescola\/consell-escolar\/publicacio-de-vacants\/","title":{"rendered":"Publicaci\u00f3 de vacants 2025"},"content":{"rendered":"<p>Us informem que el n\u00famero de vacants en el Consell Escolar \u00e9s el seg\u00fcent:<\/p>\n<ul>\n<li>3 membres del sector professorat: es cobreixen per elecci\u00f3 el dia de les votacions d&#8217;aquest sector,<\/li>\n<li>3 membres del sector pares: es cobreixen per elecci\u00f3 el dia de les votacions d&#8217;aquest sector (segons l&#8217;any de les votacions),<\/li>\n<li>1 membre del sector PAS: es cobreixen per elecci\u00f3 el dia de les votacions d&#8217;aquest sector (segons l&#8217;any de les votacions).<\/li>\n<\/ul>\n","protected":false},"excerpt":{"rendered":"<p>Us informem que el n\u00famero de vacants en el Consell Escolar \u00e9s el seg\u00fcent:<\/p>\n<ul>\n<li>3 membres del sector professorat: es cobreixen per elecci\u00f3 el dia de les votacions d&#8217;aquest sector,<\/li>\n<li>3 membres del sector pares: es cobreixen per elecci\u00f3 el dia de les votacions d&#8217;aquest sector (segons&hellip;  <a href=\"https:\/\/agora.xtec.cat\/ceip-rllullrubi\/lescola\/consell-escolar\/publicacio-de-vacants\/\" title=\"Read Publicaci\u00f3 de vacants 2025\">Llegeix m\u00e9s\u00bb<\/a><br \/>\n","protected":false},"author":1,"featured_media":0,"parent":28,"menu_order":400,"comment_status":"closed","ping_status":"closed","template":"page-templates\/side-menu.php","meta":{"_bbp_topic_count":0,"_bbp_reply_count":0,"_bbp_total_topic_count":0,"_bbp_total_reply_count":0,"_bbp_voice_count":0,"_bbp_anonymous_reply_count":0,"_bbp_topic_count_hidden":0,"_bbp_reply_count_hidden":0,"_bbp_forum_subforum_count":0,"footnotes":""},"class_list":["post-2660","page","type-page","status-publish","hentry"],"post_mailing_queue_ids":[],"_links":{"self":[{"href":"https:\/\/agora.xtec.cat\/ceip-rllullrubi\/wp-json\/wp\/v2\/pages\/2660","targetHints":{"allow":["GET"]}}],"collection":[{"href":"https:\/\/agora.xtec.cat\/ceip-rllullrubi\/wp-json\/wp\/v2\/pages"}],"about":[{"href":"https:\/\/agora.xtec.cat\/ceip-rllullrubi\/wp-json\/wp\/v2\/types\/page"}],"author":[{"embeddable":true,"href":"https:\/\/agora.xtec.cat\/ceip-rllullrubi\/wp-json\/wp\/v2\/users\/1"}],"replies":[{"embeddable":true,"href":"https:\/\/agora.xtec.cat\/ceip-rllullrubi\/wp-json\/wp\/v2\/comments?post=2660"}],"version-history":[{"count":6,"href":"https:\/\/agora.xtec.cat\/ceip-rllullrubi\/wp-json\/wp\/v2\/pages\/2660\/revisions"}],"predecessor-version":[{"id":16393,"href":"https:\/\/agora.xtec.cat\/ceip-rllullrubi\/wp-json\/wp\/v2\/pages\/2660\/revisions\/16393"}],"up":[{"embeddable":true,"href":"https:\/\/agora.xtec.cat\/ceip-rllullrubi\/wp-json\/wp\/v2\/pages\/28"}],"wp:attachment":[{"href":"https:\/\/agora.xtec.cat\/ceip-rllullrubi\/wp-json\/wp\/v2\/media?parent=2660"}],"curies":[{"name":"wp","href":"https:\/\/api.w.org\/{rel}","templated":true}]}}