{"id":22,"date":"2014-09-18T12:19:57","date_gmt":"2014-09-18T11:19:57","guid":{"rendered":"http:\/\/agora.xtec.cat\/ceip-rllullrubi\/?page_id=22"},"modified":"2024-01-25T19:22:13","modified_gmt":"2024-01-25T18:22:13","slug":"lescola","status":"publish","type":"page","link":"https:\/\/agora.xtec.cat\/ceip-rllullrubi\/lescola\/","title":{"rendered":"L&#8217;escola"},"content":{"rendered":"<p>L\u2019escola es dona a con\u00e8ixer a trav\u00e9s de la mirada, experi\u00e8ncies, viv\u00e8ncies i emocions viscudes de l&#8217;alumnat de l&#8217;escola.<\/p>\n<p>A trav\u00e9s d\u2019un brainstorming (pluja d\u2019idees), triatge d\u2019all\u00f2 que es pot realitzar, el treball cooperatiu, eines digitals i altres suports visuals, l&#8217;alumnat ha elaborat un v\u00eddeo de presentaci\u00f3 de l\u2019escola per les fam\u00edlies que venen a con\u00e8ixer el nostre projecte.<\/p>\n<p><iframe loading=\"lazy\" title=\"Fem de les Portes obertes un viatge de 6\u00e8 pel Llull\" width=\"500\" height=\"281\" src=\"https:\/\/www.youtube.com\/embed\/pSVRKakzmug?feature=oembed\" frameborder=\"0\" allow=\"accelerometer; autoplay; clipboard-write; encrypted-media; gyroscope; picture-in-picture; web-share\" referrerpolicy=\"strict-origin-when-cross-origin\" allowfullscreen><\/iframe><\/p>\n","protected":false},"excerpt":{"rendered":"<p>L\u2019escola es dona a con\u00e8ixer a trav\u00e9s de la mirada, experi\u00e8ncies, viv\u00e8ncies i emocions viscudes de l&#8217;alumnat de l&#8217;escola.<br \/>\nA trav\u00e9s d\u2019un brainstorming (pluja d\u2019idees), triatge d\u2019all\u00f2 que es pot realitzar, el treball cooperatiu, eines digitals i altres suports visuals, l&#8217;alumnat ha elaborat un v\u00eddeo de&hellip;  <a href=\"https:\/\/agora.xtec.cat\/ceip-rllullrubi\/lescola\/\" title=\"Read L&#8217;escola\">Llegeix m\u00e9s\u00bb<\/a><\/p>\n","protected":false},"author":1,"featured_media":0,"parent":0,"menu_order":0,"comment_status":"closed","ping_status":"closed","template":"page-templates\/side-menu.php","meta":{"_bbp_topic_count":0,"_bbp_reply_count":0,"_bbp_total_topic_count":0,"_bbp_total_reply_count":0,"_bbp_voice_count":0,"_bbp_anonymous_reply_count":0,"_bbp_topic_count_hidden":0,"_bbp_reply_count_hidden":0,"_bbp_forum_subforum_count":0,"footnotes":""},"class_list":["post-22","page","type-page","status-publish","hentry"],"post_mailing_queue_ids":[],"_links":{"self":[{"href":"https:\/\/agora.xtec.cat\/ceip-rllullrubi\/wp-json\/wp\/v2\/pages\/22","targetHints":{"allow":["GET"]}}],"collection":[{"href":"https:\/\/agora.xtec.cat\/ceip-rllullrubi\/wp-json\/wp\/v2\/pages"}],"about":[{"href":"https:\/\/agora.xtec.cat\/ceip-rllullrubi\/wp-json\/wp\/v2\/types\/page"}],"author":[{"embeddable":true,"href":"https:\/\/agora.xtec.cat\/ceip-rllullrubi\/wp-json\/wp\/v2\/users\/1"}],"replies":[{"embeddable":true,"href":"https:\/\/agora.xtec.cat\/ceip-rllullrubi\/wp-json\/wp\/v2\/comments?post=22"}],"version-history":[{"count":6,"href":"https:\/\/agora.xtec.cat\/ceip-rllullrubi\/wp-json\/wp\/v2\/pages\/22\/revisions"}],"predecessor-version":[{"id":14155,"href":"https:\/\/agora.xtec.cat\/ceip-rllullrubi\/wp-json\/wp\/v2\/pages\/22\/revisions\/14155"}],"wp:attachment":[{"href":"https:\/\/agora.xtec.cat\/ceip-rllullrubi\/wp-json\/wp\/v2\/media?parent=22"}],"curies":[{"name":"wp","href":"https:\/\/api.w.org\/{rel}","templated":true}]}}