{"id":14549,"date":"2024-04-04T18:19:37","date_gmt":"2024-04-04T16:19:37","guid":{"rendered":"https:\/\/agora.xtec.cat\/ceip-rllullrubi\/?page_id=14549"},"modified":"2024-10-02T06:47:46","modified_gmt":"2024-10-02T04:47:46","slug":"dia-de-la-terra","status":"publish","type":"page","link":"https:\/\/agora.xtec.cat\/ceip-rllullrubi\/transformem-el-mon\/dia-de-la-terra\/","title":{"rendered":"22A, Dia de la Terra"},"content":{"rendered":"<p>Cada 22 d&#8217;abril, des de l&#8217;any 2014, a Rub\u00ed se celebra el <a href=\"https:\/\/www.rubi.cat\/ca\/temes\/medi-ambient\/residus\/diadelaterra\" target=\"_blank\" rel=\"noopener\">DIA DE LA TERRA<\/a> amb l&#8217;objectiu de sensibilitzar la ciutadania sobre la necessitat de tenir cura del medi ambient des d&#8217;una visi\u00f3 global.<\/p>\n<p>La celebraci\u00f3 del Dia de la Terra pret\u00e9n ampliar i diversificar el moviment ambiental per tot el m\u00f3n per construir un medi ambient saludable i sostenible, abordar el canvi clim\u00e0tic i protegir la Terra per a les generacions futures.<\/p>\n<div id=\"viewlet-above-content-body\"><\/div>\n<div id=\"content-core\">\n<div id=\"parent-fieldname-text\" class=\"\">\n<p><img loading=\"lazy\" decoding=\"async\" class=\"image-right alignright\" title=\"Dia de la Terra\" src=\"https:\/\/www.rubi.cat\/fitxers\/imatges\/medi-ambient\/residus\/dia-de-la-terra\/hexagon-plantes.png\/@@images\/8189a8e7-1bc4-4d7b-8782-db848cf3f3c5.png\" alt=\"Dia de la Terra\" width=\"178\" height=\"200\" \/><strong>El 10\u00e8 aniversari de la celebraci\u00f3<\/strong>\u00a0del Dia de la Terra a Rub\u00ed \u00e9s una bona oportunitat per:<\/p>\n<ul>\n<li>Aturar-nos a observar, escoltar i fins i tot degustar el nostre entorn.<\/li>\n<li>Aprendre a identificar i valorar les esp\u00e8cies vegetals i animals que hi trobem.<\/li>\n<li>Descobrir el passat rural del lloc, abans d\u2019esdevenir una ciutat.<\/li>\n<\/ul>\n<p>Des de la modesta primera edici\u00f3 l&#8217;any 2014, amb activitats ja emblem\u00e0tiques com la Fira de la Terra, les portes obertes a les masies o els tallers de cuina a peu d&#8217;hort, el Dia de la Terra s&#8217;ha fet gran i ha anat afegint c\u00f2mplices d&#8217;edats, estils i \u00e0mbits molt diversos.\u00a0Persones, comer\u00e7os, entitats, escoles&#8230; que s&#8217;estimen la Terra i a trav\u00e9s de les seves accions i actituds treballen per conservar la bona salut del planeta a la ciutat i s&#8217;hi sumen, sempre entusiasmades, a celebrar el Dia de la Terra a Rub\u00ed.<\/p>\n<blockquote><p><em>&#8220;<i>L&#8217;\u00e9sser hum\u00e0 \u00e9s part de la naturalesa i la seva guerra contra ella \u00e9s, inevitablement, una guerra contra si mateix.<\/i>&#8220;<\/em><\/p><\/blockquote>\n<p><span class=\"discreet\">Rachel Carson,\u00a0bi\u00f2loga marina i escriptora naturalista.\u00a0<\/span><\/p>\n<\/div>\n<\/div>\n","protected":false},"excerpt":{"rendered":"<p>Cada 22 d&#8217;abril, des de l&#8217;any 2014, a Rub\u00ed se celebra el <a href=\"https:\/\/www.rubi.cat\/ca\/temes\/medi-ambient\/residus\/diadelaterra\" target=\"_blank\" rel=\"noopener\">DIA DE LA TERRA<\/a> amb l&#8217;objectiu de sensibilitzar la ciutadania sobre la necessitat de tenir cura del medi ambient des d&#8217;una visi\u00f3 global.<br \/>\nLa celebraci\u00f3 del Dia de la Terra pret\u00e9n&hellip;  <a href=\"https:\/\/agora.xtec.cat\/ceip-rllullrubi\/transformem-el-mon\/dia-de-la-terra\/\" title=\"Read 22A, Dia de la Terra\">Llegeix m\u00e9s\u00bb<\/a><\/p>\n","protected":false},"author":1,"featured_media":0,"parent":13391,"menu_order":20,"comment_status":"closed","ping_status":"closed","template":"page-templates\/side-menu.php","meta":{"_bbp_topic_count":0,"_bbp_reply_count":0,"_bbp_total_topic_count":0,"_bbp_total_reply_count":0,"_bbp_voice_count":0,"_bbp_anonymous_reply_count":0,"_bbp_topic_count_hidden":0,"_bbp_reply_count_hidden":0,"_bbp_forum_subforum_count":0,"footnotes":""},"class_list":["post-14549","page","type-page","status-publish","hentry"],"post_mailing_queue_ids":[],"_links":{"self":[{"href":"https:\/\/agora.xtec.cat\/ceip-rllullrubi\/wp-json\/wp\/v2\/pages\/14549","targetHints":{"allow":["GET"]}}],"collection":[{"href":"https:\/\/agora.xtec.cat\/ceip-rllullrubi\/wp-json\/wp\/v2\/pages"}],"about":[{"href":"https:\/\/agora.xtec.cat\/ceip-rllullrubi\/wp-json\/wp\/v2\/types\/page"}],"author":[{"embeddable":true,"href":"https:\/\/agora.xtec.cat\/ceip-rllullrubi\/wp-json\/wp\/v2\/users\/1"}],"replies":[{"embeddable":true,"href":"https:\/\/agora.xtec.cat\/ceip-rllullrubi\/wp-json\/wp\/v2\/comments?post=14549"}],"version-history":[{"count":6,"href":"https:\/\/agora.xtec.cat\/ceip-rllullrubi\/wp-json\/wp\/v2\/pages\/14549\/revisions"}],"predecessor-version":[{"id":14555,"href":"https:\/\/agora.xtec.cat\/ceip-rllullrubi\/wp-json\/wp\/v2\/pages\/14549\/revisions\/14555"}],"up":[{"embeddable":true,"href":"https:\/\/agora.xtec.cat\/ceip-rllullrubi\/wp-json\/wp\/v2\/pages\/13391"}],"wp:attachment":[{"href":"https:\/\/agora.xtec.cat\/ceip-rllullrubi\/wp-json\/wp\/v2\/media?parent=14549"}],"curies":[{"name":"wp","href":"https:\/\/api.w.org\/{rel}","templated":true}]}}