{"id":14356,"date":"2024-03-04T09:13:49","date_gmt":"2024-03-04T08:13:49","guid":{"rendered":"https:\/\/agora.xtec.cat\/ceip-rllullrubi\/?page_id=14356"},"modified":"2025-01-16T17:51:26","modified_gmt":"2025-01-16T16:51:26","slug":"portes-obertes-per-les-families-de-l-escola","status":"publish","type":"page","link":"https:\/\/agora.xtec.cat\/ceip-rllullrubi\/enrullat\/portes-obertes-per-les-families-de-l-escola\/","title":{"rendered":"Portes obertes per les fam\u00edlies de l&#8217; escola (2023-2024)"},"content":{"rendered":"<p style=\"text-align: center;\">Bon dia fam\u00edlies del Llull!<\/p>\n<p style=\"text-align: center;\">Els vostres fills i filles us volen ensenyar la seva aula, les seves feines i les compartides, on juguen i aprenen.<\/p>\n<p style=\"text-align: center;\">Per aix\u00f2 obrim les portes del Ramon Llull perqu\u00e8 passegeu mentre els vostres infants us expliquen an\u00e8cdotes del seu dia a dia a l\u2019escola.<\/p>\n<p style=\"text-align: center;\">El dimarts 5 i el dijous 7 de mar\u00e7 de 2024, de 16.30h a 17h podeu visitar tota l\u2019escola.<\/p>\n<p style=\"text-align: center;\"><img loading=\"lazy\" decoding=\"async\" class=\"aligncenter wp-image-14355\" src=\"https:\/\/agora.xtec.cat\/ceip-rllullrubi\/wp-content\/uploads\/usu1358\/2024\/03\/Blue-and-Green-Minimalist-Open-Enrollment-Instagram-Story-1.png\" alt=\"\" width=\"689\" height=\"1225\" srcset=\"https:\/\/agora.xtec.cat\/ceip-rllullrubi\/wp-content\/uploads\/usu1358\/2024\/03\/Blue-and-Green-Minimalist-Open-Enrollment-Instagram-Story-1.png 1080w, https:\/\/agora.xtec.cat\/ceip-rllullrubi\/wp-content\/uploads\/usu1358\/2024\/03\/Blue-and-Green-Minimalist-Open-Enrollment-Instagram-Story-1-169x300.png 169w, https:\/\/agora.xtec.cat\/ceip-rllullrubi\/wp-content\/uploads\/usu1358\/2024\/03\/Blue-and-Green-Minimalist-Open-Enrollment-Instagram-Story-1-576x1024.png 576w, https:\/\/agora.xtec.cat\/ceip-rllullrubi\/wp-content\/uploads\/usu1358\/2024\/03\/Blue-and-Green-Minimalist-Open-Enrollment-Instagram-Story-1-768x1365.png 768w, https:\/\/agora.xtec.cat\/ceip-rllullrubi\/wp-content\/uploads\/usu1358\/2024\/03\/Blue-and-Green-Minimalist-Open-Enrollment-Instagram-Story-1-864x1536.png 864w\" sizes=\"auto, (max-width: 689px) 100vw, 689px\" \/><\/p>\n","protected":false},"excerpt":{"rendered":"<p>Bon dia fam\u00edlies del Llull!<br \/>\nEls vostres fills i filles us volen ensenyar la seva aula, les seves feines i les compartides, on juguen i aprenen.<br \/>\nPer aix\u00f2 obrim les portes del Ramon Llull perqu\u00e8 passegeu mentre els vostres infants us expliquen an\u00e8cdotes del seu dia a&hellip;  <a href=\"https:\/\/agora.xtec.cat\/ceip-rllullrubi\/enrullat\/portes-obertes-per-les-families-de-l-escola\/\" title=\"Read Portes obertes per les fam\u00edlies de l&#8217; escola (2023-2024)\">Llegeix m\u00e9s\u00bb<\/a><\/p>\n","protected":false},"author":1,"featured_media":0,"parent":13577,"menu_order":400,"comment_status":"closed","ping_status":"closed","template":"page-templates\/side-menu.php","meta":{"_bbp_topic_count":0,"_bbp_reply_count":0,"_bbp_total_topic_count":0,"_bbp_total_reply_count":0,"_bbp_voice_count":0,"_bbp_anonymous_reply_count":0,"_bbp_topic_count_hidden":0,"_bbp_reply_count_hidden":0,"_bbp_forum_subforum_count":0,"footnotes":""},"class_list":["post-14356","page","type-page","status-publish","hentry"],"post_mailing_queue_ids":[],"_links":{"self":[{"href":"https:\/\/agora.xtec.cat\/ceip-rllullrubi\/wp-json\/wp\/v2\/pages\/14356","targetHints":{"allow":["GET"]}}],"collection":[{"href":"https:\/\/agora.xtec.cat\/ceip-rllullrubi\/wp-json\/wp\/v2\/pages"}],"about":[{"href":"https:\/\/agora.xtec.cat\/ceip-rllullrubi\/wp-json\/wp\/v2\/types\/page"}],"author":[{"embeddable":true,"href":"https:\/\/agora.xtec.cat\/ceip-rllullrubi\/wp-json\/wp\/v2\/users\/1"}],"replies":[{"embeddable":true,"href":"https:\/\/agora.xtec.cat\/ceip-rllullrubi\/wp-json\/wp\/v2\/comments?post=14356"}],"version-history":[{"count":4,"href":"https:\/\/agora.xtec.cat\/ceip-rllullrubi\/wp-json\/wp\/v2\/pages\/14356\/revisions"}],"predecessor-version":[{"id":15471,"href":"https:\/\/agora.xtec.cat\/ceip-rllullrubi\/wp-json\/wp\/v2\/pages\/14356\/revisions\/15471"}],"up":[{"embeddable":true,"href":"https:\/\/agora.xtec.cat\/ceip-rllullrubi\/wp-json\/wp\/v2\/pages\/13577"}],"wp:attachment":[{"href":"https:\/\/agora.xtec.cat\/ceip-rllullrubi\/wp-json\/wp\/v2\/media?parent=14356"}],"curies":[{"name":"wp","href":"https:\/\/api.w.org\/{rel}","templated":true}]}}