{"id":12670,"date":"2022-12-29T18:56:29","date_gmt":"2022-12-29T17:56:29","guid":{"rendered":"https:\/\/agora.xtec.cat\/ceip-rllullrubi\/?page_id=12670"},"modified":"2022-12-29T19:35:16","modified_gmt":"2022-12-29T18:35:16","slug":"manteniment-installacions","status":"publish","type":"page","link":"https:\/\/agora.xtec.cat\/ceip-rllullrubi\/manteniment-installacions\/","title":{"rendered":"Manteniment d&#8217; instal\u00b7lacions"},"content":{"rendered":"<ol>\n<li>Responsables<\/li>\n<\/ol>\n<p><span style=\"font-weight: 400;\">Tots els usuaris del centre en seran responsables del bon manteniment del mateix.<\/span><\/p>\n<p><span style=\"font-weight: 400;\">La responsabilitat de cadascuna de les parts seran les seg\u00fcents:<\/span><\/p>\n<p>Alumnes:<span style=\"font-weight: 400;\"> Fer un \u00fas adequat. Notificar els desperfectes i proposar millores al tutor\/a. Col\u00b7laborar a la reparaci\u00f3.<\/span><\/p>\n<p>Personal del centre: docents, personal PAS, auxiliars d&#8217;educaci\u00f3 especial, monitoratge i altres: Fer un \u00fas adequat. Notificar els desperfectes i proposar millores a direcci\u00f3 i\/o consergeria.<\/p>\n<p>Direcci\u00f3:<span style=\"font-weight: 400;\"> Coordinar les tasques de manteniment i de <\/span>gestionar les reparacions amb els serveis de l\u2019Ajuntament o\/i del Departament.<\/p>\n<p>Personal de neteja:<span style=\"font-weight: 400;\"> Fer un \u00fas adequat. Notificar els desperfectes i proposar millores.<\/span><\/p>\n<p>Conserge: Personal contractat per l&#8217;Ajuntament de Rub\u00ed. Gestionar les peticions de servei pel que fa a tasques de manteniment i tot el que consti en les seves funcions. Notificar els desperfectes i avaries a direcci\u00f3. Tenir cura del material de consergeria.<\/p>\n<p>2. Normes de funcionament<\/p>\n<p><span style=\"font-weight: 400;\">Tots els desperfectes o millores necess\u00e0ries seran informades al personal de consergeria i\/o al despatx de direcci\u00f3.<\/span><\/p>\n<p><span style=\"font-weight: 400;\">El personal de consergeria prendr\u00e0 nota de tots els desperfectes. Amb aquestes demandes es far\u00e0 l&#8217;acci\u00f3 corresponent: les podr\u00e0 executar el\/la mateix\/a conserge o far\u00e0 l&#8217;escrit sol\u00b7licitant les reparacions a c\u00e0rrec de l&#8217;Ajuntament.<\/span><\/p>\n","protected":false},"excerpt":{"rendered":"<ol>\n<li>Responsables<\/li>\n<\/ol>\n<p>Tots els usuaris del centre en seran responsables del bon manteniment del mateix.<br \/>\nLa responsabilitat de cadascuna de les parts seran les seg\u00fcents:<br \/>\nAlumnes: Fer un \u00fas adequat. Notificar els desperfectes i proposar millores al tutor\/a. Col\u00b7laborar a la reparaci\u00f3.<br \/>\nPersonal del centre: docents, personal PAS, auxiliars d&#8217;educaci\u00f3&hellip;  <a href=\"https:\/\/agora.xtec.cat\/ceip-rllullrubi\/manteniment-installacions\/\" title=\"Read Manteniment d&#8217; instal\u00b7lacions\">Llegeix m\u00e9s\u00bb<\/a><\/p>\n","protected":false},"author":1,"featured_media":0,"parent":0,"menu_order":0,"comment_status":"closed","ping_status":"closed","template":"page-templates\/side-menu.php","meta":{"_bbp_topic_count":0,"_bbp_reply_count":0,"_bbp_total_topic_count":0,"_bbp_total_reply_count":0,"_bbp_voice_count":0,"_bbp_anonymous_reply_count":0,"_bbp_topic_count_hidden":0,"_bbp_reply_count_hidden":0,"_bbp_forum_subforum_count":0,"footnotes":""},"class_list":["post-12670","page","type-page","status-publish","hentry"],"post_mailing_queue_ids":[],"_links":{"self":[{"href":"https:\/\/agora.xtec.cat\/ceip-rllullrubi\/wp-json\/wp\/v2\/pages\/12670","targetHints":{"allow":["GET"]}}],"collection":[{"href":"https:\/\/agora.xtec.cat\/ceip-rllullrubi\/wp-json\/wp\/v2\/pages"}],"about":[{"href":"https:\/\/agora.xtec.cat\/ceip-rllullrubi\/wp-json\/wp\/v2\/types\/page"}],"author":[{"embeddable":true,"href":"https:\/\/agora.xtec.cat\/ceip-rllullrubi\/wp-json\/wp\/v2\/users\/1"}],"replies":[{"embeddable":true,"href":"https:\/\/agora.xtec.cat\/ceip-rllullrubi\/wp-json\/wp\/v2\/comments?post=12670"}],"version-history":[{"count":3,"href":"https:\/\/agora.xtec.cat\/ceip-rllullrubi\/wp-json\/wp\/v2\/pages\/12670\/revisions"}],"predecessor-version":[{"id":12687,"href":"https:\/\/agora.xtec.cat\/ceip-rllullrubi\/wp-json\/wp\/v2\/pages\/12670\/revisions\/12687"}],"wp:attachment":[{"href":"https:\/\/agora.xtec.cat\/ceip-rllullrubi\/wp-json\/wp\/v2\/media?parent=12670"}],"curies":[{"name":"wp","href":"https:\/\/api.w.org\/{rel}","templated":true}]}}