{"id":12363,"date":"2022-11-13T19:28:21","date_gmt":"2022-11-13T18:28:21","guid":{"rendered":"https:\/\/agora.xtec.cat\/ceip-rllullrubi\/?page_id=12363"},"modified":"2022-11-13T19:28:27","modified_gmt":"2022-11-13T18:28:27","slug":"relacio-personal","status":"publish","type":"page","link":"https:\/\/agora.xtec.cat\/ceip-rllullrubi\/relacio-personal\/","title":{"rendered":"Relaci\u00f3 personal"},"content":{"rendered":"<p><span style=\"font-weight: 400;\">Les relacions entre tots els membres de la comunitat educativa ser\u00e0 presidida pel respecte mutu. <\/span><\/p>\n<p><span style=\"font-weight: 400;\">En cas de conflicte, s\u2019emprar\u00e0 la paraula com a m\u00e8tode de resoluci\u00f3 dels problemes. <\/span><\/p>\n<p><span style=\"font-weight: 400;\">En cas d\u2019impossibilitat de soluci\u00f3, es recorrer\u00e0 a demanar intervenci\u00f3 a la inst\u00e0ncia immediatament superior.<\/span><\/p>\n","protected":false},"excerpt":{"rendered":"<p>Les relacions entre tots els membres de la comunitat educativa ser\u00e0 presidida pel respecte mutu.<br \/>\nEn cas de conflicte, s\u2019emprar\u00e0 la paraula com a m\u00e8tode de resoluci\u00f3 dels problemes.<br \/>\nEn cas d\u2019impossibilitat de soluci\u00f3, es recorrer\u00e0 a demanar intervenci\u00f3 a la inst\u00e0ncia immediatament superior.<\/p>\n","protected":false},"author":1,"featured_media":0,"parent":0,"menu_order":0,"comment_status":"closed","ping_status":"closed","template":"page-templates\/side-menu.php","meta":{"_bbp_topic_count":0,"_bbp_reply_count":0,"_bbp_total_topic_count":0,"_bbp_total_reply_count":0,"_bbp_voice_count":0,"_bbp_anonymous_reply_count":0,"_bbp_topic_count_hidden":0,"_bbp_reply_count_hidden":0,"_bbp_forum_subforum_count":0,"footnotes":""},"class_list":["post-12363","page","type-page","status-publish","hentry"],"post_mailing_queue_ids":[],"_links":{"self":[{"href":"https:\/\/agora.xtec.cat\/ceip-rllullrubi\/wp-json\/wp\/v2\/pages\/12363","targetHints":{"allow":["GET"]}}],"collection":[{"href":"https:\/\/agora.xtec.cat\/ceip-rllullrubi\/wp-json\/wp\/v2\/pages"}],"about":[{"href":"https:\/\/agora.xtec.cat\/ceip-rllullrubi\/wp-json\/wp\/v2\/types\/page"}],"author":[{"embeddable":true,"href":"https:\/\/agora.xtec.cat\/ceip-rllullrubi\/wp-json\/wp\/v2\/users\/1"}],"replies":[{"embeddable":true,"href":"https:\/\/agora.xtec.cat\/ceip-rllullrubi\/wp-json\/wp\/v2\/comments?post=12363"}],"version-history":[{"count":1,"href":"https:\/\/agora.xtec.cat\/ceip-rllullrubi\/wp-json\/wp\/v2\/pages\/12363\/revisions"}],"predecessor-version":[{"id":12365,"href":"https:\/\/agora.xtec.cat\/ceip-rllullrubi\/wp-json\/wp\/v2\/pages\/12363\/revisions\/12365"}],"wp:attachment":[{"href":"https:\/\/agora.xtec.cat\/ceip-rllullrubi\/wp-json\/wp\/v2\/media?parent=12363"}],"curies":[{"name":"wp","href":"https:\/\/api.w.org\/{rel}","templated":true}]}}