{"id":2305,"date":"2022-05-11T01:13:07","date_gmt":"2022-05-10T23:13:07","guid":{"rendered":"https:\/\/agora.xtec.cat\/ceip-rct\/?page_id=2305"},"modified":"2024-01-24T10:44:01","modified_gmt":"2024-01-24T09:44:01","slug":"lescola-2","status":"publish","type":"page","link":"https:\/\/agora.xtec.cat\/ceip-rct\/lescola\/lescola-2\/","title":{"rendered":"L&#8217;escola"},"content":{"rendered":"<p>L\u2019escola RIU CLAR est\u00e0 situada al municipi de Tarragona en el barri que li d\u00f3na nom, entre la carretera nacional 340 i l\u2019autovia de Reus. \u00c9s de titularitat p\u00fablica.<br \/>\nEl Barri Riu Clar es va formar fa uns 50 anys amb la construcci\u00f3 per part del Ministeri de la vivenda, d\u2019un total de 400 habitatges de tipus subvencionat.<\/p>\n<p><img loading=\"lazy\" decoding=\"async\" class=\" wp-image-881 alignright\" src=\"https:\/\/agora.xtec.cat\/ceip-rct\/wp-content\/uploads\/usu1077\/2020\/04\/IMG_0305-300x225.jpg\" alt=\"\" width=\"269\" height=\"202\" srcset=\"https:\/\/agora.xtec.cat\/ceip-rct\/wp-content\/uploads\/usu1077\/2020\/04\/IMG_0305-300x225.jpg 300w, https:\/\/agora.xtec.cat\/ceip-rct\/wp-content\/uploads\/usu1077\/2020\/04\/IMG_0305-768x576.jpg 768w, https:\/\/agora.xtec.cat\/ceip-rct\/wp-content\/uploads\/usu1077\/2020\/04\/IMG_0305-1024x768.jpg 1024w, https:\/\/agora.xtec.cat\/ceip-rct\/wp-content\/uploads\/usu1077\/2020\/04\/IMG_0305-200x150.jpg 200w, https:\/\/agora.xtec.cat\/ceip-rct\/wp-content\/uploads\/usu1077\/2020\/04\/IMG_0305.jpg 2016w\" sizes=\"auto, (max-width: 269px) 100vw, 269px\" \/><\/p>\n<p>El centre acull alumnes de: Barri riu Clar, Icomar, carretera de Val\u00e8ncia i Torreforta. Al curs escolar 1978-79 va comen\u00e7ar a funcionar amb 8 aules prefabricades i quatre locals comercials habilitats com a aules, situats fora del recinte escolar, separats d\u2019aquests per una carretera. Tamb\u00e9 depenien del centre tres aules prefabricades situades en el barri &#8220;Parc Riu Clar&#8221; a una dist\u00e0ncia de dos quil\u00f2metres. La matr\u00edcula global era de 116 alumnes de Preescolar i 287 d\u2019EGB. L\u2019any 1979 es va construir un edifici nou amb 4 aules i lavabos i es van suprimir les 3 aules prefabricades del Parc Riu Clar.<\/p>\n<p>El curs escolar 1986-87 i despr\u00e9s de moltes gestions, reunions&#8230;, es va aconseguir posar en funcionament l\u2019ampliaci\u00f3 de l\u2019escola.<br \/>\nEl curs 2012-2013 es va fer la remodelaci\u00f3 actual, que va suposar tots els espais i serveis necessaris d&#8217;un centre de dues l\u00ednies.<\/p>\n","protected":false},"excerpt":{"rendered":"<p>L\u2019escola RIU CLAR est\u00e0 situada al municipi de Tarragona en el barri que li d\u00f3na nom, entre la carretera nacional [&hellip;]<\/p>\n","protected":false},"author":1,"featured_media":0,"parent":22,"menu_order":0,"comment_status":"closed","ping_status":"closed","template":"page-templates\/side-menu.php","meta":{"_bbp_topic_count":0,"_bbp_reply_count":0,"_bbp_total_topic_count":0,"_bbp_total_reply_count":0,"_bbp_voice_count":0,"_bbp_anonymous_reply_count":0,"_bbp_topic_count_hidden":0,"_bbp_reply_count_hidden":0,"_bbp_forum_subforum_count":0,"site-sidebar-layout":"default","site-content-layout":"","ast-site-content-layout":"","site-content-style":"default","site-sidebar-style":"default","ast-global-header-display":"","ast-banner-title-visibility":"","ast-main-header-display":"","ast-hfb-above-header-display":"","ast-hfb-below-header-display":"","ast-hfb-mobile-header-display":"","site-post-title":"","ast-breadcrumbs-content":"","ast-featured-img":"","footer-sml-layout":"","theme-transparent-header-meta":"","adv-header-id-meta":"","stick-header-meta":"","header-above-stick-meta":"","header-main-stick-meta":"","header-below-stick-meta":"","astra-migrate-meta-layouts":"default","ast-page-background-enabled":"default","ast-page-background-meta":{"desktop":{"background-color":"var(--ast-global-color-4)","background-image":"","background-repeat":"repeat","background-position":"center center","background-size":"auto","background-attachment":"scroll","background-type":"","background-media":"","overlay-type":"","overlay-color":"","overlay-opacity":"","overlay-gradient":""},"tablet":{"background-color":"","background-image":"","background-repeat":"repeat","background-position":"center center","background-size":"auto","background-attachment":"scroll","background-type":"","background-media":"","overlay-type":"","overlay-color":"","overlay-opacity":"","overlay-gradient":""},"mobile":{"background-color":"","background-image":"","background-repeat":"repeat","background-position":"center center","background-size":"auto","background-attachment":"scroll","background-type":"","background-media":"","overlay-type":"","overlay-color":"","overlay-opacity":"","overlay-gradient":""}},"ast-content-background-meta":{"desktop":{"background-color":"var(--ast-global-color-5)","background-image":"","background-repeat":"repeat","background-position":"center center","background-size":"auto","background-attachment":"scroll","background-type":"","background-media":"","overlay-type":"","overlay-color":"","overlay-opacity":"","overlay-gradient":""},"tablet":{"background-color":"var(--ast-global-color-5)","background-image":"","background-repeat":"repeat","background-position":"center center","background-size":"auto","background-attachment":"scroll","background-type":"","background-media":"","overlay-type":"","overlay-color":"","overlay-opacity":"","overlay-gradient":""},"mobile":{"background-color":"var(--ast-global-color-5)","background-image":"","background-repeat":"repeat","background-position":"center center","background-size":"auto","background-attachment":"scroll","background-type":"","background-media":"","overlay-type":"","overlay-color":"","overlay-opacity":"","overlay-gradient":""}},"footnotes":""},"class_list":["post-2305","page","type-page","status-publish","hentry"],"post_mailing_queue_ids":[],"_links":{"self":[{"href":"https:\/\/agora.xtec.cat\/ceip-rct\/wp-json\/wp\/v2\/pages\/2305","targetHints":{"allow":["GET"]}}],"collection":[{"href":"https:\/\/agora.xtec.cat\/ceip-rct\/wp-json\/wp\/v2\/pages"}],"about":[{"href":"https:\/\/agora.xtec.cat\/ceip-rct\/wp-json\/wp\/v2\/types\/page"}],"author":[{"embeddable":true,"href":"https:\/\/agora.xtec.cat\/ceip-rct\/wp-json\/wp\/v2\/users\/1"}],"replies":[{"embeddable":true,"href":"https:\/\/agora.xtec.cat\/ceip-rct\/wp-json\/wp\/v2\/comments?post=2305"}],"version-history":[{"count":3,"href":"https:\/\/agora.xtec.cat\/ceip-rct\/wp-json\/wp\/v2\/pages\/2305\/revisions"}],"predecessor-version":[{"id":2515,"href":"https:\/\/agora.xtec.cat\/ceip-rct\/wp-json\/wp\/v2\/pages\/2305\/revisions\/2515"}],"up":[{"embeddable":true,"href":"https:\/\/agora.xtec.cat\/ceip-rct\/wp-json\/wp\/v2\/pages\/22"}],"wp:attachment":[{"href":"https:\/\/agora.xtec.cat\/ceip-rct\/wp-json\/wp\/v2\/media?parent=2305"}],"curies":[{"name":"wp","href":"https:\/\/api.w.org\/{rel}","templated":true}]}}

<p>L’escola RIU CLAR està situada al municipi de Tarragona en el barri que li dóna nom, entre la carretera nacional 340 i l’autovia de Reus. És de titularitat pública.<br />
El Barri Riu Clar es va formar fa uns 50 anys amb la construcció per part del Ministeri de la vivenda, d’un total de 400 habitatges de tipus subvencionat.</p>
<p><img loading="lazy" decoding="async" class=" wp-image-881 alignright" src="https://agora.xtec.cat/ceip-rct/wp-content/uploads/usu1077/2020/04/IMG_0305-300x225.jpg" alt="" width="269" height="202" srcset="https://agora.xtec.cat/ceip-rct/wp-content/uploads/usu1077/2020/04/IMG_0305-300x225.jpg 300w, https://agora.xtec.cat/ceip-rct/wp-content/uploads/usu1077/2020/04/IMG_0305-768x576.jpg 768w, https://agora.xtec.cat/ceip-rct/wp-content/uploads/usu1077/2020/04/IMG_0305-1024x768.jpg 1024w, https://agora.xtec.cat/ceip-rct/wp-content/uploads/usu1077/2020/04/IMG_0305-200x150.jpg 200w, https://agora.xtec.cat/ceip-rct/wp-content/uploads/usu1077/2020/04/IMG_0305.jpg 2016w" sizes="auto, (max-width: 269px) 100vw, 269px" /></p>
<p>El centre acull alumnes de: Barri riu Clar, Icomar, carretera de València i Torreforta. Al curs escolar 1978-79 va començar a funcionar amb 8 aules prefabricades i quatre locals comercials habilitats com a aules, situats fora del recinte escolar, separats d’aquests per una carretera. També depenien del centre tres aules prefabricades situades en el barri &#8220;Parc Riu Clar&#8221; a una distància de dos quilòmetres. La matrícula global era de 116 alumnes de Preescolar i 287 d’EGB. L’any 1979 es va construir un edifici nou amb 4 aules i lavabos i es van suprimir les 3 aules prefabricades del Parc Riu Clar.</p>
<p>El curs escolar 1986-87 i després de moltes gestions, reunions&#8230;, es va aconseguir posar en funcionament l’ampliació de l’escola.<br />
El curs 2012-2013 es va fer la remodelació actual, que va suposar tots els espais i serveis necessaris d&#8217;un centre de dues línies.</p>

<p>L’escola RIU CLAR està situada al municipi de Tarragona en el barri que li dóna nom, entre la carretera nacional [&hellip;]</p>
